{"id":4299,"date":"2018-06-27T10:04:52","date_gmt":"2018-06-27T09:04:52","guid":{"rendered":"http:\/\/meeplendice.net\/?page_id=4299"},"modified":"2023-01-09T12:03:50","modified_gmt":"2023-01-09T11:03:50","slug":"age-of-sigmar","status":"publish","type":"page","link":"https:\/\/meeplendice.net\/?page_id=4299","title":{"rendered":"Warhammer : Age of Sigmar"},"content":{"rendered":"<div id=\"pl-4299\"  class=\"panel-layout\" ><div id=\"pg-4299-0\"  class=\"panel-grid panel-no-style\" ><div id=\"pgc-4299-0-0\"  class=\"panel-grid-cell\" ><div id=\"panel-4299-0-0-0\" class=\"so-panel widget widget_sow-editor panel-first-child panel-last-child\" data-index=\"0\" ><div\n\t\t\t\n\t\t\tclass=\"so-widget-sow-editor so-widget-sow-editor-base\"\n\t\t\t\n\t\t>\n<div class=\"siteorigin-widget-tinymce textwidget\">\n\t<p style=\"text-align: center;\"><strong>Nombre de joueurs :<\/strong><br \/>\n2 - 2<\/p>\n<\/div>\n<\/div><\/div><\/div><div id=\"pgc-4299-0-1\"  class=\"panel-grid-cell\" ><div id=\"panel-4299-0-1-0\" class=\"so-panel widget widget_sow-editor panel-first-child panel-last-child\" data-index=\"1\" ><div\n\t\t\t\n\t\t\tclass=\"so-widget-sow-editor so-widget-sow-editor-base\"\n\t\t\t\n\t\t>\n<div class=\"siteorigin-widget-tinymce textwidget\">\n\t<p style=\"text-align: center;\"><strong>Dur\u00e9e moyenne :<\/strong><br \/>\n240 min<\/p>\n<\/div>\n<\/div><\/div><\/div><div id=\"pgc-4299-0-2\"  class=\"panel-grid-cell\" ><div id=\"panel-4299-0-2-0\" class=\"so-panel widget widget_sow-editor panel-first-child panel-last-child\" data-index=\"2\" ><div\n\t\t\t\n\t\t\tclass=\"so-widget-sow-editor so-widget-sow-editor-base\"\n\t\t\t\n\t\t>\n<div class=\"siteorigin-widget-tinymce textwidget\">\n\t<p style=\"text-align: center;\"><strong>Age :<\/strong><br \/>\n14 ans et plus<\/p>\n<\/div>\n<\/div><\/div><\/div><\/div><div id=\"pg-4299-1\"  class=\"panel-grid panel-no-style\" ><div id=\"pgc-4299-1-0\"  class=\"panel-grid-cell\" ><div id=\"panel-4299-1-0-0\" class=\"so-panel widget widget_sow-editor panel-first-child panel-last-child\" data-index=\"3\" ><div\n\t\t\t\n\t\t\tclass=\"so-widget-sow-editor so-widget-sow-editor-base\"\n\t\t\t\n\t\t>\n<div class=\"siteorigin-widget-tinymce textwidget\">\n\t<p style=\"text-align: center;\"><strong>\u00c9dition :<\/strong><br \/>\n3\u00e8me \u00e9dition<\/p>\n<\/div>\n<\/div><\/div><\/div><div id=\"pgc-4299-1-1\"  class=\"panel-grid-cell\" ><div id=\"panel-4299-1-1-0\" class=\"so-panel widget widget_sow-editor panel-first-child panel-last-child\" data-index=\"4\" ><div\n\t\t\t\n\t\t\tclass=\"so-widget-sow-editor so-widget-sow-editor-base\"\n\t\t\t\n\t\t>\n<div class=\"siteorigin-widget-tinymce textwidget\">\n\t<p style=\"text-align: center;\"><strong>Distribution :<\/strong><br \/>\nGamesWorkshop<\/p>\n<\/div>\n<\/div><\/div><\/div><\/div><div id=\"pg-4299-2\"  class=\"panel-grid panel-no-style\" ><div id=\"pgc-4299-2-0\"  class=\"panel-grid-cell\" ><div id=\"panel-4299-2-0-0\" class=\"so-panel widget widget_sow-editor panel-first-child panel-last-child\" data-index=\"5\" ><div\n\t\t\t\n\t\t\tclass=\"so-widget-sow-editor so-widget-sow-editor-base\"\n\t\t\t\n\t\t>\n<div class=\"siteorigin-widget-tinymce textwidget\">\n\t<hr \/>\n<p>Le monde-qui-fut a disparu. Pulv\u00e9ris\u00e9. Consign\u00e9 dans l'oubli - ce que personne ne croyait possible. Le c\u0153ur m\u00e9tallique de ce monde malheureux fut projet\u00e9 dans le cosmos, le Dieu-Roi Sigmar s'accrochant d\u00e9sesp\u00e9r\u00e9ment \u00e0 sa surface de sigmarite. Les \u00e9ons pass\u00e8rent, jusqu'\u00e0 ce que ce c\u0153ur attire l'attention de Dracothion le grand drac; il sauva Sigmar et lui enseigna les secrets des Royaumes des Mortels - reli\u00e9s par les Portes de Royaume et peupl\u00e9s pacifiquement depuis de nombreuses ann\u00e9es.<\/p>\n<p>Mais m\u00eame \u00e0 l'int\u00e9rieur de cette utopie, le Chaos parvint \u00e0 s'insinuer pour tout corrompre et tout d\u00e9former. L'\u00c2ge du Chaos transforma progressivement la vie dans les royaumes en enfer. Pr\u00e9f\u00e9rant la sagesse \u00e0 la force, Sigmar se retira dans le Royaume C\u00e9leste et initia la cr\u00e9ation des plus grands guerriers mortels, en les impr\u00e9gnant de la magie des \u00e9toiles et en leur insufflant un pouvoir divin.<\/p>\n<p>Les Stormcast Eternals, comme Sigmar les a baptis\u00e9s, sont pr\u00eats. L'orage de Sigmar est sur le point de d\u00e9cha\u00eener sa fureur contre les forces du Chaos. Les royaumes trembleront et les cieux s'embraseront comme les l\u00e9gions des Dieux Sombres conna\u00eetront la rage foudroyante des Stormhosts!<\/p>\n<p>L'\u00c2ge de Sigmar est arriv\u00e9.<\/p>\n<p>&nbsp;<\/p>\n<\/div>\n<\/div><\/div><\/div><\/div><div id=\"pg-4299-3\"  class=\"panel-grid panel-no-style\" ><div id=\"pgc-4299-3-0\"  class=\"panel-grid-cell\" ><div id=\"panel-4299-3-0-0\" class=\"so-panel widget widget_sow-editor panel-first-child panel-last-child\" data-index=\"6\" ><div\n\t\t\t\n\t\t\tclass=\"so-widget-sow-editor so-widget-sow-editor-base\"\n\t\t\t\n\t\t>\n<div class=\"siteorigin-widget-tinymce textwidget\">\n\t<hr \/>\n<h3 style=\"text-align: center;\">En vid\u00e9o<\/h3>\n<\/div>\n<\/div><\/div><\/div><\/div><div id=\"pg-4299-4\"  class=\"panel-grid panel-no-style\" ><div id=\"pgc-4299-4-0\"  class=\"panel-grid-cell\" ><div id=\"panel-4299-4-0-0\" class=\"so-panel widget widget_sow-editor panel-first-child panel-last-child\" data-index=\"7\" ><div\n\t\t\t\n\t\t\tclass=\"so-widget-sow-editor so-widget-sow-editor-base\"\n\t\t\t\n\t\t>\n<div class=\"siteorigin-widget-tinymce textwidget\">\n\t<hr \/>\n<h3 style=\"text-align: center;\">Nos Arm\u00e9es<strong><br \/>\n<\/strong><\/h3>\n<p style=\"text-align: center;\"><strong>Imperium<br \/>\n<\/strong><\/p>\n<p style=\"text-align: center;\"><strong>Xeno<\/strong><\/p>\n<\/div>\n<\/div><\/div><\/div><\/div><div id=\"pg-4299-5\"  class=\"panel-grid panel-no-style\" ><div id=\"pgc-4299-5-0\"  class=\"panel-grid-cell\" ><div id=\"panel-4299-5-0-0\" class=\"so-panel widget widget_sow-editor panel-first-child panel-last-child\" data-index=\"8\" ><div\n\t\t\t\n\t\t\tclass=\"so-widget-sow-editor so-widget-sow-editor-base\"\n\t\t\t\n\t\t>\n<div class=\"siteorigin-widget-tinymce textwidget\">\n\t<hr \/>\n<h3 style=\"text-align: center;\">Pour aller plus loin<strong><br \/>\n<\/strong><\/h3>\n<\/div>\n<\/div><\/div><\/div><\/div><div id=\"pg-4299-6\"  class=\"panel-grid panel-no-style\" ><div id=\"pgc-4299-6-0\"  class=\"panel-grid-cell panel-grid-cell-empty\" ><\/div><div id=\"pgc-4299-6-1\"  class=\"panel-grid-cell panel-grid-cell-empty panel-grid-cell-mobile-last\" ><\/div><div id=\"pgc-4299-6-2\"  class=\"panel-grid-cell panel-grid-cell-empty\" ><\/div><\/div><\/div>","protected":false},"excerpt":{"rendered":"<p>Nombre de joueurs : 2 &#8211; 2 Dur\u00e9e moyenne : 240 min Age : 14 ans et plus \u00c9dition : 3\u00e8me \u00e9dition Distribution : GamesWorkshop<\/p>\n","protected":false},"author":2,"featured_media":10362,"parent":0,"menu_order":0,"comment_status":"closed","ping_status":"closed","template":"","meta":{"footnotes":""},"class_list":["post-4299","page","type-page","status-publish","has-post-thumbnail","hentry"],"acf":[],"rttpg_featured_image_url":{"full":["https:\/\/meeplendice.net\/wp-content\/uploads\/2023\/01\/AOS_v3.png",350,350,false],"landscape":["https:\/\/meeplendice.net\/wp-content\/uploads\/2023\/01\/AOS_v3.png",350,350,false],"portraits":["https:\/\/meeplendice.net\/wp-content\/uploads\/2023\/01\/AOS_v3.png",350,350,false],"thumbnail":["https:\/\/meeplendice.net\/wp-content\/uploads\/2023\/01\/AOS_v3-150x150.png",150,150,true],"medium":["https:\/\/meeplendice.net\/wp-content\/uploads\/2023\/01\/AOS_v3-300x300.png",300,300,true],"large":["https:\/\/meeplendice.net\/wp-content\/uploads\/2023\/01\/AOS_v3.png",350,350,false],"ug_big":["https:\/\/meeplendice.net\/wp-content\/uploads\/2023\/01\/AOS_v3.png",350,350,false],"1536x1536":["https:\/\/meeplendice.net\/wp-content\/uploads\/2023\/01\/AOS_v3.png",350,350,false],"2048x2048":["https:\/\/meeplendice.net\/wp-content\/uploads\/2023\/01\/AOS_v3.png",350,350,false],"ashe-slider-grid-thumbnail":["https:\/\/meeplendice.net\/wp-content\/uploads\/2023\/01\/AOS_v3.png",350,350,false],"ashe-full-thumbnail":["https:\/\/meeplendice.net\/wp-content\/uploads\/2023\/01\/AOS_v3.png",350,350,false],"ashe-grid-thumbnail":["https:\/\/meeplendice.net\/wp-content\/uploads\/2023\/01\/AOS_v3-350x330.png",350,330,true],"ashe-list-thumbnail":["https:\/\/meeplendice.net\/wp-content\/uploads\/2023\/01\/AOS_v3-300x300.png",300,300,true],"ashe-single-navigation":["https:\/\/meeplendice.net\/wp-content\/uploads\/2023\/01\/AOS_v3-75x75.png",75,75,true],"mailpoet_newsletter_max":["https:\/\/meeplendice.net\/wp-content\/uploads\/2023\/01\/AOS_v3.png",350,350,false],"rpwe-thumbnail":["https:\/\/meeplendice.net\/wp-content\/uploads\/2023\/01\/AOS_v3-45x45.png",45,45,true],"sow-carousel-default":["https:\/\/meeplendice.net\/wp-content\/uploads\/2023\/01\/AOS_v3-272x182.png",272,182,true],"rt_custom":["https:\/\/meeplendice.net\/wp-content\/uploads\/2023\/01\/AOS_v3.png",350,350,false]},"rttpg_author":{"display_name":"Karnby","author_link":"https:\/\/meeplendice.net\/?author=2"},"rttpg_comment":0,"rttpg_category":null,"rttpg_excerpt":"Nombre de joueurs : 2 - 2 Dur\u00e9e moyenne : 240 min Age : 14 ans et plus \u00c9dition : 3\u00e8me \u00e9dition Distribution : GamesWorkshop","_links":{"self":[{"href":"https:\/\/meeplendice.net\/index.php?rest_route=\/wp\/v2\/pages\/4299","targetHints":{"allow":["GET"]}}],"collection":[{"href":"https:\/\/meeplendice.net\/index.php?rest_route=\/wp\/v2\/pages"}],"about":[{"href":"https:\/\/meeplendice.net\/index.php?rest_route=\/wp\/v2\/types\/page"}],"author":[{"embeddable":true,"href":"https:\/\/meeplendice.net\/index.php?rest_route=\/wp\/v2\/users\/2"}],"replies":[{"embeddable":true,"href":"https:\/\/meeplendice.net\/index.php?rest_route=%2Fwp%2Fv2%2Fcomments&post=4299"}],"version-history":[{"count":18,"href":"https:\/\/meeplendice.net\/index.php?rest_route=\/wp\/v2\/pages\/4299\/revisions"}],"predecessor-version":[{"id":10377,"href":"https:\/\/meeplendice.net\/index.php?rest_route=\/wp\/v2\/pages\/4299\/revisions\/10377"}],"wp:featuredmedia":[{"embeddable":true,"href":"https:\/\/meeplendice.net\/index.php?rest_route=\/wp\/v2\/media\/10362"}],"wp:attachment":[{"href":"https:\/\/meeplendice.net\/index.php?rest_route=%2Fwp%2Fv2%2Fmedia&parent=4299"}],"curies":[{"name":"wp","href":"https:\/\/api.w.org\/{rel}","templated":true}]}}