{"id":432,"date":"2016-08-30T20:47:40","date_gmt":"2016-08-30T19:47:40","guid":{"rendered":"http:\/\/meeplendice.net\/?page_id=432"},"modified":"2020-11-13T18:38:00","modified_gmt":"2020-11-13T17:38:00","slug":"smallworld-underground","status":"publish","type":"page","link":"https:\/\/meeplendice.net\/?page_id=432","title":{"rendered":"Small World Underground"},"content":{"rendered":"<div id=\"pl-432\"  class=\"panel-layout\" ><div id=\"pg-432-0\"  class=\"panel-grid panel-no-style\" ><div id=\"pgc-432-0-0\"  class=\"panel-grid-cell\" ><div id=\"panel-432-0-0-0\" class=\"so-panel widget widget_sow-editor panel-first-child panel-last-child\" data-index=\"0\" ><div\n\t\t\t\n\t\t\tclass=\"so-widget-sow-editor so-widget-sow-editor-base\"\n\t\t\t\n\t\t>\n<div class=\"siteorigin-widget-tinymce textwidget\">\n\t<p style=\"text-align: center;\"><strong>Nombre de joueurs :<\/strong><br \/>\n2 - 5 (6 avec extension)<\/p>\n<\/div>\n<\/div><\/div><\/div><div id=\"pgc-432-0-1\"  class=\"panel-grid-cell\" ><div id=\"panel-432-0-1-0\" class=\"so-panel widget widget_sow-editor panel-first-child panel-last-child\" data-index=\"1\" ><div\n\t\t\t\n\t\t\tclass=\"so-widget-sow-editor so-widget-sow-editor-base\"\n\t\t\t\n\t\t>\n<div class=\"siteorigin-widget-tinymce textwidget\">\n\t<p style=\"text-align: center;\"><strong>Dur\u00e9e moyenne :<\/strong><br \/>\n90 min<\/p>\n<\/div>\n<\/div><\/div><\/div><div id=\"pgc-432-0-2\"  class=\"panel-grid-cell\" ><div id=\"panel-432-0-2-0\" class=\"so-panel widget widget_sow-editor panel-first-child panel-last-child\" data-index=\"2\" ><div\n\t\t\t\n\t\t\tclass=\"so-widget-sow-editor so-widget-sow-editor-base\"\n\t\t\t\n\t\t>\n<div class=\"siteorigin-widget-tinymce textwidget\">\n\t<p style=\"text-align: center;\"><strong>Age :<\/strong><br \/>\n8 ans et plus<\/p>\n<\/div>\n<\/div><\/div><\/div><\/div><div id=\"pg-432-1\"  class=\"panel-grid panel-no-style\" ><div id=\"pgc-432-1-0\"  class=\"panel-grid-cell\" ><div id=\"panel-432-1-0-0\" class=\"so-panel widget widget_sow-editor panel-first-child panel-last-child\" data-index=\"3\" ><div\n\t\t\t\n\t\t\tclass=\"so-widget-sow-editor so-widget-sow-editor-base\"\n\t\t\t\n\t\t>\n<div class=\"siteorigin-widget-tinymce textwidget\">\n\t<p style=\"text-align: center;\"><strong>Auteur(s) :<br \/>\n<\/strong>Philippe Keyaerts<\/p>\n<\/div>\n<\/div><\/div><\/div><div id=\"pgc-432-1-1\"  class=\"panel-grid-cell\" ><div id=\"panel-432-1-1-0\" class=\"so-panel widget widget_sow-editor panel-first-child panel-last-child\" data-index=\"4\" ><div\n\t\t\t\n\t\t\tclass=\"so-widget-sow-editor so-widget-sow-editor-base\"\n\t\t\t\n\t\t>\n<div class=\"siteorigin-widget-tinymce textwidget\">\n\t<p style=\"text-align: center;\"><strong>Illustrations :<\/strong><br \/>\nMiguel Coimbra<\/p>\n<\/div>\n<\/div><\/div><\/div><div id=\"pgc-432-1-2\"  class=\"panel-grid-cell\" ><div id=\"panel-432-1-2-0\" class=\"so-panel widget widget_sow-editor panel-first-child panel-last-child\" data-index=\"5\" ><div\n\t\t\t\n\t\t\tclass=\"so-widget-sow-editor so-widget-sow-editor-base\"\n\t\t\t\n\t\t>\n<div class=\"siteorigin-widget-tinymce textwidget\">\n\t<p style=\"text-align: center;\"><strong>\u00c9dition :<\/strong><br \/>\nDays of Wonder<br \/>\n2011<\/p>\n<\/div>\n<\/div><\/div><\/div><div id=\"pgc-432-1-3\"  class=\"panel-grid-cell\" ><div id=\"panel-432-1-3-0\" class=\"so-panel widget widget_sow-editor panel-first-child panel-last-child\" data-index=\"6\" ><div\n\t\t\t\n\t\t\tclass=\"so-widget-sow-editor so-widget-sow-editor-base\"\n\t\t\t\n\t\t>\n<div class=\"siteorigin-widget-tinymce textwidget\">\n\t<p style=\"text-align: center;\"><strong>Version :<\/strong><br \/>\nFran\u00e7aise<\/p>\n<\/div>\n<\/div><\/div><\/div><\/div><div id=\"pg-432-2\"  class=\"panel-grid panel-no-style\" ><div id=\"pgc-432-2-0\"  class=\"panel-grid-cell\" ><div id=\"panel-432-2-0-0\" class=\"so-panel widget widget_sow-editor panel-first-child panel-last-child\" data-index=\"7\" ><div\n\t\t\t\n\t\t\tclass=\"so-widget-sow-editor so-widget-sow-editor-base\"\n\t\t\t\n\t\t>\n<div class=\"siteorigin-widget-tinymce textwidget\">\n\t<hr \/>\n<p>Les d\u00e9funts des g\u00e9n\u00e9rations pass\u00e9es se sont install\u00e9s dans le monde souterrain de Smallworld, la place s'y fait encore plus rare qu'\u00e0 la surface... L'empire que vous ont laiss\u00e9 vos anc\u00eatres est menac\u00e9 par la pr\u00e9sence de tous ces ind\u00e9sirables.Vos terres ne sont pas assez grandes pour \u00eatre partag\u00e9es, et vous vous \u00eates promis de les d\u00e9fendre contre les intrus !<\/p>\n<p>Smallworld Underground est un\u00a0 jeu complet se d\u00e9roulant sous terre, o\u00f9 les empires se font et se d\u00e9font au fil de conqu\u00eates \u00e9piques. Il se d\u00e9roule dans le m\u00eame univers fantastique et d\u00e9cal\u00e9 que Smallworld, un jeu d\u00e9j\u00e0 vendu \u00e0 plus de 100 000 exemplaires !<\/p>\n<p>De nouveaux peuples et de nouveaux pouvoirs font leur apparition dans Smallworld Underground, mais ce n'est pas tout : de terrifiants monstres gardent des lieux l\u00e9gendaires et de puissantes reliques aux effets d\u00e9vastateurs !<\/p>\n<p>Le jeu peut \u00eatre combin\u00e9 avec les \u00e9l\u00e9ments de Smallworld pour une exp\u00e9rience encore plus intense, et ravira les joueurs les plus exp\u00e9riment\u00e9s.<\/p>\n<\/div>\n<\/div><\/div><\/div><\/div><div id=\"pg-432-3\"  class=\"panel-grid panel-no-style\" ><div id=\"pgc-432-3-0\"  class=\"panel-grid-cell\" ><div id=\"panel-432-3-0-0\" class=\"so-panel widget widget_sow-editor panel-first-child panel-last-child\" data-index=\"8\" ><div\n\t\t\t\n\t\t\tclass=\"so-widget-sow-editor so-widget-sow-editor-base\"\n\t\t\t\n\t\t>\n<div class=\"siteorigin-widget-tinymce textwidget\">\n\t<hr \/>\n<p style=\"text-align: center;\"><strong>En vid\u00e9o<\/strong><\/p>\n<p style=\"text-align: left;\">\u00a0De la partie :<\/p>\n<ul>\n<li style=\"text-align: left;\">Tric Trac<\/li>\n<\/ul>\n<p><a href=\"https:\/\/www.trictrac.net\/videos\/smallworld-underground-de-la-partie\" target=\"_blank\"><img loading=\"lazy\" decoding=\"async\" class=\"alignnone size-full wp-image-117\" src=\"http:\/\/meeplendice.net\/wp-content\/uploads\/2016\/08\/TT_partie_1.png\" alt=\"TT_partie_1\" width=\"200\" height=\"170\" \/><\/a><\/p>\n<\/div>\n<\/div><\/div><\/div><div id=\"pgc-432-3-1\"  class=\"panel-grid-cell\" ><div id=\"panel-432-3-1-0\" class=\"so-panel widget widget_sow-editor panel-first-child panel-last-child\" data-index=\"9\" ><div\n\t\t\t\n\t\t\tclass=\"so-widget-sow-editor so-widget-sow-editor-base\"\n\t\t\t\n\t\t>\n<div class=\"siteorigin-widget-tinymce textwidget\">\n\t<hr \/>\n<p style=\"text-align: center;\"><strong>Extension(s)<\/strong><\/p>\n<p style=\"text-align: center;\"><style type='text\/css' media='all'>#rt-tpg-container-2021052647 .read-more a{border-radius:px;}#rt-tpg-container-2021052647 .rt-img-holder img.rt-img-responsive,#rt-tpg-container-2021052647 .rt-img-holder,\n\t\t\t\t\t#rt-tpg-container-2021052647 .rt-post-overlay .post-img,\n\t\t\t\t\t#rt-tpg-container-2021052647 .post-sm .post-img,\n\t\t\t\t\t#rt-tpg-container-2021052647 .rt-post-grid .post-img,\n\t\t\t\t\t#rt-tpg-container-2021052647 .post-img img {border-radius:px;}#rt-tpg-container-2021052647 .layout9 .rt-holder h2.entry-title,\n\t\t\t\t\t#rt-tpg-container-2021052647 .layout9 .rt-holder h3.entry-title,\n\t\t\t\t\t#rt-tpg-container-2021052647 .layout9 .rt-holder h4.entry-title,\n\t\t\t\t\t#rt-tpg-container-2021052647 .layout9 .rt-holder h2.entry-title a,\n\t\t\t\t\t#rt-tpg-container-2021052647 .layout9 .rt-holder h3.entry-title a,\n\t\t\t\t\t#rt-tpg-container-2021052647 .layout9 .rt-holder h4.entry-title a,\n\t\t\t\t\t#rt-tpg-container-2021052647 .rt-holder .rt-woo-info h2 a,\n\t\t\t\t\t#rt-tpg-container-2021052647 .rt-holder .rt-woo-info h3 a,\n\t\t\t\t\t#rt-tpg-container-2021052647 .rt-holder .rt-woo-info h4 a,\n\t\t\t\t\t#rt-tpg-container-2021052647 .post-content .post-title,\n\t\t\t\t\t#rt-tpg-container-2021052647 .rt-post-grid .post-title,\n\t\t\t\t\t#rt-tpg-container-2021052647 .rt-post-grid .post-title a,\n\t\t\t\t\t#rt-tpg-container-2021052647 .post-content .post-title a,\n\t\t\t\t\t#rt-tpg-container-2021052647 .rt-holder .rt-woo-info h2,\n\t\t\t\t\t#rt-tpg-container-2021052647 .rt-holder .rt-woo-info h3,\n\t\t\t\t\t#rt-tpg-container-2021052647 .rt-holder .rt-woo-info h4{font-size:16px;line-height:26px;font-weight:normal;text-align:center;}#rt-tpg-container-2021052647 .post-grid-lg-style-1 .post-title,\n\t\t\t\t\t\t#rt-tpg-container-2021052647 .post-grid-lg-style-1 .post-title a,\n\t\t\t\t\t\t#rt-tpg-container-2021052647 .big-layout .post-title,\n\t\t\t\t\t\t#rt-tpg-container-2021052647 .big-layout .post-title a,\n\t\t\t\t\t\t#rt-tpg-container-2021052647 .post-grid-lg-style-1 .post-title,\n\t\t\t\t\t\t#rt-tpg-container-2021052647 .post-grid-lg-style-1 .post-title a {font-size:24px;line-height:34px;}<\/style><div class='rt-container-fluid rt-tpg-container tpg-shortcode-main-wrapper ' id='rt-tpg-container-2021052647'   data-layout='layout9' data-grid-style='even' data-desktop-col='3'  data-tab-col='2'  data-mobile-col='1' data-sc-id='2225'><div data-title='Loading ...' class='rt-row rt-content-loader   layout9 tpg-even '><div class=\"rt-col-md-4 rt-col-sm-6 rt-col-xs-12 even-grid-item rt-grid-item img_zoom_in\" data-id=\"2220\"><div class=\"rt-holder\"><div class='overlay'><a data-id='2220' class=' tpg-single-popup' href='https:\/\/meeplendice.net\/?page_id=2220'><img loading=\"lazy\" decoding=\"async\" width=\"350\" height=\"350\" src=\"https:\/\/meeplendice.net\/wp-content\/uploads\/2016\/11\/SWORLD_6playerboard.png\" class=\"rt-img-responsive \" alt=\"\" \/><\/a><\/div><div class='post-info'><h2 class=\"entry-title\"><a data-id=\"2220\" class=\" tpg-single-popup\" href=\"https:\/\/meeplendice.net\/?page_id=2220\">Plateau 6 joueurs<\/a><\/h2><div class='post-meta-user '><\/div><\/div><\/div><\/div><div class=\"rt-col-md-4 rt-col-sm-6 rt-col-xs-12 even-grid-item rt-grid-item img_zoom_in\" data-id=\"2218\"><div class=\"rt-holder\"><div class='overlay'><a data-id='2218' class=' tpg-single-popup' href='https:\/\/meeplendice.net\/?page_id=2218'><img loading=\"lazy\" decoding=\"async\" width=\"350\" height=\"350\" src=\"https:\/\/meeplendice.net\/wp-content\/uploads\/2016\/11\/SWORLD_Realms.png\" class=\"rt-img-responsive \" alt=\"\" \/><\/a><\/div><div class='post-info'><h2 class=\"entry-title\"><a data-id=\"2218\" class=\" tpg-single-popup\" href=\"https:\/\/meeplendice.net\/?page_id=2218\">Small World Realms<\/a><\/h2><div class='post-meta-user '><\/div><\/div><\/div><\/div><\/div><div class='rt-pagination-wrap' data-total-pages='1' data-posts-per-page='3' data-type='pagination_ajax'  ><div class='rt-page-numbers'><\/div><\/div><\/div><\/p>\n<\/div>\n<\/div><\/div><\/div><\/div><div id=\"pg-432-4\"  class=\"panel-grid panel-no-style\" ><div id=\"pgc-432-4-0\"  class=\"panel-grid-cell\" ><div id=\"panel-432-4-0-0\" class=\"so-panel widget widget_sow-editor panel-first-child panel-last-child\" data-index=\"10\" ><div\n\t\t\t\n\t\t\tclass=\"so-widget-sow-editor so-widget-sow-editor-base\"\n\t\t\t\n\t\t>\n<div class=\"siteorigin-widget-tinymce textwidget\">\n\t<hr \/>\n<p style=\"text-align: center;\"><strong>Pour aller plus loin<\/strong><\/p>\n<\/div>\n<\/div><\/div><\/div><\/div><\/div>","protected":false},"excerpt":{"rendered":"<p>Nombre de joueurs : 2 &#8211; 5 (6 avec extension) Dur\u00e9e moyenne : 90 min Age : 8 ans et plus Auteur(s) : Philippe Keyaerts Illustrations : Miguel Coimbra \u00c9dition : Days of Wonder 2011 Version : Fran\u00e7aise<\/p>\n","protected":false},"author":2,"featured_media":1076,"parent":0,"menu_order":0,"comment_status":"closed","ping_status":"closed","template":"","meta":{"footnotes":""},"class_list":["post-432","page","type-page","status-publish","has-post-thumbnail","hentry"],"acf":[],"rttpg_featured_image_url":{"full":["https:\/\/meeplendice.net\/wp-content\/uploads\/2016\/08\/Smallworldunderground.png",350,350,false],"landscape":["https:\/\/meeplendice.net\/wp-content\/uploads\/2016\/08\/Smallworldunderground.png",350,350,false],"portraits":["https:\/\/meeplendice.net\/wp-content\/uploads\/2016\/08\/Smallworldunderground.png",350,350,false],"thumbnail":["https:\/\/meeplendice.net\/wp-content\/uploads\/2016\/08\/Smallworldunderground-150x150.png",150,150,true],"medium":["https:\/\/meeplendice.net\/wp-content\/uploads\/2016\/08\/Smallworldunderground-300x300.png",300,300,true],"large":["https:\/\/meeplendice.net\/wp-content\/uploads\/2016\/08\/Smallworldunderground.png",350,350,false],"ug_big":["https:\/\/meeplendice.net\/wp-content\/uploads\/2016\/08\/Smallworldunderground.png",350,350,false],"1536x1536":["https:\/\/meeplendice.net\/wp-content\/uploads\/2016\/08\/Smallworldunderground.png",350,350,false],"2048x2048":["https:\/\/meeplendice.net\/wp-content\/uploads\/2016\/08\/Smallworldunderground.png",350,350,false],"ashe-slider-grid-thumbnail":["https:\/\/meeplendice.net\/wp-content\/uploads\/2016\/08\/Smallworldunderground.png",350,350,false],"ashe-full-thumbnail":["https:\/\/meeplendice.net\/wp-content\/uploads\/2016\/08\/Smallworldunderground.png",350,350,false],"ashe-grid-thumbnail":["https:\/\/meeplendice.net\/wp-content\/uploads\/2016\/08\/Smallworldunderground-350x330.png",350,330,true],"ashe-list-thumbnail":["https:\/\/meeplendice.net\/wp-content\/uploads\/2016\/08\/Smallworldunderground-300x300.png",300,300,true],"ashe-single-navigation":["https:\/\/meeplendice.net\/wp-content\/uploads\/2016\/08\/Smallworldunderground-75x75.png",75,75,true],"mailpoet_newsletter_max":["https:\/\/meeplendice.net\/wp-content\/uploads\/2016\/08\/Smallworldunderground.png",350,350,false],"rpwe-thumbnail":["https:\/\/meeplendice.net\/wp-content\/uploads\/2016\/08\/Smallworldunderground-45x45.png",45,45,true],"sow-carousel-default":["https:\/\/meeplendice.net\/wp-content\/uploads\/2016\/08\/Smallworldunderground-272x182.png",272,182,true],"rt_custom":["https:\/\/meeplendice.net\/wp-content\/uploads\/2016\/08\/Smallworldunderground.png",350,350,false]},"rttpg_author":{"display_name":"Karnby","author_link":"https:\/\/meeplendice.net\/?author=2"},"rttpg_comment":0,"rttpg_category":null,"rttpg_excerpt":"Nombre de joueurs : 2 - 5 (6 avec extension) Dur\u00e9e moyenne : 90 min Age : 8 ans et plus Auteur(s) : Philippe Keyaerts Illustrations : Miguel Coimbra \u00c9dition : Days of Wonder 2011 Version : Fran\u00e7aise","_links":{"self":[{"href":"https:\/\/meeplendice.net\/index.php?rest_route=\/wp\/v2\/pages\/432","targetHints":{"allow":["GET"]}}],"collection":[{"href":"https:\/\/meeplendice.net\/index.php?rest_route=\/wp\/v2\/pages"}],"about":[{"href":"https:\/\/meeplendice.net\/index.php?rest_route=\/wp\/v2\/types\/page"}],"author":[{"embeddable":true,"href":"https:\/\/meeplendice.net\/index.php?rest_route=\/wp\/v2\/users\/2"}],"replies":[{"embeddable":true,"href":"https:\/\/meeplendice.net\/index.php?rest_route=%2Fwp%2Fv2%2Fcomments&post=432"}],"version-history":[{"count":9,"href":"https:\/\/meeplendice.net\/index.php?rest_route=\/wp\/v2\/pages\/432\/revisions"}],"predecessor-version":[{"id":7421,"href":"https:\/\/meeplendice.net\/index.php?rest_route=\/wp\/v2\/pages\/432\/revisions\/7421"}],"wp:featuredmedia":[{"embeddable":true,"href":"https:\/\/meeplendice.net\/index.php?rest_route=\/wp\/v2\/media\/1076"}],"wp:attachment":[{"href":"https:\/\/meeplendice.net\/index.php?rest_route=%2Fwp%2Fv2%2Fmedia&parent=432"}],"curies":[{"name":"wp","href":"https:\/\/api.w.org\/{rel}","templated":true}]}}