{"id":4447,"date":"2018-08-30T14:22:07","date_gmt":"2018-08-30T13:22:07","guid":{"rendered":"http:\/\/meeplendice.net\/?page_id=4447"},"modified":"2020-09-07T10:51:59","modified_gmt":"2020-09-07T09:51:59","slug":"v-i-p","status":"publish","type":"page","link":"https:\/\/meeplendice.net\/?page_id=4447","title":{"rendered":"V.I.P"},"content":{"rendered":"<p>L\u2019\u00e9mission la plus dangereuse de tous les temps revient \u00e0 la t\u00e9l\u00e9vision avec un nouveau mode de jeu.<br \/>\nUne Very Important Person d\u00e9barque et vient pour tout bouleverser.<\/p>\n<p>Comme dans le mode suspicion dans la version Ultimate, la VIP fait partie des prisonniers ; elle est r\u00e9v\u00e9l\u00e9e une fois les r\u00f4les distribu\u00e9s. Oblig\u00e9e de se d\u00e9placer, la VIP ne programme pas ses actions, en faisant un joueur aussi redoutable que subtile \u00e0 incarner.<\/p>\n<p>Offrant 5 nouvelles salles exclusives, cette extension audacieuse de Room 25 n\u2019attend que vous pour honorer sa VIP.<span id=\"result_box\" class=\"\" lang=\"fr\"><span class=\"\"><br \/>\n<\/span><\/span><\/p>\n<p><span id=\"result_box\" class=\"\" lang=\"fr\"><span class=\"\">\u00a0<\/span><\/span><\/p>\n","protected":false},"excerpt":{"rendered":"<p>L\u2019\u00e9mission la plus dangereuse de tous les temps revient \u00e0 la t\u00e9l\u00e9vision avec un nouveau mode de jeu. Une Very Important Person d\u00e9barque et vient pour tout bouleverser. Comme dans le mode suspicion dans la version Ultimate, la VIP fait partie des prisonniers ; elle est r\u00e9v\u00e9l\u00e9e une fois les r\u00f4les distribu\u00e9s. Oblig\u00e9e de se d\u00e9placer, la VIP ne programme pas ses actions, en faisant un joueur aussi redoutable que subtile \u00e0 incarner. Offrant 5 nouvelles salles exclusives, cette extension audacieuse de Room 25 n\u2019attend que vous pour honorer sa VIP. \u00a0<\/p>\n","protected":false},"author":2,"featured_media":4442,"parent":406,"menu_order":0,"comment_status":"closed","ping_status":"closed","template":"","meta":{"footnotes":""},"class_list":["post-4447","page","type-page","status-publish","has-post-thumbnail","hentry"],"acf":[],"rttpg_featured_image_url":{"full":["https:\/\/meeplendice.net\/wp-content\/uploads\/2018\/08\/room25_vip.png",350,350,false],"landscape":["https:\/\/meeplendice.net\/wp-content\/uploads\/2018\/08\/room25_vip.png",350,350,false],"portraits":["https:\/\/meeplendice.net\/wp-content\/uploads\/2018\/08\/room25_vip.png",350,350,false],"thumbnail":["https:\/\/meeplendice.net\/wp-content\/uploads\/2018\/08\/room25_vip-150x150.png",150,150,true],"medium":["https:\/\/meeplendice.net\/wp-content\/uploads\/2018\/08\/room25_vip-300x300.png",300,300,true],"large":["https:\/\/meeplendice.net\/wp-content\/uploads\/2018\/08\/room25_vip.png",350,350,false],"ug_big":["https:\/\/meeplendice.net\/wp-content\/uploads\/2018\/08\/room25_vip.png",350,350,false],"1536x1536":["https:\/\/meeplendice.net\/wp-content\/uploads\/2018\/08\/room25_vip.png",350,350,false],"2048x2048":["https:\/\/meeplendice.net\/wp-content\/uploads\/2018\/08\/room25_vip.png",350,350,false],"ashe-slider-grid-thumbnail":["https:\/\/meeplendice.net\/wp-content\/uploads\/2018\/08\/room25_vip.png",350,350,false],"ashe-full-thumbnail":["https:\/\/meeplendice.net\/wp-content\/uploads\/2018\/08\/room25_vip.png",350,350,false],"ashe-grid-thumbnail":["https:\/\/meeplendice.net\/wp-content\/uploads\/2018\/08\/room25_vip-350x330.png",350,330,true],"ashe-list-thumbnail":["https:\/\/meeplendice.net\/wp-content\/uploads\/2018\/08\/room25_vip-300x300.png",300,300,true],"ashe-single-navigation":["https:\/\/meeplendice.net\/wp-content\/uploads\/2018\/08\/room25_vip-75x75.png",75,75,true],"mailpoet_newsletter_max":["https:\/\/meeplendice.net\/wp-content\/uploads\/2018\/08\/room25_vip.png",350,350,false],"rpwe-thumbnail":["https:\/\/meeplendice.net\/wp-content\/uploads\/2018\/08\/room25_vip-45x45.png",45,45,true],"sow-carousel-default":["https:\/\/meeplendice.net\/wp-content\/uploads\/2018\/08\/room25_vip-272x182.png",272,182,true],"rt_custom":["https:\/\/meeplendice.net\/wp-content\/uploads\/2018\/08\/room25_vip.png",350,350,false]},"rttpg_author":{"display_name":"Karnby","author_link":"https:\/\/meeplendice.net\/?author=2"},"rttpg_comment":0,"rttpg_category":null,"rttpg_excerpt":"L\u2019\u00e9mission la plus dangereuse de tous les temps revient \u00e0 la t\u00e9l\u00e9vision avec un nouveau mode de jeu. Une Very Important Person d\u00e9barque et vient pour tout bouleverser. Comme dans le mode suspicion dans la version Ultimate, la VIP fait partie des prisonniers ; elle est r\u00e9v\u00e9l\u00e9e une fois les r\u00f4les distribu\u00e9s. Oblig\u00e9e de se\u2026","_links":{"self":[{"href":"https:\/\/meeplendice.net\/index.php?rest_route=\/wp\/v2\/pages\/4447","targetHints":{"allow":["GET"]}}],"collection":[{"href":"https:\/\/meeplendice.net\/index.php?rest_route=\/wp\/v2\/pages"}],"about":[{"href":"https:\/\/meeplendice.net\/index.php?rest_route=\/wp\/v2\/types\/page"}],"author":[{"embeddable":true,"href":"https:\/\/meeplendice.net\/index.php?rest_route=\/wp\/v2\/users\/2"}],"replies":[{"embeddable":true,"href":"https:\/\/meeplendice.net\/index.php?rest_route=%2Fwp%2Fv2%2Fcomments&post=4447"}],"version-history":[{"count":2,"href":"https:\/\/meeplendice.net\/index.php?rest_route=\/wp\/v2\/pages\/4447\/revisions"}],"predecessor-version":[{"id":6770,"href":"https:\/\/meeplendice.net\/index.php?rest_route=\/wp\/v2\/pages\/4447\/revisions\/6770"}],"up":[{"embeddable":true,"href":"https:\/\/meeplendice.net\/index.php?rest_route=\/wp\/v2\/pages\/406"}],"wp:featuredmedia":[{"embeddable":true,"href":"https:\/\/meeplendice.net\/index.php?rest_route=\/wp\/v2\/media\/4442"}],"wp:attachment":[{"href":"https:\/\/meeplendice.net\/index.php?rest_route=%2Fwp%2Fv2%2Fmedia&parent=4447"}],"curies":[{"name":"wp","href":"https:\/\/api.w.org\/{rel}","templated":true}]}}