{"id":4470,"date":"2018-08-31T12:25:20","date_gmt":"2018-08-31T11:25:20","guid":{"rendered":"http:\/\/meeplendice.net\/?page_id=4470"},"modified":"2025-12-15T16:57:14","modified_gmt":"2025-12-15T14:57:14","slug":"unlock-exotic-adventures","status":"publish","type":"page","link":"https:\/\/meeplendice.net\/?page_id=4470","title":{"rendered":"Exotic Adventures"},"content":{"rendered":"<div id=\"pl-4470\"  class=\"panel-layout\" ><div id=\"pg-4470-0\"  class=\"panel-grid panel-no-style\" ><div id=\"pgc-4470-0-0\"  class=\"panel-grid-cell\" ><div id=\"panel-4470-0-0-0\" class=\"so-panel widget widget_sow-editor panel-first-child panel-last-child\" data-index=\"0\" ><div\n\t\t\t\n\t\t\tclass=\"so-widget-sow-editor so-widget-sow-editor-base\"\n\t\t\t\n\t\t>\n<div class=\"siteorigin-widget-tinymce textwidget\">\n\t<p style=\"text-align: center;\"><strong>Auteur(s) :<br \/>\n<\/strong>Cyril Demaegd<br \/>\nGermain Winzenschtark<br \/>\nAl Hadin<br \/>\nArthur Malone<\/p>\n<\/div>\n<\/div><\/div><\/div><div id=\"pgc-4470-0-1\"  class=\"panel-grid-cell\" ><div id=\"panel-4470-0-1-0\" class=\"so-panel widget widget_sow-editor panel-first-child panel-last-child\" data-index=\"1\" ><div\n\t\t\t\n\t\t\tclass=\"so-widget-sow-editor so-widget-sow-editor-base\"\n\t\t\t\n\t\t>\n<div class=\"siteorigin-widget-tinymce textwidget\">\n\t<p style=\"text-align: center;\"><strong>Illustrations :<\/strong><br \/>\nFlorian de Gesincourt<br \/>\nAm\u00e9lie Guinet<br \/>\nMartin Mottet<\/p>\n<\/div>\n<\/div><\/div><\/div><div id=\"pgc-4470-0-2\"  class=\"panel-grid-cell\" ><div id=\"panel-4470-0-2-0\" class=\"so-panel widget widget_sow-editor panel-first-child panel-last-child\" data-index=\"2\" ><div\n\t\t\t\n\t\t\tclass=\"so-widget-sow-editor so-widget-sow-editor-base\"\n\t\t\t\n\t\t>\n<div class=\"siteorigin-widget-tinymce textwidget\">\n\t<p style=\"text-align: center;\"><strong>\u00c9dition :<\/strong><br \/>\nSpace Cowboys<br \/>\n2018<\/p>\n<\/div>\n<\/div><\/div><\/div><div id=\"pgc-4470-0-3\"  class=\"panel-grid-cell\" ><div id=\"panel-4470-0-3-0\" class=\"so-panel widget widget_sow-editor panel-first-child panel-last-child\" data-index=\"3\" ><div\n\t\t\t\n\t\t\tclass=\"so-widget-sow-editor so-widget-sow-editor-base\"\n\t\t\t\n\t\t>\n<div class=\"siteorigin-widget-tinymce textwidget\">\n\t<p style=\"text-align: center;\"><strong>Version :<\/strong><br \/>\nFran\u00e7aise<\/p>\n<\/div>\n<\/div><\/div><\/div><\/div><div id=\"pg-4470-1\"  class=\"panel-grid panel-no-style\" ><div id=\"pgc-4470-1-0\"  class=\"panel-grid-cell\" ><div id=\"panel-4470-1-0-0\" class=\"so-panel widget widget_sow-editor panel-first-child panel-last-child\" data-index=\"4\" ><div\n\t\t\t\n\t\t\tclass=\"so-widget-sow-editor so-widget-sow-editor-base\"\n\t\t\t\n\t\t>\n<div class=\"siteorigin-widget-tinymce textwidget\">\n\t<p>La bo\u00eete <em>Unlock! Exotic Adventures<\/em> contient trois aventures :<\/p>\n<p><em><b>La nuit des croque-mitaines<\/b><\/em><br \/>\nLes croquemitaines ont envahi les r\u00eaves de Guillaume et les transforment en cauchemars. Unissez vos forces pour les chasser et apaiser le petit gar\u00e7on.<\/p>\n<p><em><b>Le dernier conte de\u00a0Sh\u00e9h\u00e9razade<\/b><\/em><br \/>\nC\u2019est la derni\u00e8re des mille et une nuits.\u00a0Sh\u00e9h\u00e9razade n\u2019a plus d\u2019inspiration et le Sultan va la condamner \u00e0 mort. Volez \u00e0 son secours\u00a0!<\/p>\n<p><em><b>Exp\u00e9dition\u00a0: Challenger<\/b><\/em><br \/>\nOn est sans nouvelles du Professeur Challenger. Explorez une vall\u00e9e peupl\u00e9e de dinosaures et sauvez les membres\u00a0de la derni\u00e8re exp\u00e9dition du prestigieux scientifique !<\/p>\n<\/div>\n<\/div><\/div><\/div><\/div><\/div>","protected":false},"excerpt":{"rendered":"<p>Auteur(s) : Cyril Demaegd Germain Winzenschtark Al Hadin Arthur Malone Illustrations : Florian de Gesincourt Am\u00e9lie Guinet Martin Mottet \u00c9dition : Space Cowboys 2018 Version : Fran\u00e7aise La bo\u00eete Unlock! Exotic Adventures contient trois aventures : La nuit des croque-mitaines Les croquemitaines ont envahi les r\u00eaves de Guillaume et les transforment en cauchemars. Unissez vos forces pour les chasser et apaiser le petit gar\u00e7on. Le dernier conte de\u00a0Sh\u00e9h\u00e9razade C\u2019est la derni\u00e8re des mille et une nuits.\u00a0Sh\u00e9h\u00e9razade n\u2019a plus d\u2019inspiration et le Sultan va la condamner \u00e0 mort. Volez \u00e0 son secours\u00a0! Exp\u00e9dition\u00a0: Challenger On est sans nouvelles du Professeur Challenger. Explorez une vall\u00e9e peupl\u00e9e de dinosaures et sauvez les membres\u00a0de la derni\u00e8re exp\u00e9dition du prestigieux scientifique !<\/p>\n","protected":false},"author":2,"featured_media":13777,"parent":2446,"menu_order":4,"comment_status":"closed","ping_status":"closed","template":"","meta":{"footnotes":""},"class_list":["post-4470","page","type-page","status-publish","has-post-thumbnail","hentry"],"acf":[],"rttpg_featured_image_url":{"full":["https:\/\/meeplendice.net\/wp-content\/uploads\/2025\/12\/Unlock_Exotic.png",350,350,false],"landscape":["https:\/\/meeplendice.net\/wp-content\/uploads\/2025\/12\/Unlock_Exotic.png",350,350,false],"portraits":["https:\/\/meeplendice.net\/wp-content\/uploads\/2025\/12\/Unlock_Exotic.png",350,350,false],"thumbnail":["https:\/\/meeplendice.net\/wp-content\/uploads\/2025\/12\/Unlock_Exotic-150x150.png",150,150,true],"medium":["https:\/\/meeplendice.net\/wp-content\/uploads\/2025\/12\/Unlock_Exotic-300x300.png",300,300,true],"large":["https:\/\/meeplendice.net\/wp-content\/uploads\/2025\/12\/Unlock_Exotic.png",350,350,false],"ug_big":["https:\/\/meeplendice.net\/wp-content\/uploads\/2025\/12\/Unlock_Exotic.png",350,350,false],"1536x1536":["https:\/\/meeplendice.net\/wp-content\/uploads\/2025\/12\/Unlock_Exotic.png",350,350,false],"2048x2048":["https:\/\/meeplendice.net\/wp-content\/uploads\/2025\/12\/Unlock_Exotic.png",350,350,false],"ashe-slider-grid-thumbnail":["https:\/\/meeplendice.net\/wp-content\/uploads\/2025\/12\/Unlock_Exotic.png",350,350,false],"ashe-full-thumbnail":["https:\/\/meeplendice.net\/wp-content\/uploads\/2025\/12\/Unlock_Exotic.png",350,350,false],"ashe-grid-thumbnail":["https:\/\/meeplendice.net\/wp-content\/uploads\/2025\/12\/Unlock_Exotic-350x330.png",350,330,true],"ashe-list-thumbnail":["https:\/\/meeplendice.net\/wp-content\/uploads\/2025\/12\/Unlock_Exotic-300x300.png",300,300,true],"ashe-single-navigation":["https:\/\/meeplendice.net\/wp-content\/uploads\/2025\/12\/Unlock_Exotic-75x75.png",75,75,true],"mailpoet_newsletter_max":["https:\/\/meeplendice.net\/wp-content\/uploads\/2025\/12\/Unlock_Exotic.png",350,350,false],"rpwe-thumbnail":["https:\/\/meeplendice.net\/wp-content\/uploads\/2025\/12\/Unlock_Exotic-45x45.png",45,45,true],"sow-carousel-default":["https:\/\/meeplendice.net\/wp-content\/uploads\/2025\/12\/Unlock_Exotic-272x182.png",272,182,true],"rt_custom":["https:\/\/meeplendice.net\/wp-content\/uploads\/2025\/12\/Unlock_Exotic.png",350,350,false]},"rttpg_author":{"display_name":"Karnby","author_link":"https:\/\/meeplendice.net\/?author=2"},"rttpg_comment":0,"rttpg_category":null,"rttpg_excerpt":"Auteur(s) : Cyril Demaegd Germain Winzenschtark Al Hadin Arthur Malone Illustrations : Florian de Gesincourt Am\u00e9lie Guinet Martin Mottet \u00c9dition : Space Cowboys 2018 Version : Fran\u00e7aise La bo\u00eete Unlock! Exotic Adventures contient trois aventures : La nuit des croque-mitaines Les croquemitaines ont envahi les r\u00eaves de Guillaume et les transforment en cauchemars. Unissez vos\u2026","_links":{"self":[{"href":"https:\/\/meeplendice.net\/index.php?rest_route=\/wp\/v2\/pages\/4470","targetHints":{"allow":["GET"]}}],"collection":[{"href":"https:\/\/meeplendice.net\/index.php?rest_route=\/wp\/v2\/pages"}],"about":[{"href":"https:\/\/meeplendice.net\/index.php?rest_route=\/wp\/v2\/types\/page"}],"author":[{"embeddable":true,"href":"https:\/\/meeplendice.net\/index.php?rest_route=\/wp\/v2\/users\/2"}],"replies":[{"embeddable":true,"href":"https:\/\/meeplendice.net\/index.php?rest_route=%2Fwp%2Fv2%2Fcomments&post=4470"}],"version-history":[{"count":8,"href":"https:\/\/meeplendice.net\/index.php?rest_route=\/wp\/v2\/pages\/4470\/revisions"}],"predecessor-version":[{"id":13804,"href":"https:\/\/meeplendice.net\/index.php?rest_route=\/wp\/v2\/pages\/4470\/revisions\/13804"}],"up":[{"embeddable":true,"href":"https:\/\/meeplendice.net\/index.php?rest_route=\/wp\/v2\/pages\/2446"}],"wp:featuredmedia":[{"embeddable":true,"href":"https:\/\/meeplendice.net\/index.php?rest_route=\/wp\/v2\/media\/13777"}],"wp:attachment":[{"href":"https:\/\/meeplendice.net\/index.php?rest_route=%2Fwp%2Fv2%2Fmedia&parent=4470"}],"curies":[{"name":"wp","href":"https:\/\/api.w.org\/{rel}","templated":true}]}}