{"id":4728,"date":"2019-01-05T16:26:30","date_gmt":"2019-01-05T15:26:30","guid":{"rendered":"http:\/\/meeplendice.net\/?page_id=4728"},"modified":"2020-09-07T16:12:41","modified_gmt":"2020-09-07T15:12:41","slug":"le-sanctuaire-du-crepuscule","status":"publish","type":"page","link":"https:\/\/meeplendice.net\/?page_id=4728","title":{"rendered":"Le Sanctuaire du Cr\u00e9puscule"},"content":{"rendered":"<p>Infiltrez le Sanctuaire.<\/p>\n<p><em>Les citoyens les plus influents d&rsquo;Arkham se rassemblent dans les salles luxueuses de la Loge du Cr\u00e9puscule d&rsquo;Argent pour forger des alliances professionnelles, planifier des d\u00e9fil\u00e9s et faire pression sur les politiciens. Ils se rencontrent \u00e9galement en secret afin d&rsquo;accomplir des rituels illicites aux cons\u00e9quences incertaines. Les malheureuses \u00e2mes qui d\u00e9couvrent cette v\u00e9rit\u00e9 disparaissent souvent par la suite, et l&rsquo;on n&rsquo;entend plus jamais parler d&rsquo;elles.<\/em><\/p>\n<p>L\u2019extension Le Sanctuaire du Cr\u00e9puscule pr\u00e9sente les complots perp\u00e9tr\u00e9s par la Loge du Cr\u00e9puscule d\u2019Argent au cours de deux sc\u00e9narios. Dans le premier, les investigateurs doivent mettre au jour les sombres machinations que cache un d\u00e9fil\u00e9 annuel organis\u00e9 par cet ordre illustre. Dans le second, il leur faut trouver un moyen de fuir la Loge elle-m\u00eame et de conduire les autres prisonniers en s\u00e9curit\u00e9. Cette extension propose \u00e9galement de nouveaux investigateurs, sorts et objets pour mener \u00e0 bien ces enqu\u00eates, ainsi qu\u2019une menace immat\u00e9rielle et in\u00e9dite : le Spectre.<\/p>\n<p>&nbsp;<\/p>\n<p>&nbsp;<\/p>\n<p><span id=\"result_box\" class=\"\" lang=\"fr\"><span class=\"\">\u00a0<\/span><\/span><\/p>\n","protected":false},"excerpt":{"rendered":"<p>Infiltrez le Sanctuaire. Les citoyens les plus influents d&rsquo;Arkham se rassemblent dans les salles luxueuses de la Loge du Cr\u00e9puscule d&rsquo;Argent pour forger des alliances professionnelles, planifier des d\u00e9fil\u00e9s et faire pression sur les politiciens. Ils se rencontrent \u00e9galement en secret afin d&rsquo;accomplir des rituels illicites aux cons\u00e9quences incertaines. Les malheureuses \u00e2mes qui d\u00e9couvrent cette v\u00e9rit\u00e9 disparaissent souvent par la suite, et l&rsquo;on n&rsquo;entend plus jamais parler d&rsquo;elles. L\u2019extension Le Sanctuaire du Cr\u00e9puscule pr\u00e9sente les complots perp\u00e9tr\u00e9s par la Loge du Cr\u00e9puscule d\u2019Argent au cours de deux sc\u00e9narios. Dans le premier, les investigateurs doivent mettre au jour les sombres machinations que cache un d\u00e9fil\u00e9 annuel organis\u00e9 par cet ordre illustre. Dans le second, il leur faut trouver un moyen de fuir la Loge elle-m\u00eame et de conduire les autres prisonniers en s\u00e9curit\u00e9. Cette extension propose \u00e9galement de nouveaux investigateurs, sorts et objets pour mener \u00e0 bien ces enqu\u00eates, ainsi qu\u2019une menace immat\u00e9rielle et in\u00e9dite : le Spectre. &nbsp; &nbsp; \u00a0<\/p>\n","protected":false},"author":2,"featured_media":4668,"parent":4340,"menu_order":3,"comment_status":"closed","ping_status":"closed","template":"","meta":{"footnotes":""},"class_list":["post-4728","page","type-page","status-publish","has-post-thumbnail","hentry"],"acf":[],"rttpg_featured_image_url":{"full":["https:\/\/meeplendice.net\/wp-content\/uploads\/2019\/01\/LdLv2_Sanctuairel.png",350,350,false],"landscape":["https:\/\/meeplendice.net\/wp-content\/uploads\/2019\/01\/LdLv2_Sanctuairel.png",350,350,false],"portraits":["https:\/\/meeplendice.net\/wp-content\/uploads\/2019\/01\/LdLv2_Sanctuairel.png",350,350,false],"thumbnail":["https:\/\/meeplendice.net\/wp-content\/uploads\/2019\/01\/LdLv2_Sanctuairel-150x150.png",150,150,true],"medium":["https:\/\/meeplendice.net\/wp-content\/uploads\/2019\/01\/LdLv2_Sanctuairel-300x300.png",300,300,true],"large":["https:\/\/meeplendice.net\/wp-content\/uploads\/2019\/01\/LdLv2_Sanctuairel.png",350,350,false],"ug_big":["https:\/\/meeplendice.net\/wp-content\/uploads\/2019\/01\/LdLv2_Sanctuairel.png",350,350,false],"1536x1536":["https:\/\/meeplendice.net\/wp-content\/uploads\/2019\/01\/LdLv2_Sanctuairel.png",350,350,false],"2048x2048":["https:\/\/meeplendice.net\/wp-content\/uploads\/2019\/01\/LdLv2_Sanctuairel.png",350,350,false],"ashe-slider-grid-thumbnail":["https:\/\/meeplendice.net\/wp-content\/uploads\/2019\/01\/LdLv2_Sanctuairel.png",350,350,false],"ashe-full-thumbnail":["https:\/\/meeplendice.net\/wp-content\/uploads\/2019\/01\/LdLv2_Sanctuairel.png",350,350,false],"ashe-grid-thumbnail":["https:\/\/meeplendice.net\/wp-content\/uploads\/2019\/01\/LdLv2_Sanctuairel-350x330.png",350,330,true],"ashe-list-thumbnail":["https:\/\/meeplendice.net\/wp-content\/uploads\/2019\/01\/LdLv2_Sanctuairel-300x300.png",300,300,true],"ashe-single-navigation":["https:\/\/meeplendice.net\/wp-content\/uploads\/2019\/01\/LdLv2_Sanctuairel-75x75.png",75,75,true],"mailpoet_newsletter_max":["https:\/\/meeplendice.net\/wp-content\/uploads\/2019\/01\/LdLv2_Sanctuairel.png",350,350,false],"rpwe-thumbnail":["https:\/\/meeplendice.net\/wp-content\/uploads\/2019\/01\/LdLv2_Sanctuairel-45x45.png",45,45,true],"sow-carousel-default":["https:\/\/meeplendice.net\/wp-content\/uploads\/2019\/01\/LdLv2_Sanctuairel-272x182.png",272,182,true],"rt_custom":["https:\/\/meeplendice.net\/wp-content\/uploads\/2019\/01\/LdLv2_Sanctuairel.png",350,350,false]},"rttpg_author":{"display_name":"Karnby","author_link":"https:\/\/meeplendice.net\/?author=2"},"rttpg_comment":0,"rttpg_category":null,"rttpg_excerpt":"Infiltrez le Sanctuaire. Les citoyens les plus influents d&rsquo;Arkham se rassemblent dans les salles luxueuses de la Loge du Cr\u00e9puscule d&rsquo;Argent pour forger des alliances professionnelles, planifier des d\u00e9fil\u00e9s et faire pression sur les politiciens. Ils se rencontrent \u00e9galement en secret afin d&rsquo;accomplir des rituels illicites aux cons\u00e9quences incertaines. Les malheureuses \u00e2mes qui d\u00e9couvrent cette\u2026","_links":{"self":[{"href":"https:\/\/meeplendice.net\/index.php?rest_route=\/wp\/v2\/pages\/4728","targetHints":{"allow":["GET"]}}],"collection":[{"href":"https:\/\/meeplendice.net\/index.php?rest_route=\/wp\/v2\/pages"}],"about":[{"href":"https:\/\/meeplendice.net\/index.php?rest_route=\/wp\/v2\/types\/page"}],"author":[{"embeddable":true,"href":"https:\/\/meeplendice.net\/index.php?rest_route=\/wp\/v2\/users\/2"}],"replies":[{"embeddable":true,"href":"https:\/\/meeplendice.net\/index.php?rest_route=%2Fwp%2Fv2%2Fcomments&post=4728"}],"version-history":[{"count":2,"href":"https:\/\/meeplendice.net\/index.php?rest_route=\/wp\/v2\/pages\/4728\/revisions"}],"predecessor-version":[{"id":6863,"href":"https:\/\/meeplendice.net\/index.php?rest_route=\/wp\/v2\/pages\/4728\/revisions\/6863"}],"up":[{"embeddable":true,"href":"https:\/\/meeplendice.net\/index.php?rest_route=\/wp\/v2\/pages\/4340"}],"wp:featuredmedia":[{"embeddable":true,"href":"https:\/\/meeplendice.net\/index.php?rest_route=\/wp\/v2\/media\/4668"}],"wp:attachment":[{"href":"https:\/\/meeplendice.net\/index.php?rest_route=%2Fwp%2Fv2%2Fmedia&parent=4728"}],"curies":[{"name":"wp","href":"https:\/\/api.w.org\/{rel}","templated":true}]}}