{"id":478,"date":"2016-08-30T20:53:16","date_gmt":"2016-08-30T19:53:16","guid":{"rendered":"http:\/\/meeplendice.net\/?page_id=478"},"modified":"2024-02-03T00:28:37","modified_gmt":"2024-02-02T23:28:37","slug":"tokaido","status":"publish","type":"page","link":"https:\/\/meeplendice.net\/?page_id=478","title":{"rendered":"Tokaido"},"content":{"rendered":"<div id=\"pl-478\"  class=\"panel-layout\" ><div id=\"pg-478-0\"  class=\"panel-grid panel-no-style\" ><div id=\"pgc-478-0-0\"  class=\"panel-grid-cell\" ><div id=\"panel-478-0-0-0\" class=\"so-panel widget widget_sow-editor panel-first-child panel-last-child\" data-index=\"0\" ><div\n\t\t\t\n\t\t\tclass=\"so-widget-sow-editor so-widget-sow-editor-base\"\n\t\t\t\n\t\t>\n<div class=\"siteorigin-widget-tinymce textwidget\">\n\t<p style=\"text-align: center;\"><strong>Nombre de joueurs :<br \/>\n<\/strong>2 - 5<\/p>\n<\/div>\n<\/div><\/div><\/div><div id=\"pgc-478-0-1\"  class=\"panel-grid-cell\" ><div id=\"panel-478-0-1-0\" class=\"so-panel widget widget_sow-editor panel-first-child panel-last-child\" data-index=\"1\" ><div\n\t\t\t\n\t\t\tclass=\"so-widget-sow-editor so-widget-sow-editor-base\"\n\t\t\t\n\t\t>\n<div class=\"siteorigin-widget-tinymce textwidget\">\n\t<p style=\"text-align: center;\"><strong>Dur\u00e9e moyenne :<\/strong><br \/>\n45 min<\/p>\n<\/div>\n<\/div><\/div><\/div><div id=\"pgc-478-0-2\"  class=\"panel-grid-cell\" ><div id=\"panel-478-0-2-0\" class=\"so-panel widget widget_sow-editor panel-first-child panel-last-child\" data-index=\"2\" ><div\n\t\t\t\n\t\t\tclass=\"so-widget-sow-editor so-widget-sow-editor-base\"\n\t\t\t\n\t\t>\n<div class=\"siteorigin-widget-tinymce textwidget\">\n\t<p style=\"text-align: center;\"><strong>Age :<\/strong><br \/>\n8 ans et plus<\/p>\n<\/div>\n<\/div><\/div><\/div><\/div><div id=\"pg-478-1\"  class=\"panel-grid panel-no-style\" ><div id=\"pgc-478-1-0\"  class=\"panel-grid-cell\" ><div id=\"panel-478-1-0-0\" class=\"so-panel widget widget_sow-editor panel-first-child panel-last-child\" data-index=\"3\" ><div\n\t\t\t\n\t\t\tclass=\"so-widget-sow-editor so-widget-sow-editor-base\"\n\t\t\t\n\t\t>\n<div class=\"siteorigin-widget-tinymce textwidget\">\n\t<p style=\"text-align: center;\"><strong>Auteur(s) :<br \/>\n<\/strong>Antoine Bauza<\/p>\n<\/div>\n<\/div><\/div><\/div><div id=\"pgc-478-1-1\"  class=\"panel-grid-cell\" ><div id=\"panel-478-1-1-0\" class=\"so-panel widget widget_sow-editor panel-first-child panel-last-child\" data-index=\"4\" ><div\n\t\t\t\n\t\t\tclass=\"so-widget-sow-editor so-widget-sow-editor-base\"\n\t\t\t\n\t\t>\n<div class=\"siteorigin-widget-tinymce textwidget\">\n\t<p style=\"text-align: center;\"><strong>Illustrations :<\/strong><br \/>\nNa\u00efade<\/p>\n<\/div>\n<\/div><\/div><\/div><div id=\"pgc-478-1-2\"  class=\"panel-grid-cell\" ><div id=\"panel-478-1-2-0\" class=\"so-panel widget widget_sow-editor panel-first-child panel-last-child\" data-index=\"5\" ><div\n\t\t\t\n\t\t\tclass=\"so-widget-sow-editor so-widget-sow-editor-base\"\n\t\t\t\n\t\t>\n<div class=\"siteorigin-widget-tinymce textwidget\">\n\t<p style=\"text-align: center;\"><strong>\u00c9dition :<\/strong><br \/>\nFunforge<br \/>\n2012<\/p>\n<\/div>\n<\/div><\/div><\/div><div id=\"pgc-478-1-3\"  class=\"panel-grid-cell\" ><div id=\"panel-478-1-3-0\" class=\"so-panel widget widget_sow-editor panel-first-child panel-last-child\" data-index=\"6\" ><div\n\t\t\t\n\t\t\tclass=\"so-widget-sow-editor so-widget-sow-editor-base\"\n\t\t\t\n\t\t>\n<div class=\"siteorigin-widget-tinymce textwidget\">\n\t<p style=\"text-align: center;\"><strong>Version :<\/strong><br \/>\nFran\u00e7aise<\/p>\n<\/div>\n<\/div><\/div><\/div><\/div><div id=\"pg-478-2\"  class=\"panel-grid panel-no-style\" ><div id=\"pgc-478-2-0\"  class=\"panel-grid-cell\" ><div id=\"panel-478-2-0-0\" class=\"so-panel widget widget_sow-editor panel-first-child panel-last-child\" data-index=\"7\" ><div\n\t\t\t\n\t\t\tclass=\"so-widget-sow-editor so-widget-sow-editor-base\"\n\t\t\t\n\t\t>\n<div class=\"siteorigin-widget-tinymce textwidget\">\n\t<hr \/>\n<p><strong>Bienvenue voyageur !<\/strong><\/p>\n<p>Bienvenue sur le Toka\u00efdo, la l\u00e9gendaire route de la Mer de l'Est reliant Kyot\u00f4 \u00e0 Ed\u00f4. Vous d\u00e9marrez ici un extraordinaire voyage initiatique au cours duquel vous allez d\u00e9couvrir mille merveilles.<\/p>\n<p>Sachez prendre le temps de contempler les somptueux panoramas qui s\u2019offrent \u00e0 vous : entre majestueuses montagnes, paisibles littoraux et vastes rizi\u00e8res, laissez la course de vos pinceaux encrer vos souvenirs.<\/p>\n<p>Profitez des bienfaits qui jalonnent votre parcours, de la qui\u00e9tude salvatrice des sources chaudes aux innombrables d\u00e9lices culinaires qui \u00e9merveilleront votre palais.<\/p>\n<p>Rapportez dans votre baluchon des souvenirs insolites, du plus modeste au plus raffin\u00e9, tout en faisant de surprenantes rencontres qui pourraient bien changer le cours de votre voyage.<\/p>\n<p>Le temps sera votre meilleur alli\u00e9 pour demeurer clairvoyant, m\u00e9thodique et patient afin de ne rien manquer de cette route unique et de savourer pleinement l'exp\u00e9rience que le Toka\u00efdo vous offre !<\/p>\n<\/div>\n<\/div><\/div><\/div><\/div><div id=\"pg-478-3\"  class=\"panel-grid panel-no-style\" ><div id=\"pgc-478-3-0\"  class=\"panel-grid-cell\" ><div id=\"panel-478-3-0-0\" class=\"so-panel widget widget_sow-editor panel-first-child panel-last-child\" data-index=\"8\" ><div\n\t\t\t\n\t\t\tclass=\"so-widget-sow-editor so-widget-sow-editor-base\"\n\t\t\t\n\t\t>\n<div class=\"siteorigin-widget-tinymce textwidget\">\n\t<hr \/>\n<h3 style=\"text-align: center;\"><strong>En vid\u00e9o<\/strong><\/h3>\n<p><a href=\"https:\/\/www.trictrac.net\/videos\/Tokaido_de_l_explication\" target=\"_blank\" rel=\"noopener\"><img loading=\"lazy\" decoding=\"async\" class=\"alignnone size-full wp-image-9090\" src=\"https:\/\/meeplendice.net\/wp-content\/uploads\/2022\/01\/Link_CJ_v2.png\" alt=\"\" width=\"200\" height=\"170\" \/><\/a><\/p>\n<\/div>\n<\/div><\/div><\/div><\/div><div id=\"pg-478-4\"  class=\"panel-grid panel-no-style\" ><div id=\"pgc-478-4-0\"  class=\"panel-grid-cell\" ><div id=\"panel-478-4-0-0\" class=\"so-panel widget widget_sow-editor panel-first-child panel-last-child\" data-index=\"9\" ><div\n\t\t\t\n\t\t\tclass=\"so-widget-sow-editor so-widget-sow-editor-base\"\n\t\t\t\n\t\t>\n<div class=\"siteorigin-widget-tinymce textwidget\">\n\t<hr \/>\n<h3 style=\"text-align: center;\"><strong>Extension(s)<\/strong><\/h3>\n<p style=\"text-align: center;\"><style type='text\/css' media='all'>#rt-tpg-container-249759007 .read-more a{border-radius:px;}#rt-tpg-container-249759007 .rt-img-holder img.rt-img-responsive,#rt-tpg-container-249759007 .rt-img-holder,\n\t\t\t\t\t#rt-tpg-container-249759007 .rt-post-overlay .post-img,\n\t\t\t\t\t#rt-tpg-container-249759007 .post-sm .post-img,\n\t\t\t\t\t#rt-tpg-container-249759007 .rt-post-grid .post-img,\n\t\t\t\t\t#rt-tpg-container-249759007 .post-img img {border-radius:px;}#rt-tpg-container-249759007 .layout9 .rt-holder h2.entry-title,\n\t\t\t\t\t#rt-tpg-container-249759007 .layout9 .rt-holder h3.entry-title,\n\t\t\t\t\t#rt-tpg-container-249759007 .layout9 .rt-holder h4.entry-title,\n\t\t\t\t\t#rt-tpg-container-249759007 .layout9 .rt-holder h2.entry-title a,\n\t\t\t\t\t#rt-tpg-container-249759007 .layout9 .rt-holder h3.entry-title a,\n\t\t\t\t\t#rt-tpg-container-249759007 .layout9 .rt-holder h4.entry-title a,\n\t\t\t\t\t#rt-tpg-container-249759007 .rt-holder .rt-woo-info h2 a,\n\t\t\t\t\t#rt-tpg-container-249759007 .rt-holder .rt-woo-info h3 a,\n\t\t\t\t\t#rt-tpg-container-249759007 .rt-holder .rt-woo-info h4 a,\n\t\t\t\t\t#rt-tpg-container-249759007 .post-content .post-title,\n\t\t\t\t\t#rt-tpg-container-249759007 .rt-post-grid .post-title,\n\t\t\t\t\t#rt-tpg-container-249759007 .rt-post-grid .post-title a,\n\t\t\t\t\t#rt-tpg-container-249759007 .post-content .post-title a,\n\t\t\t\t\t#rt-tpg-container-249759007 .rt-holder .rt-woo-info h2,\n\t\t\t\t\t#rt-tpg-container-249759007 .rt-holder .rt-woo-info h3,\n\t\t\t\t\t#rt-tpg-container-249759007 .rt-holder .rt-woo-info h4{font-size:16px;line-height:26px;font-weight:normal;text-align:center;}#rt-tpg-container-249759007 .post-grid-lg-style-1 .post-title,\n\t\t\t\t\t\t#rt-tpg-container-249759007 .post-grid-lg-style-1 .post-title a,\n\t\t\t\t\t\t#rt-tpg-container-249759007 .big-layout .post-title,\n\t\t\t\t\t\t#rt-tpg-container-249759007 .big-layout .post-title a,\n\t\t\t\t\t\t#rt-tpg-container-249759007 .post-grid-lg-style-1 .post-title,\n\t\t\t\t\t\t#rt-tpg-container-249759007 .post-grid-lg-style-1 .post-title a {font-size:24px;line-height:34px;}<\/style><div class='rt-container-fluid rt-tpg-container tpg-shortcode-main-wrapper ' id='rt-tpg-container-249759007'   data-layout='layout9' data-grid-style='masonry' data-desktop-col='3'  data-tab-col='2'  data-mobile-col='1' data-sc-id='2118'><div data-title='Loading ...' class='rt-row rt-content-loader   layout9 tpg-masonry '><div class=\"rt-col-md-4 rt-col-sm-6 rt-col-xs-12 masonry-grid-item rt-grid-item img_zoom_in\" data-id=\"2112\"><div class=\"rt-holder\"><div class='overlay'><a data-id='2112' class=' tpg-single-popup' href='https:\/\/meeplendice.net\/?page_id=2112'><img loading=\"lazy\" decoding=\"async\" width=\"350\" height=\"350\" src=\"https:\/\/meeplendice.net\/wp-content\/uploads\/2016\/11\/Tokaido_Crossroads.png\" class=\"rt-img-responsive \" alt=\"\" \/><\/a><\/div><div class='post-info'><h2 class=\"entry-title\"><a data-id=\"2112\" class=\" tpg-single-popup\" href=\"https:\/\/meeplendice.net\/?page_id=2112\">Crossroads<\/a><\/h2><div class='post-meta-user '><\/div><\/div><\/div><\/div><div class=\"rt-col-md-4 rt-col-sm-6 rt-col-xs-12 masonry-grid-item rt-grid-item img_zoom_in\" data-id=\"2116\"><div class=\"rt-holder\"><div class='overlay'><a data-id='2116' class=' tpg-single-popup' href='https:\/\/meeplendice.net\/?page_id=2116'><img loading=\"lazy\" decoding=\"async\" width=\"350\" height=\"350\" src=\"https:\/\/meeplendice.net\/wp-content\/uploads\/2016\/11\/Tokaido_Masturi.png\" class=\"rt-img-responsive \" alt=\"\" \/><\/a><\/div><div class='post-info'><h2 class=\"entry-title\"><a data-id=\"2116\" class=\" tpg-single-popup\" href=\"https:\/\/meeplendice.net\/?page_id=2116\">Matsuri<\/a><\/h2><div class='post-meta-user '><\/div><\/div><\/div><\/div><\/div><div class='rt-pagination-wrap' data-total-pages='1' data-posts-per-page='3' data-type='pagination_ajax'  ><div class='rt-page-numbers'><\/div><\/div><\/div><\/p>\n<\/div>\n<\/div><\/div><\/div><\/div><div id=\"pg-478-5\"  class=\"panel-grid panel-no-style\" ><div id=\"pgc-478-5-0\"  class=\"panel-grid-cell\" ><div id=\"panel-478-5-0-0\" class=\"so-panel widget widget_sow-editor panel-first-child panel-last-child\" data-index=\"10\" ><div\n\t\t\t\n\t\t\tclass=\"so-widget-sow-editor so-widget-sow-editor-base\"\n\t\t\t\n\t\t>\n<div class=\"siteorigin-widget-tinymce textwidget\">\n\t<hr \/>\n<h3 style=\"text-align: center;\"><strong>Pour aller plus loin<\/strong><\/h3>\n<\/div>\n<\/div><\/div><\/div><\/div><\/div>","protected":false},"excerpt":{"rendered":"<p>Nombre de joueurs : 2 &#8211; 5 Dur\u00e9e moyenne : 45 min Age : 8 ans et plus Auteur(s) : Antoine Bauza Illustrations : Na\u00efade \u00c9dition : Funforge 2012 Version : Fran\u00e7aise<\/p>\n","protected":false},"author":2,"featured_media":1182,"parent":0,"menu_order":0,"comment_status":"closed","ping_status":"closed","template":"","meta":{"footnotes":""},"class_list":["post-478","page","type-page","status-publish","has-post-thumbnail","hentry"],"acf":[],"rttpg_featured_image_url":{"full":["https:\/\/meeplendice.net\/wp-content\/uploads\/2016\/08\/Tokaido.png",350,350,false],"landscape":["https:\/\/meeplendice.net\/wp-content\/uploads\/2016\/08\/Tokaido.png",350,350,false],"portraits":["https:\/\/meeplendice.net\/wp-content\/uploads\/2016\/08\/Tokaido.png",350,350,false],"thumbnail":["https:\/\/meeplendice.net\/wp-content\/uploads\/2016\/08\/Tokaido-150x150.png",150,150,true],"medium":["https:\/\/meeplendice.net\/wp-content\/uploads\/2016\/08\/Tokaido-300x300.png",300,300,true],"large":["https:\/\/meeplendice.net\/wp-content\/uploads\/2016\/08\/Tokaido.png",350,350,false],"ug_big":["https:\/\/meeplendice.net\/wp-content\/uploads\/2016\/08\/Tokaido.png",350,350,false],"1536x1536":["https:\/\/meeplendice.net\/wp-content\/uploads\/2016\/08\/Tokaido.png",350,350,false],"2048x2048":["https:\/\/meeplendice.net\/wp-content\/uploads\/2016\/08\/Tokaido.png",350,350,false],"ashe-slider-grid-thumbnail":["https:\/\/meeplendice.net\/wp-content\/uploads\/2016\/08\/Tokaido.png",350,350,false],"ashe-full-thumbnail":["https:\/\/meeplendice.net\/wp-content\/uploads\/2016\/08\/Tokaido.png",350,350,false],"ashe-grid-thumbnail":["https:\/\/meeplendice.net\/wp-content\/uploads\/2016\/08\/Tokaido-350x330.png",350,330,true],"ashe-list-thumbnail":["https:\/\/meeplendice.net\/wp-content\/uploads\/2016\/08\/Tokaido-300x300.png",300,300,true],"ashe-single-navigation":["https:\/\/meeplendice.net\/wp-content\/uploads\/2016\/08\/Tokaido-75x75.png",75,75,true],"mailpoet_newsletter_max":["https:\/\/meeplendice.net\/wp-content\/uploads\/2016\/08\/Tokaido.png",350,350,false],"rpwe-thumbnail":["https:\/\/meeplendice.net\/wp-content\/uploads\/2016\/08\/Tokaido-45x45.png",45,45,true],"sow-carousel-default":["https:\/\/meeplendice.net\/wp-content\/uploads\/2016\/08\/Tokaido-272x182.png",272,182,true],"rt_custom":["https:\/\/meeplendice.net\/wp-content\/uploads\/2016\/08\/Tokaido.png",350,350,false]},"rttpg_author":{"display_name":"Karnby","author_link":"https:\/\/meeplendice.net\/?author=2"},"rttpg_comment":0,"rttpg_category":null,"rttpg_excerpt":"Nombre de joueurs : 2 - 5 Dur\u00e9e moyenne : 45 min Age : 8 ans et plus Auteur(s) : Antoine Bauza Illustrations : Na\u00efade \u00c9dition : Funforge 2012 Version : Fran\u00e7aise","_links":{"self":[{"href":"https:\/\/meeplendice.net\/index.php?rest_route=\/wp\/v2\/pages\/478","targetHints":{"allow":["GET"]}}],"collection":[{"href":"https:\/\/meeplendice.net\/index.php?rest_route=\/wp\/v2\/pages"}],"about":[{"href":"https:\/\/meeplendice.net\/index.php?rest_route=\/wp\/v2\/types\/page"}],"author":[{"embeddable":true,"href":"https:\/\/meeplendice.net\/index.php?rest_route=\/wp\/v2\/users\/2"}],"replies":[{"embeddable":true,"href":"https:\/\/meeplendice.net\/index.php?rest_route=%2Fwp%2Fv2%2Fcomments&post=478"}],"version-history":[{"count":12,"href":"https:\/\/meeplendice.net\/index.php?rest_route=\/wp\/v2\/pages\/478\/revisions"}],"predecessor-version":[{"id":11826,"href":"https:\/\/meeplendice.net\/index.php?rest_route=\/wp\/v2\/pages\/478\/revisions\/11826"}],"wp:featuredmedia":[{"embeddable":true,"href":"https:\/\/meeplendice.net\/index.php?rest_route=\/wp\/v2\/media\/1182"}],"wp:attachment":[{"href":"https:\/\/meeplendice.net\/index.php?rest_route=%2Fwp%2Fv2%2Fmedia&parent=478"}],"curies":[{"name":"wp","href":"https:\/\/api.w.org\/{rel}","templated":true}]}}