{"id":4981,"date":"2019-04-28T18:07:25","date_gmt":"2019-04-28T17:07:25","guid":{"rendered":"http:\/\/meeplendice.net\/?page_id=4981"},"modified":"2020-08-31T15:14:28","modified_gmt":"2020-08-31T14:14:28","slug":"operation-dragon","status":"publish","type":"page","link":"https:\/\/meeplendice.net\/?page_id=4981","title":{"rendered":"Operation Dragon"},"content":{"rendered":"<p><span id=\"result_box\" lang=\"fr\"><span class=\"hps\">\u00cates-vous pr\u00eat \u00e0 (re)plonger ?! <\/span><\/span><\/p>\n<p>Joignez-vous \u00e0 l&rsquo;Op\u00e9ration Dragon, une campagne qui m\u00e8nera votre \u00e9quipe \u00e0 la d\u00e9couverte de mer inexplor\u00e9es ! Engrangez de l&rsquo;exp\u00e9rience et embauchez des Experts pour vous aider pendant la partie !<\/p>\n<p>Profitez \u00e9galement du Custom Pack de cette extension pour adapter n&rsquo;importe quelle carte de la gamme Captain Sonar au style de jeu que vous voulez. Mode \u00ab\u00a0Armada\u00a0\u00bb, nouveaux postes&#8230;.<\/p>\n<p><span id=\"result_box\" class=\"\" lang=\"fr\"><span class=\"\">\u00a0<\/span><\/span><\/p>\n","protected":false},"excerpt":{"rendered":"<p>\u00cates-vous pr\u00eat \u00e0 (re)plonger ?! Joignez-vous \u00e0 l&rsquo;Op\u00e9ration Dragon, une campagne qui m\u00e8nera votre \u00e9quipe \u00e0 la d\u00e9couverte de mer inexplor\u00e9es ! Engrangez de l&rsquo;exp\u00e9rience et embauchez des Experts pour vous aider pendant la partie ! Profitez \u00e9galement du Custom Pack de cette extension pour adapter n&rsquo;importe quelle carte de la gamme Captain Sonar au style de jeu que vous voulez. Mode \u00ab\u00a0Armada\u00a0\u00bb, nouveaux postes&#8230;. \u00a0<\/p>\n","protected":false},"author":2,"featured_media":4982,"parent":0,"menu_order":2,"comment_status":"closed","ping_status":"closed","template":"","meta":{"footnotes":""},"class_list":["post-4981","page","type-page","status-publish","has-post-thumbnail","hentry"],"acf":[],"rttpg_featured_image_url":{"full":["https:\/\/meeplendice.net\/wp-content\/uploads\/2019\/04\/Cptsonar_operationdragon.png",350,350,false],"landscape":["https:\/\/meeplendice.net\/wp-content\/uploads\/2019\/04\/Cptsonar_operationdragon.png",350,350,false],"portraits":["https:\/\/meeplendice.net\/wp-content\/uploads\/2019\/04\/Cptsonar_operationdragon.png",350,350,false],"thumbnail":["https:\/\/meeplendice.net\/wp-content\/uploads\/2019\/04\/Cptsonar_operationdragon-150x150.png",150,150,true],"medium":["https:\/\/meeplendice.net\/wp-content\/uploads\/2019\/04\/Cptsonar_operationdragon-300x300.png",300,300,true],"large":["https:\/\/meeplendice.net\/wp-content\/uploads\/2019\/04\/Cptsonar_operationdragon.png",350,350,false],"ug_big":["https:\/\/meeplendice.net\/wp-content\/uploads\/2019\/04\/Cptsonar_operationdragon.png",350,350,false],"1536x1536":["https:\/\/meeplendice.net\/wp-content\/uploads\/2019\/04\/Cptsonar_operationdragon.png",350,350,false],"2048x2048":["https:\/\/meeplendice.net\/wp-content\/uploads\/2019\/04\/Cptsonar_operationdragon.png",350,350,false],"ashe-slider-grid-thumbnail":["https:\/\/meeplendice.net\/wp-content\/uploads\/2019\/04\/Cptsonar_operationdragon.png",350,350,false],"ashe-full-thumbnail":["https:\/\/meeplendice.net\/wp-content\/uploads\/2019\/04\/Cptsonar_operationdragon.png",350,350,false],"ashe-grid-thumbnail":["https:\/\/meeplendice.net\/wp-content\/uploads\/2019\/04\/Cptsonar_operationdragon-350x330.png",350,330,true],"ashe-list-thumbnail":["https:\/\/meeplendice.net\/wp-content\/uploads\/2019\/04\/Cptsonar_operationdragon-300x300.png",300,300,true],"ashe-single-navigation":["https:\/\/meeplendice.net\/wp-content\/uploads\/2019\/04\/Cptsonar_operationdragon-75x75.png",75,75,true],"mailpoet_newsletter_max":["https:\/\/meeplendice.net\/wp-content\/uploads\/2019\/04\/Cptsonar_operationdragon.png",350,350,false],"rpwe-thumbnail":["https:\/\/meeplendice.net\/wp-content\/uploads\/2019\/04\/Cptsonar_operationdragon-45x45.png",45,45,true],"sow-carousel-default":["https:\/\/meeplendice.net\/wp-content\/uploads\/2019\/04\/Cptsonar_operationdragon-272x182.png",272,182,true],"rt_custom":["https:\/\/meeplendice.net\/wp-content\/uploads\/2019\/04\/Cptsonar_operationdragon.png",350,350,false]},"rttpg_author":{"display_name":"Karnby","author_link":"https:\/\/meeplendice.net\/?author=2"},"rttpg_comment":0,"rttpg_category":null,"rttpg_excerpt":"\u00cates-vous pr\u00eat \u00e0 (re)plonger ?! Joignez-vous \u00e0 l&rsquo;Op\u00e9ration Dragon, une campagne qui m\u00e8nera votre \u00e9quipe \u00e0 la d\u00e9couverte de mer inexplor\u00e9es ! Engrangez de l&rsquo;exp\u00e9rience et embauchez des Experts pour vous aider pendant la partie ! Profitez \u00e9galement du Custom Pack de cette extension pour adapter n&rsquo;importe quelle carte de la gamme Captain Sonar au\u2026","_links":{"self":[{"href":"https:\/\/meeplendice.net\/index.php?rest_route=\/wp\/v2\/pages\/4981","targetHints":{"allow":["GET"]}}],"collection":[{"href":"https:\/\/meeplendice.net\/index.php?rest_route=\/wp\/v2\/pages"}],"about":[{"href":"https:\/\/meeplendice.net\/index.php?rest_route=\/wp\/v2\/types\/page"}],"author":[{"embeddable":true,"href":"https:\/\/meeplendice.net\/index.php?rest_route=\/wp\/v2\/users\/2"}],"replies":[{"embeddable":true,"href":"https:\/\/meeplendice.net\/index.php?rest_route=%2Fwp%2Fv2%2Fcomments&post=4981"}],"version-history":[{"count":3,"href":"https:\/\/meeplendice.net\/index.php?rest_route=\/wp\/v2\/pages\/4981\/revisions"}],"predecessor-version":[{"id":6295,"href":"https:\/\/meeplendice.net\/index.php?rest_route=\/wp\/v2\/pages\/4981\/revisions\/6295"}],"wp:featuredmedia":[{"embeddable":true,"href":"https:\/\/meeplendice.net\/index.php?rest_route=\/wp\/v2\/media\/4982"}],"wp:attachment":[{"href":"https:\/\/meeplendice.net\/index.php?rest_route=%2Fwp%2Fv2%2Fmedia&parent=4981"}],"curies":[{"name":"wp","href":"https:\/\/api.w.org\/{rel}","templated":true}]}}