{"id":5083,"date":"2019-07-30T11:23:46","date_gmt":"2019-07-30T10:23:46","guid":{"rendered":"http:\/\/meeplendice.net\/?page_id=5083"},"modified":"2020-08-31T15:06:33","modified_gmt":"2020-08-31T14:06:33","slug":"crono","status":"publish","type":"page","link":"https:\/\/meeplendice.net\/?page_id=5083","title":{"rendered":"Crono"},"content":{"rendered":"<p><span id=\"result_box\" class=\"\" lang=\"fr\">Prague, Duc de Luxembourg<br \/>\n\u00a0\u00bb Crono, h\u00e9raut de la Mort, peut attendre \u00e9ternellement \u00a0\u00bb<br \/>\n<\/span><\/p>\n<p>\u00a0\u00bb Il observe les Mages de haut, les dominant de sa Grandeur? Ils ne pouvaient par imaginer que la col\u00e8re de la Rose Noire, incarn\u00e9e dans ce colosse sinistre, allait bient\u00f4t les r\u00e9duires \u00e0 n\u00e9ant, ne laissant d&rsquo;eux que des coquilles vides, parodies mis\u00e9rables de ceux qu&rsquo;ils avaient \u00e9t\u00e9.\u00a0\u00bb<\/p>\n","protected":false},"excerpt":{"rendered":"<p>Prague, Duc de Luxembourg \u00a0\u00bb Crono, h\u00e9raut de la Mort, peut attendre \u00e9ternellement \u00a0\u00bb \u00a0\u00bb Il observe les Mages de haut, les dominant de sa Grandeur? Ils ne pouvaient par imaginer que la col\u00e8re de la Rose Noire, incarn\u00e9e dans ce colosse sinistre, allait bient\u00f4t les r\u00e9duires \u00e0 n\u00e9ant, ne laissant d&rsquo;eux que des coquilles vides, parodies mis\u00e9rables de ceux qu&rsquo;ils avaient \u00e9t\u00e9.\u00a0\u00bb<\/p>\n","protected":false},"author":2,"featured_media":5838,"parent":5077,"menu_order":2,"comment_status":"closed","ping_status":"closed","template":"","meta":{"footnotes":""},"class_list":["post-5083","page","type-page","status-publish","has-post-thumbnail","hentry"],"acf":[],"rttpg_featured_image_url":{"full":["https:\/\/meeplendice.net\/wp-content\/uploads\/2020\/06\/BRW_Crono.png",350,350,false],"landscape":["https:\/\/meeplendice.net\/wp-content\/uploads\/2020\/06\/BRW_Crono.png",350,350,false],"portraits":["https:\/\/meeplendice.net\/wp-content\/uploads\/2020\/06\/BRW_Crono.png",350,350,false],"thumbnail":["https:\/\/meeplendice.net\/wp-content\/uploads\/2020\/06\/BRW_Crono-150x150.png",150,150,true],"medium":["https:\/\/meeplendice.net\/wp-content\/uploads\/2020\/06\/BRW_Crono-300x300.png",300,300,true],"large":["https:\/\/meeplendice.net\/wp-content\/uploads\/2020\/06\/BRW_Crono.png",350,350,false],"ug_big":["https:\/\/meeplendice.net\/wp-content\/uploads\/2020\/06\/BRW_Crono.png",350,350,false],"1536x1536":["https:\/\/meeplendice.net\/wp-content\/uploads\/2020\/06\/BRW_Crono.png",350,350,false],"2048x2048":["https:\/\/meeplendice.net\/wp-content\/uploads\/2020\/06\/BRW_Crono.png",350,350,false],"ashe-slider-grid-thumbnail":["https:\/\/meeplendice.net\/wp-content\/uploads\/2020\/06\/BRW_Crono.png",350,350,false],"ashe-full-thumbnail":["https:\/\/meeplendice.net\/wp-content\/uploads\/2020\/06\/BRW_Crono.png",350,350,false],"ashe-grid-thumbnail":["https:\/\/meeplendice.net\/wp-content\/uploads\/2020\/06\/BRW_Crono-350x330.png",350,330,true],"ashe-list-thumbnail":["https:\/\/meeplendice.net\/wp-content\/uploads\/2020\/06\/BRW_Crono-300x300.png",300,300,true],"ashe-single-navigation":["https:\/\/meeplendice.net\/wp-content\/uploads\/2020\/06\/BRW_Crono-75x75.png",75,75,true],"mailpoet_newsletter_max":["https:\/\/meeplendice.net\/wp-content\/uploads\/2020\/06\/BRW_Crono.png",350,350,false],"rpwe-thumbnail":["https:\/\/meeplendice.net\/wp-content\/uploads\/2020\/06\/BRW_Crono-45x45.png",45,45,true],"sow-carousel-default":["https:\/\/meeplendice.net\/wp-content\/uploads\/2020\/06\/BRW_Crono-272x182.png",272,182,true],"rt_custom":["https:\/\/meeplendice.net\/wp-content\/uploads\/2020\/06\/BRW_Crono.png",350,350,false]},"rttpg_author":{"display_name":"Karnby","author_link":"https:\/\/meeplendice.net\/?author=2"},"rttpg_comment":0,"rttpg_category":null,"rttpg_excerpt":"Prague, Duc de Luxembourg \u00a0\u00bb Crono, h\u00e9raut de la Mort, peut attendre \u00e9ternellement \u00a0\u00bb \u00a0\u00bb Il observe les Mages de haut, les dominant de sa Grandeur? Ils ne pouvaient par imaginer que la col\u00e8re de la Rose Noire, incarn\u00e9e dans ce colosse sinistre, allait bient\u00f4t les r\u00e9duires \u00e0 n\u00e9ant, ne laissant d&rsquo;eux que des coquilles\u2026","_links":{"self":[{"href":"https:\/\/meeplendice.net\/index.php?rest_route=\/wp\/v2\/pages\/5083","targetHints":{"allow":["GET"]}}],"collection":[{"href":"https:\/\/meeplendice.net\/index.php?rest_route=\/wp\/v2\/pages"}],"about":[{"href":"https:\/\/meeplendice.net\/index.php?rest_route=\/wp\/v2\/types\/page"}],"author":[{"embeddable":true,"href":"https:\/\/meeplendice.net\/index.php?rest_route=\/wp\/v2\/users\/2"}],"replies":[{"embeddable":true,"href":"https:\/\/meeplendice.net\/index.php?rest_route=%2Fwp%2Fv2%2Fcomments&post=5083"}],"version-history":[{"count":4,"href":"https:\/\/meeplendice.net\/index.php?rest_route=\/wp\/v2\/pages\/5083\/revisions"}],"predecessor-version":[{"id":9815,"href":"https:\/\/meeplendice.net\/index.php?rest_route=\/wp\/v2\/pages\/5083\/revisions\/9815"}],"up":[{"embeddable":true,"href":"https:\/\/meeplendice.net\/index.php?rest_route=\/wp\/v2\/pages\/5077"}],"wp:featuredmedia":[{"embeddable":true,"href":"https:\/\/meeplendice.net\/index.php?rest_route=\/wp\/v2\/media\/5838"}],"wp:attachment":[{"href":"https:\/\/meeplendice.net\/index.php?rest_route=%2Fwp%2Fv2%2Fmedia&parent=5083"}],"curies":[{"name":"wp","href":"https:\/\/api.w.org\/{rel}","templated":true}]}}