{"id":5236,"date":"2019-11-09T15:13:13","date_gmt":"2019-11-09T14:13:13","guid":{"rendered":"http:\/\/meeplendice.net\/?page_id=5236"},"modified":"2020-11-13T16:48:16","modified_gmt":"2020-11-13T15:48:16","slug":"la-foret-des-freres-grimm","status":"publish","type":"page","link":"https:\/\/meeplendice.net\/?page_id=5236","title":{"rendered":"La For\u00eat des Fr\u00e8res Grimm"},"content":{"rendered":"<div id=\"pl-5236\"  class=\"panel-layout\" ><div id=\"pg-5236-0\"  class=\"panel-grid panel-no-style\" ><div id=\"pgc-5236-0-0\"  class=\"panel-grid-cell\" ><div id=\"panel-5236-0-0-0\" class=\"so-panel widget widget_sow-editor panel-first-child panel-last-child\" data-index=\"0\" ><div\n\t\t\t\n\t\t\tclass=\"so-widget-sow-editor so-widget-sow-editor-base\"\n\t\t\t\n\t\t>\n<div class=\"siteorigin-widget-tinymce textwidget\">\n\t<p style=\"text-align: center;\"><strong>Nombre de joueurs :<\/strong><br \/>\n2 - 4<\/p>\n<\/div>\n<\/div><\/div><\/div><div id=\"pgc-5236-0-1\"  class=\"panel-grid-cell\" ><div id=\"panel-5236-0-1-0\" class=\"so-panel widget widget_sow-editor panel-first-child panel-last-child\" data-index=\"1\" ><div\n\t\t\t\n\t\t\tclass=\"so-widget-sow-editor so-widget-sow-editor-base\"\n\t\t\t\n\t\t>\n<div class=\"siteorigin-widget-tinymce textwidget\">\n\t<p style=\"text-align: center;\"><strong>Dur\u00e9e moyenne :<\/strong><br \/>\n60 min<\/p>\n<\/div>\n<\/div><\/div><\/div><div id=\"pgc-5236-0-2\"  class=\"panel-grid-cell\" ><div id=\"panel-5236-0-2-0\" class=\"so-panel widget widget_sow-editor panel-first-child panel-last-child\" data-index=\"2\" ><div\n\t\t\t\n\t\t\tclass=\"so-widget-sow-editor so-widget-sow-editor-base\"\n\t\t\t\n\t\t>\n<div class=\"siteorigin-widget-tinymce textwidget\">\n\t<p style=\"text-align: center;\"><strong>Age :<\/strong><br \/>\n14 ans et plus<\/p>\n<\/div>\n<\/div><\/div><\/div><\/div><div id=\"pg-5236-1\"  class=\"panel-grid panel-no-style\" ><div id=\"pgc-5236-1-0\"  class=\"panel-grid-cell\" ><div id=\"panel-5236-1-0-0\" class=\"so-panel widget widget_sow-editor panel-first-child panel-last-child\" data-index=\"3\" ><div\n\t\t\t\n\t\t\tclass=\"so-widget-sow-editor so-widget-sow-editor-base\"\n\t\t\t\n\t\t>\n<div class=\"siteorigin-widget-tinymce textwidget\">\n\t<p style=\"text-align: center;\"><strong>Auteur(s) :<br \/>\n<\/strong>Tim Eisner<\/p>\n<\/div>\n<\/div><\/div><\/div><div id=\"pgc-5236-1-1\"  class=\"panel-grid-cell\" ><div id=\"panel-5236-1-1-0\" class=\"so-panel widget widget_sow-editor panel-first-child panel-last-child\" data-index=\"4\" ><div\n\t\t\t\n\t\t\tclass=\"so-widget-sow-editor so-widget-sow-editor-base\"\n\t\t\t\n\t\t>\n<div class=\"siteorigin-widget-tinymce textwidget\">\n\t<p style=\"text-align: center;\"><strong>Illustrations :<\/strong><br \/>\nMr. Cuddington<\/p>\n<\/div>\n<\/div><\/div><\/div><div id=\"pgc-5236-1-2\"  class=\"panel-grid-cell\" ><div id=\"panel-5236-1-2-0\" class=\"so-panel widget widget_sow-editor panel-first-child panel-last-child\" data-index=\"5\" ><div\n\t\t\t\n\t\t\tclass=\"so-widget-sow-editor so-widget-sow-editor-base\"\n\t\t\t\n\t\t>\n<div class=\"siteorigin-widget-tinymce textwidget\">\n\t<p style=\"text-align: center;\"><strong>\u00c9dition :<\/strong><br \/>\nLucky Duck Games<br \/>\n2019<\/p>\n<\/div>\n<\/div><\/div><\/div><div id=\"pgc-5236-1-3\"  class=\"panel-grid-cell\" ><div id=\"panel-5236-1-3-0\" class=\"so-panel widget widget_sow-editor panel-first-child panel-last-child\" data-index=\"6\" ><div\n\t\t\t\n\t\t\tclass=\"so-widget-sow-editor so-widget-sow-editor-base\"\n\t\t\t\n\t\t>\n<div class=\"siteorigin-widget-tinymce textwidget\">\n\t<p style=\"text-align: center;\"><strong>Version :<\/strong><br \/>\nFran\u00e7aise<\/p>\n<\/div>\n<\/div><\/div><\/div><\/div><div id=\"pg-5236-2\"  class=\"panel-grid panel-no-style\" ><div id=\"pgc-5236-2-0\"  class=\"panel-grid-cell\" ><div id=\"panel-5236-2-0-0\" class=\"so-panel widget widget_sow-editor panel-first-child panel-last-child\" data-index=\"7\" ><div\n\t\t\t\n\t\t\tclass=\"so-widget-sow-editor so-widget-sow-editor-base\"\n\t\t\t\n\t\t>\n<div class=\"siteorigin-widget-tinymce textwidget\">\n\t<hr \/>\n<p>Le Roi R\u00e9ginald le Cupide a pour projet de d\u00e9velopper des milliers d'hectares de terre dans la sombre et myst\u00e9rieuse For\u00eat des Fr\u00e8res Grimm. Son c\u0153ur avare bouillonne \u00e0 la simple id\u00e9e de tout l'or qu'il pourra amasser dans sa salle du tr\u00e9sor une fois que ce terrain sera d\u00e9gag\u00e9 et que les constructions auront commenc\u00e9.<br \/>\nH\u00e9las, les B\u00e2tisseurs Royaux, aussi connus sous le nom des Trois PEtits Cochons, sont devenus vieux et s\u00e9niles et les derniers plans qu'ils lui ont pr\u00e9sent\u00e9s consistaient en une \u00e9trange s\u00e9rie de maisons en forme de citrouilles.<\/p>\n<p>Suite \u00e0 sa dispute avec ces vieux acari\u00e2tre de fr\u00e8res Cochons, le Roi s'est mis en qu\u00eate de quelqu'un d'assez comp\u00e9tent pour concevoir des maisonnettes simples, utilisant uniquement les mat\u00e9riaux de base des temps anciens.<br \/>\nLes neveux et les ni\u00e8ces des fameux fr\u00e8res Cochons ont commenc\u00e9 \u00e0 affluer aux portes du Palais Royal, impatients de d\u00e9montrer leur talents.<\/p>\n<p>Le concours est simple : quiconque parviendra \u00e0 construire trois maisons plus rapidement que ses adversaires obtiendra le titre de B\u00e2tisseur Royal et sa fortune sera faite...<\/p>\n<\/div>\n<\/div><\/div><\/div><\/div><div id=\"pg-5236-3\"  class=\"panel-grid panel-no-style\" ><div id=\"pgc-5236-3-0\"  class=\"panel-grid-cell\" ><div id=\"panel-5236-3-0-0\" class=\"so-panel widget widget_sow-editor panel-first-child panel-last-child\" data-index=\"8\" ><div\n\t\t\t\n\t\t\tclass=\"so-widget-sow-editor so-widget-sow-editor-base\"\n\t\t\t\n\t\t>\n<div class=\"siteorigin-widget-tinymce textwidget\">\n\t<hr \/>\n<p style=\"text-align: center;\"><strong>En vid\u00e9o<\/strong><\/p>\n<\/div>\n<\/div><\/div><\/div><\/div><div id=\"pg-5236-4\"  class=\"panel-grid panel-no-style\" ><div id=\"pgc-5236-4-0\"  class=\"panel-grid-cell\" ><div id=\"panel-5236-4-0-0\" class=\"so-panel widget widget_sow-editor panel-first-child panel-last-child\" data-index=\"9\" ><div\n\t\t\t\n\t\t\tclass=\"so-widget-sow-editor so-widget-sow-editor-base\"\n\t\t\t\n\t\t>\n<div class=\"siteorigin-widget-tinymce textwidget\">\n\t<hr \/>\n<p style=\"text-align: center;\"><strong>Pour aller plus loin<\/strong><\/p>\n<\/div>\n<\/div><\/div><\/div><\/div><\/div>","protected":false},"excerpt":{"rendered":"<p>Nombre de joueurs : 2 &#8211; 4 Dur\u00e9e moyenne : 60 min Age : 14 ans et plus Auteur(s) : Tim Eisner Illustrations : Mr. Cuddington \u00c9dition : Lucky Duck Games 2019 Version : Fran\u00e7aise<\/p>\n","protected":false},"author":2,"featured_media":5218,"parent":0,"menu_order":0,"comment_status":"closed","ping_status":"closed","template":"","meta":{"footnotes":""},"class_list":["post-5236","page","type-page","status-publish","has-post-thumbnail","hentry"],"acf":[],"rttpg_featured_image_url":{"full":["https:\/\/meeplendice.net\/wp-content\/uploads\/2019\/11\/ForetGrimm.png",350,350,false],"landscape":["https:\/\/meeplendice.net\/wp-content\/uploads\/2019\/11\/ForetGrimm.png",350,350,false],"portraits":["https:\/\/meeplendice.net\/wp-content\/uploads\/2019\/11\/ForetGrimm.png",350,350,false],"thumbnail":["https:\/\/meeplendice.net\/wp-content\/uploads\/2019\/11\/ForetGrimm-150x150.png",150,150,true],"medium":["https:\/\/meeplendice.net\/wp-content\/uploads\/2019\/11\/ForetGrimm-300x300.png",300,300,true],"large":["https:\/\/meeplendice.net\/wp-content\/uploads\/2019\/11\/ForetGrimm.png",350,350,false],"ug_big":["https:\/\/meeplendice.net\/wp-content\/uploads\/2019\/11\/ForetGrimm.png",350,350,false],"1536x1536":["https:\/\/meeplendice.net\/wp-content\/uploads\/2019\/11\/ForetGrimm.png",350,350,false],"2048x2048":["https:\/\/meeplendice.net\/wp-content\/uploads\/2019\/11\/ForetGrimm.png",350,350,false],"ashe-slider-grid-thumbnail":["https:\/\/meeplendice.net\/wp-content\/uploads\/2019\/11\/ForetGrimm.png",350,350,false],"ashe-full-thumbnail":["https:\/\/meeplendice.net\/wp-content\/uploads\/2019\/11\/ForetGrimm.png",350,350,false],"ashe-grid-thumbnail":["https:\/\/meeplendice.net\/wp-content\/uploads\/2019\/11\/ForetGrimm-350x330.png",350,330,true],"ashe-list-thumbnail":["https:\/\/meeplendice.net\/wp-content\/uploads\/2019\/11\/ForetGrimm-300x300.png",300,300,true],"ashe-single-navigation":["https:\/\/meeplendice.net\/wp-content\/uploads\/2019\/11\/ForetGrimm-75x75.png",75,75,true],"mailpoet_newsletter_max":["https:\/\/meeplendice.net\/wp-content\/uploads\/2019\/11\/ForetGrimm.png",350,350,false],"rpwe-thumbnail":["https:\/\/meeplendice.net\/wp-content\/uploads\/2019\/11\/ForetGrimm-45x45.png",45,45,true],"sow-carousel-default":["https:\/\/meeplendice.net\/wp-content\/uploads\/2019\/11\/ForetGrimm-272x182.png",272,182,true],"rt_custom":["https:\/\/meeplendice.net\/wp-content\/uploads\/2019\/11\/ForetGrimm.png",350,350,false]},"rttpg_author":{"display_name":"Karnby","author_link":"https:\/\/meeplendice.net\/?author=2"},"rttpg_comment":0,"rttpg_category":null,"rttpg_excerpt":"Nombre de joueurs : 2 - 4 Dur\u00e9e moyenne : 60 min Age : 14 ans et plus Auteur(s) : Tim Eisner Illustrations : Mr. Cuddington \u00c9dition : Lucky Duck Games 2019 Version : Fran\u00e7aise","_links":{"self":[{"href":"https:\/\/meeplendice.net\/index.php?rest_route=\/wp\/v2\/pages\/5236","targetHints":{"allow":["GET"]}}],"collection":[{"href":"https:\/\/meeplendice.net\/index.php?rest_route=\/wp\/v2\/pages"}],"about":[{"href":"https:\/\/meeplendice.net\/index.php?rest_route=\/wp\/v2\/types\/page"}],"author":[{"embeddable":true,"href":"https:\/\/meeplendice.net\/index.php?rest_route=\/wp\/v2\/users\/2"}],"replies":[{"embeddable":true,"href":"https:\/\/meeplendice.net\/index.php?rest_route=%2Fwp%2Fv2%2Fcomments&post=5236"}],"version-history":[{"count":4,"href":"https:\/\/meeplendice.net\/index.php?rest_route=\/wp\/v2\/pages\/5236\/revisions"}],"predecessor-version":[{"id":7308,"href":"https:\/\/meeplendice.net\/index.php?rest_route=\/wp\/v2\/pages\/5236\/revisions\/7308"}],"wp:featuredmedia":[{"embeddable":true,"href":"https:\/\/meeplendice.net\/index.php?rest_route=\/wp\/v2\/media\/5218"}],"wp:attachment":[{"href":"https:\/\/meeplendice.net\/index.php?rest_route=%2Fwp%2Fv2%2Fmedia&parent=5236"}],"curies":[{"name":"wp","href":"https:\/\/api.w.org\/{rel}","templated":true}]}}