{"id":5446,"date":"2019-12-31T19:57:50","date_gmt":"2019-12-31T18:57:50","guid":{"rendered":"http:\/\/meeplendice.net\/?page_id=5446"},"modified":"2020-11-22T16:38:09","modified_gmt":"2020-11-22T15:38:09","slug":"terror-below","status":"publish","type":"page","link":"https:\/\/meeplendice.net\/?page_id=5446","title":{"rendered":"Terror Below"},"content":{"rendered":"<div id=\"pl-5446\"  class=\"panel-layout\" ><div id=\"pg-5446-0\"  class=\"panel-grid panel-no-style\" ><div id=\"pgc-5446-0-0\"  class=\"panel-grid-cell\" ><div id=\"panel-5446-0-0-0\" class=\"so-panel widget widget_sow-editor panel-first-child panel-last-child\" data-index=\"0\" ><div\n\t\t\t\n\t\t\tclass=\"so-widget-sow-editor so-widget-sow-editor-base\"\n\t\t\t\n\t\t>\n<div class=\"siteorigin-widget-tinymce textwidget\">\n\t<p style=\"text-align: center;\"><strong>Nombre de joueurs :<\/strong><br \/>\n2 - 5<\/p>\n<\/div>\n<\/div><\/div><\/div><div id=\"pgc-5446-0-1\"  class=\"panel-grid-cell\" ><div id=\"panel-5446-0-1-0\" class=\"so-panel widget widget_sow-editor panel-first-child panel-last-child\" data-index=\"1\" ><div\n\t\t\t\n\t\t\tclass=\"so-widget-sow-editor so-widget-sow-editor-base\"\n\t\t\t\n\t\t>\n<div class=\"siteorigin-widget-tinymce textwidget\">\n\t<p style=\"text-align: center;\"><strong>Dur\u00e9e moyenne :<\/strong><br \/>\n60 min<\/p>\n<\/div>\n<\/div><\/div><\/div><div id=\"pgc-5446-0-2\"  class=\"panel-grid-cell\" ><div id=\"panel-5446-0-2-0\" class=\"so-panel widget widget_sow-editor panel-first-child panel-last-child\" data-index=\"2\" ><div\n\t\t\t\n\t\t\tclass=\"so-widget-sow-editor so-widget-sow-editor-base\"\n\t\t\t\n\t\t>\n<div class=\"siteorigin-widget-tinymce textwidget\">\n\t<p style=\"text-align: center;\"><strong>Age :<\/strong><br \/>\n10 ans et plus<\/p>\n<\/div>\n<\/div><\/div><\/div><\/div><div id=\"pg-5446-1\"  class=\"panel-grid panel-no-style\" ><div id=\"pgc-5446-1-0\"  class=\"panel-grid-cell\" ><div id=\"panel-5446-1-0-0\" class=\"so-panel widget widget_sow-editor panel-first-child panel-last-child\" data-index=\"3\" ><div\n\t\t\t\n\t\t\tclass=\"so-widget-sow-editor so-widget-sow-editor-base\"\n\t\t\t\n\t\t>\n<div class=\"siteorigin-widget-tinymce textwidget\">\n\t<p style=\"text-align: center;\"><strong>Auteur(s) :<br \/>\n<\/strong>Mike Elliott<\/p>\n<\/div>\n<\/div><\/div><\/div><div id=\"pgc-5446-1-1\"  class=\"panel-grid-cell\" ><div id=\"panel-5446-1-1-0\" class=\"so-panel widget widget_sow-editor panel-first-child panel-last-child\" data-index=\"4\" ><div\n\t\t\t\n\t\t\tclass=\"so-widget-sow-editor so-widget-sow-editor-base\"\n\t\t\t\n\t\t>\n<div class=\"siteorigin-widget-tinymce textwidget\">\n\t<p style=\"text-align: center;\"><strong>Illustrations :<\/strong><br \/>\nEric Hibbeler<\/p>\n<\/div>\n<\/div><\/div><\/div><div id=\"pgc-5446-1-2\"  class=\"panel-grid-cell\" ><div id=\"panel-5446-1-2-0\" class=\"so-panel widget widget_sow-editor panel-first-child panel-last-child\" data-index=\"5\" ><div\n\t\t\t\n\t\t\tclass=\"so-widget-sow-editor so-widget-sow-editor-base\"\n\t\t\t\n\t\t>\n<div class=\"siteorigin-widget-tinymce textwidget\">\n\t<p style=\"text-align: center;\"><strong>\u00c9dition :<\/strong><br \/>\nOrigames<br \/>\nRenegade France<br \/>\nRenegade Game Studios<br \/>\n2019<\/p>\n<\/div>\n<\/div><\/div><\/div><div id=\"pgc-5446-1-3\"  class=\"panel-grid-cell\" ><div id=\"panel-5446-1-3-0\" class=\"so-panel widget widget_sow-editor panel-first-child panel-last-child\" data-index=\"6\" ><div\n\t\t\t\n\t\t\tclass=\"so-widget-sow-editor so-widget-sow-editor-base\"\n\t\t\t\n\t\t>\n<div class=\"siteorigin-widget-tinymce textwidget\">\n\t<p style=\"text-align: center;\"><strong>Version :<\/strong><br \/>\nFran\u00e7aise<\/p>\n<\/div>\n<\/div><\/div><\/div><\/div><div id=\"pg-5446-2\"  class=\"panel-grid panel-no-style\" ><div id=\"pgc-5446-2-0\"  class=\"panel-grid-cell\" ><div id=\"panel-5446-2-0-0\" class=\"so-panel widget widget_sow-editor panel-first-child panel-last-child\" data-index=\"7\" ><div\n\t\t\t\n\t\t\tclass=\"so-widget-sow-editor so-widget-sow-editor-base\"\n\t\t\t\n\t\t>\n<div class=\"siteorigin-widget-tinymce textwidget\">\n\t<hr \/>\n<p>Chass\u00e9 ou \u00eatre chass\u00e9...<\/p>\n<p><em>Ces derniers temps, y s'passe plein de trucs louches dans l'd\u00e9sert du Nevada. Des camionnettes noires qui traversaient la ville en coup d'vent. C'est l\u00e0 qu'les grondements ont commenc\u00e9.<\/em><\/p>\n<p><em>Mais c'\u00e9tait pas la terre qui tremblait. Nan, c'\u00e9tait ces sal\u00e9tes d'Vers qui creusaient dans l'sable.<\/em><\/p>\n<p><em>J'veux pas t'ennuyer avec mes histoires mais v'l\u00e0 qu'les gars du gouvernement, veux d'la zone cinquante-qu'\u00e9quechose, y veulent qu'on leur ram\u00e8ne des Oeufs d'Ver, ou qu'on en zigouille une ou deux d'ces m\u00e9chantes vermine.<\/em><br \/>\n<em>Y disent qu'y paieront bien. Vraiment bien. Si on s'fait pas tuer en essayant.<\/em><\/p>\n<p>Terror Below est un jeu o\u00f9 les exp\u00e9riences du gouvernement dans le d\u00e9sert du Nevada ont mal tourn\u00e9. Plus vous bougerez vite, plus vous ferez trembler la terre, attirant l'attention des terribles Vers souterrains. Parcourez un paysage accident\u00e9 et collectez les pr\u00e9cieux Oeufs de Vers. Livrez-les aux bons endroits en vue de r\u00e9cup\u00e9rer des primes. Si vous vous sentez en veine, collectez aussi des armes et des objets pour en chasser quelques-un.<\/p>\n<\/div>\n<\/div><\/div><\/div><\/div><div id=\"pg-5446-3\"  class=\"panel-grid panel-no-style\" ><div id=\"pgc-5446-3-0\"  class=\"panel-grid-cell\" ><div id=\"panel-5446-3-0-0\" class=\"so-panel widget widget_sow-editor panel-first-child panel-last-child\" data-index=\"8\" ><div\n\t\t\t\n\t\t\tclass=\"so-widget-sow-editor so-widget-sow-editor-base\"\n\t\t\t\n\t\t>\n<div class=\"siteorigin-widget-tinymce textwidget\">\n\t<hr \/>\n<p style=\"text-align: center;\"><strong>En vid\u00e9o<\/strong><\/p>\n<\/div>\n<\/div><\/div><\/div><div id=\"pgc-5446-3-1\"  class=\"panel-grid-cell\" ><div id=\"panel-5446-3-1-0\" class=\"so-panel widget widget_sow-editor panel-first-child panel-last-child\" data-index=\"9\" ><div\n\t\t\t\n\t\t\tclass=\"so-widget-sow-editor so-widget-sow-editor-base\"\n\t\t\t\n\t\t>\n<div class=\"siteorigin-widget-tinymce textwidget\">\n\t<hr \/>\n<p style=\"text-align: center;\"><strong>Extension(s)<\/strong><\/p>\n<p>&nbsp;<\/p>\n<style type='text\/css' media='all'>#rt-tpg-container-2349502806 .read-more a{border-radius:px;}#rt-tpg-container-2349502806 .rt-img-holder img.rt-img-responsive,#rt-tpg-container-2349502806 .rt-img-holder,\n\t\t\t\t\t#rt-tpg-container-2349502806 .rt-post-overlay .post-img,\n\t\t\t\t\t#rt-tpg-container-2349502806 .post-sm .post-img,\n\t\t\t\t\t#rt-tpg-container-2349502806 .rt-post-grid .post-img,\n\t\t\t\t\t#rt-tpg-container-2349502806 .post-img img {border-radius:px;}#rt-tpg-container-2349502806 .layout9 .rt-holder h2.entry-title,\n\t\t\t\t\t#rt-tpg-container-2349502806 .layout9 .rt-holder h3.entry-title,\n\t\t\t\t\t#rt-tpg-container-2349502806 .layout9 .rt-holder h4.entry-title,\n\t\t\t\t\t#rt-tpg-container-2349502806 .layout9 .rt-holder h2.entry-title a,\n\t\t\t\t\t#rt-tpg-container-2349502806 .layout9 .rt-holder h3.entry-title a,\n\t\t\t\t\t#rt-tpg-container-2349502806 .layout9 .rt-holder h4.entry-title a,\n\t\t\t\t\t#rt-tpg-container-2349502806 .rt-holder .rt-woo-info h2 a,\n\t\t\t\t\t#rt-tpg-container-2349502806 .rt-holder .rt-woo-info h3 a,\n\t\t\t\t\t#rt-tpg-container-2349502806 .rt-holder .rt-woo-info h4 a,\n\t\t\t\t\t#rt-tpg-container-2349502806 .post-content .post-title,\n\t\t\t\t\t#rt-tpg-container-2349502806 .rt-post-grid .post-title,\n\t\t\t\t\t#rt-tpg-container-2349502806 .rt-post-grid .post-title a,\n\t\t\t\t\t#rt-tpg-container-2349502806 .post-content .post-title a,\n\t\t\t\t\t#rt-tpg-container-2349502806 .rt-holder .rt-woo-info h2,\n\t\t\t\t\t#rt-tpg-container-2349502806 .rt-holder .rt-woo-info h3,\n\t\t\t\t\t#rt-tpg-container-2349502806 .rt-holder .rt-woo-info h4{font-size:16px;line-height:26px;font-weight:normal;text-align:center;}#rt-tpg-container-2349502806 .post-grid-lg-style-1 .post-title,\n\t\t\t\t\t\t#rt-tpg-container-2349502806 .post-grid-lg-style-1 .post-title a,\n\t\t\t\t\t\t#rt-tpg-container-2349502806 .big-layout .post-title,\n\t\t\t\t\t\t#rt-tpg-container-2349502806 .big-layout .post-title a,\n\t\t\t\t\t\t#rt-tpg-container-2349502806 .post-grid-lg-style-1 .post-title,\n\t\t\t\t\t\t#rt-tpg-container-2349502806 .post-grid-lg-style-1 .post-title a {font-size:24px;line-height:34px;}<\/style><div class='rt-container-fluid rt-tpg-container tpg-shortcode-main-wrapper ' id='rt-tpg-container-2349502806'   data-layout='layout9' data-grid-style='even' data-desktop-col='3'  data-tab-col='2'  data-mobile-col='1' data-sc-id='5801'><div data-title='Loading ...' class='rt-row rt-content-loader   layout9 tpg-even '><div class=\"rt-col-md-4 rt-col-sm-6 rt-col-xs-12 even-grid-item rt-grid-item img_zoom_in\" data-id=\"5763\"><div class=\"rt-holder\"><div class='overlay'><a data-id='5763' class=' tpg-single-popup' href='https:\/\/meeplendice.net\/?page_id=5763'><img loading=\"lazy\" decoding=\"async\" width=\"350\" height=\"350\" src=\"https:\/\/meeplendice.net\/wp-content\/uploads\/2020\/04\/TB_Ultimesecret.png\" class=\"rt-img-responsive \" alt=\"\" \/><\/a><\/div><div class='post-info'><h2 class=\"entry-title\"><a data-id=\"5763\" class=\" tpg-single-popup\" href=\"https:\/\/meeplendice.net\/?page_id=5763\">L&rsquo;Ultime Secret<\/a><\/h2><div class='post-meta-user '><\/div><\/div><\/div><\/div><\/div><div class='rt-pagination-wrap' data-total-pages='1' data-posts-per-page='3' data-type='pagination_ajax'  ><div class='rt-page-numbers'><\/div><\/div><\/div>\n<\/div>\n<\/div><\/div><\/div><\/div><div id=\"pg-5446-4\"  class=\"panel-grid panel-no-style\" ><div id=\"pgc-5446-4-0\"  class=\"panel-grid-cell\" ><div id=\"panel-5446-4-0-0\" class=\"so-panel widget widget_sow-editor panel-first-child panel-last-child\" data-index=\"10\" ><div\n\t\t\t\n\t\t\tclass=\"so-widget-sow-editor so-widget-sow-editor-base\"\n\t\t\t\n\t\t>\n<div class=\"siteorigin-widget-tinymce textwidget\">\n\t<hr \/>\n<p style=\"text-align: center;\"><strong>Pour aller plus loin<\/strong><\/p>\n<\/div>\n<\/div><\/div><\/div><\/div><\/div>","protected":false},"excerpt":{"rendered":"<p>Nombre de joueurs : 2 &#8211; 5 Dur\u00e9e moyenne : 60 min Age : 10 ans et plus Auteur(s) : Mike Elliott Illustrations : Eric Hibbeler \u00c9dition : Origames Renegade France Renegade Game Studios 2019 Version : Fran\u00e7aise<\/p>\n","protected":false},"author":2,"featured_media":5414,"parent":0,"menu_order":0,"comment_status":"closed","ping_status":"closed","template":"","meta":{"footnotes":""},"class_list":["post-5446","page","type-page","status-publish","has-post-thumbnail","hentry"],"acf":[],"rttpg_featured_image_url":{"full":["https:\/\/meeplendice.net\/wp-content\/uploads\/2019\/12\/Terrorbelow.png",350,350,false],"landscape":["https:\/\/meeplendice.net\/wp-content\/uploads\/2019\/12\/Terrorbelow.png",350,350,false],"portraits":["https:\/\/meeplendice.net\/wp-content\/uploads\/2019\/12\/Terrorbelow.png",350,350,false],"thumbnail":["https:\/\/meeplendice.net\/wp-content\/uploads\/2019\/12\/Terrorbelow-150x150.png",150,150,true],"medium":["https:\/\/meeplendice.net\/wp-content\/uploads\/2019\/12\/Terrorbelow-300x300.png",300,300,true],"large":["https:\/\/meeplendice.net\/wp-content\/uploads\/2019\/12\/Terrorbelow.png",350,350,false],"ug_big":["https:\/\/meeplendice.net\/wp-content\/uploads\/2019\/12\/Terrorbelow.png",350,350,false],"1536x1536":["https:\/\/meeplendice.net\/wp-content\/uploads\/2019\/12\/Terrorbelow.png",350,350,false],"2048x2048":["https:\/\/meeplendice.net\/wp-content\/uploads\/2019\/12\/Terrorbelow.png",350,350,false],"ashe-slider-grid-thumbnail":["https:\/\/meeplendice.net\/wp-content\/uploads\/2019\/12\/Terrorbelow.png",350,350,false],"ashe-full-thumbnail":["https:\/\/meeplendice.net\/wp-content\/uploads\/2019\/12\/Terrorbelow.png",350,350,false],"ashe-grid-thumbnail":["https:\/\/meeplendice.net\/wp-content\/uploads\/2019\/12\/Terrorbelow-350x330.png",350,330,true],"ashe-list-thumbnail":["https:\/\/meeplendice.net\/wp-content\/uploads\/2019\/12\/Terrorbelow-300x300.png",300,300,true],"ashe-single-navigation":["https:\/\/meeplendice.net\/wp-content\/uploads\/2019\/12\/Terrorbelow-75x75.png",75,75,true],"mailpoet_newsletter_max":["https:\/\/meeplendice.net\/wp-content\/uploads\/2019\/12\/Terrorbelow.png",350,350,false],"rpwe-thumbnail":["https:\/\/meeplendice.net\/wp-content\/uploads\/2019\/12\/Terrorbelow-45x45.png",45,45,true],"sow-carousel-default":["https:\/\/meeplendice.net\/wp-content\/uploads\/2019\/12\/Terrorbelow-272x182.png",272,182,true],"rt_custom":["https:\/\/meeplendice.net\/wp-content\/uploads\/2019\/12\/Terrorbelow.png",350,350,false]},"rttpg_author":{"display_name":"Karnby","author_link":"https:\/\/meeplendice.net\/?author=2"},"rttpg_comment":0,"rttpg_category":null,"rttpg_excerpt":"Nombre de joueurs : 2 - 5 Dur\u00e9e moyenne : 60 min Age : 10 ans et plus Auteur(s) : Mike Elliott Illustrations : Eric Hibbeler \u00c9dition : Origames Renegade France Renegade Game Studios 2019 Version : Fran\u00e7aise","_links":{"self":[{"href":"https:\/\/meeplendice.net\/index.php?rest_route=\/wp\/v2\/pages\/5446","targetHints":{"allow":["GET"]}}],"collection":[{"href":"https:\/\/meeplendice.net\/index.php?rest_route=\/wp\/v2\/pages"}],"about":[{"href":"https:\/\/meeplendice.net\/index.php?rest_route=\/wp\/v2\/types\/page"}],"author":[{"embeddable":true,"href":"https:\/\/meeplendice.net\/index.php?rest_route=\/wp\/v2\/users\/2"}],"replies":[{"embeddable":true,"href":"https:\/\/meeplendice.net\/index.php?rest_route=%2Fwp%2Fv2%2Fcomments&post=5446"}],"version-history":[{"count":6,"href":"https:\/\/meeplendice.net\/index.php?rest_route=\/wp\/v2\/pages\/5446\/revisions"}],"predecessor-version":[{"id":7615,"href":"https:\/\/meeplendice.net\/index.php?rest_route=\/wp\/v2\/pages\/5446\/revisions\/7615"}],"wp:featuredmedia":[{"embeddable":true,"href":"https:\/\/meeplendice.net\/index.php?rest_route=\/wp\/v2\/media\/5414"}],"wp:attachment":[{"href":"https:\/\/meeplendice.net\/index.php?rest_route=%2Fwp%2Fv2%2Fmedia&parent=5446"}],"curies":[{"name":"wp","href":"https:\/\/api.w.org\/{rel}","templated":true}]}}