{"id":5498,"date":"2020-01-01T01:49:11","date_gmt":"2020-01-01T00:49:11","guid":{"rendered":"http:\/\/meeplendice.net\/?page_id=5498"},"modified":"2025-12-15T17:13:55","modified_gmt":"2025-12-15T15:13:55","slug":"unlock-epic-adventures","status":"publish","type":"page","link":"https:\/\/meeplendice.net\/?page_id=5498","title":{"rendered":"Epic Adventures"},"content":{"rendered":"<div id=\"pl-5498\"  class=\"panel-layout\" ><div id=\"pg-5498-0\"  class=\"panel-grid panel-no-style\" ><div id=\"pgc-5498-0-0\"  class=\"panel-grid-cell\" ><div id=\"panel-5498-0-0-0\" class=\"so-panel widget widget_sow-editor panel-first-child panel-last-child\" data-index=\"0\" ><div\n\t\t\t\n\t\t\tclass=\"so-widget-sow-editor so-widget-sow-editor-base\"\n\t\t\t\n\t\t>\n<div class=\"siteorigin-widget-tinymce textwidget\">\n\t<p style=\"text-align: center;\"><strong>Auteur(s) :<br \/>\n<\/strong>Cyril Demaegd<br \/>\nTh\u00e9o Rivi\u00e8re<br \/>\nGabriel Durnerin<br \/>\nGuilaine Didier<br \/>\nMathieu Casnin<br \/>\nLuna Marie<\/p>\n<\/div>\n<\/div><\/div><\/div><div id=\"pgc-5498-0-1\"  class=\"panel-grid-cell\" ><div id=\"panel-5498-0-1-0\" class=\"so-panel widget widget_sow-editor panel-first-child panel-last-child\" data-index=\"1\" ><div\n\t\t\t\n\t\t\tclass=\"so-widget-sow-editor so-widget-sow-editor-base\"\n\t\t\t\n\t\t>\n<div class=\"siteorigin-widget-tinymce textwidget\">\n\t<p style=\"text-align: center;\"><strong>Illustrations :<br \/>\n<\/strong> Cyrille Bertin<br \/>\nMahulda Jelly<br \/>\nNeriac<\/p>\n<\/div>\n<\/div><\/div><\/div><div id=\"pgc-5498-0-2\"  class=\"panel-grid-cell\" ><div id=\"panel-5498-0-2-0\" class=\"so-panel widget widget_sow-editor panel-first-child panel-last-child\" data-index=\"2\" ><div\n\t\t\t\n\t\t\tclass=\"so-widget-sow-editor so-widget-sow-editor-base\"\n\t\t\t\n\t\t>\n<div class=\"siteorigin-widget-tinymce textwidget\">\n\t<p style=\"text-align: center;\"><strong>\u00c9dition :<br \/>\n<\/strong>\u00a0 Space Cowboys<br \/>\n2019<\/p>\n<\/div>\n<\/div><\/div><\/div><div id=\"pgc-5498-0-3\"  class=\"panel-grid-cell\" ><div id=\"panel-5498-0-3-0\" class=\"so-panel widget widget_sow-editor panel-first-child panel-last-child\" data-index=\"3\" ><div\n\t\t\t\n\t\t\tclass=\"so-widget-sow-editor so-widget-sow-editor-base\"\n\t\t\t\n\t\t>\n<div class=\"siteorigin-widget-tinymce textwidget\">\n\t<p style=\"text-align: center;\"><strong>Version :<\/strong><br \/>\nFran\u00e7aise<\/p>\n<\/div>\n<\/div><\/div><\/div><\/div><div id=\"pg-5498-1\"  class=\"panel-grid panel-no-style\" ><div id=\"pgc-5498-1-0\"  class=\"panel-grid-cell\" ><div id=\"panel-5498-1-0-0\" class=\"so-panel widget widget_sow-editor panel-first-child panel-last-child\" data-index=\"4\" ><div\n\t\t\t\n\t\t\tclass=\"so-widget-sow-editor so-widget-sow-editor-base\"\n\t\t\t\n\t\t>\n<div class=\"siteorigin-widget-tinymce textwidget\">\n\t<p>La bo\u00eete <em>Unlock! Epic Adventures<\/em> contient trois aventures :<\/p>\n<p><strong><em>7eme Art et D\u00e9c\u00e8s<\/em><\/strong><br \/>\nMunissez-vous de votre pop-corn ! Ce soir, c'est la premi\u00e8re du film d'horreur \"la derni\u00e8re nuit du loup-garou\". En sortirez-vous indemnes ?<\/p>\n<p><strong><em>Les 7 \u00e9preuves du Dragon<br \/>\n<\/em><\/strong>Le Temple des Dragons d'Or accueille de nouveaux \u00e9l\u00e8ves une fois tous les sept ans. Soyez dignes de l'enseignement de Ma\u00eetre Li !<\/p>\n<p><em><strong>Mission #07<\/strong><br \/>\n<\/em>L'organisation secr\u00e8te Eagle a \u00e9t\u00e9 infiltr\u00e9e. Agents, c'est \u00e0 vous d'identifier la taupe !<\/p>\n<\/div>\n<\/div><\/div><\/div><\/div><\/div>","protected":false},"excerpt":{"rendered":"<p>Auteur(s) : Cyril Demaegd Th\u00e9o Rivi\u00e8re Gabriel Durnerin Guilaine Didier Mathieu Casnin Luna Marie Illustrations : Cyrille Bertin Mahulda Jelly Neriac \u00c9dition : \u00a0 Space Cowboys 2019 Version : Fran\u00e7aise La bo\u00eete Unlock! Epic Adventures contient trois aventures : 7eme Art et D\u00e9c\u00e8s Munissez-vous de votre pop-corn ! Ce soir, c&rsquo;est la premi\u00e8re du film d&rsquo;horreur \u00ab\u00a0la derni\u00e8re nuit du loup-garou\u00a0\u00bb. En sortirez-vous indemnes ? Les 7 \u00e9preuves du Dragon Le Temple des Dragons d&rsquo;Or accueille de nouveaux \u00e9l\u00e8ves une fois tous les sept ans. Soyez dignes de l&rsquo;enseignement de Ma\u00eetre Li ! Mission #07 L&rsquo;organisation secr\u00e8te Eagle a \u00e9t\u00e9 infiltr\u00e9e. Agents, c&rsquo;est \u00e0 vous d&rsquo;identifier la taupe !<\/p>\n","protected":false},"author":2,"featured_media":13810,"parent":2446,"menu_order":7,"comment_status":"closed","ping_status":"closed","template":"","meta":{"footnotes":""},"class_list":["post-5498","page","type-page","status-publish","has-post-thumbnail","hentry"],"acf":[],"rttpg_featured_image_url":{"full":["https:\/\/meeplendice.net\/wp-content\/uploads\/2025\/12\/Unlock_Epic.png",350,350,false],"landscape":["https:\/\/meeplendice.net\/wp-content\/uploads\/2025\/12\/Unlock_Epic.png",350,350,false],"portraits":["https:\/\/meeplendice.net\/wp-content\/uploads\/2025\/12\/Unlock_Epic.png",350,350,false],"thumbnail":["https:\/\/meeplendice.net\/wp-content\/uploads\/2025\/12\/Unlock_Epic-150x150.png",150,150,true],"medium":["https:\/\/meeplendice.net\/wp-content\/uploads\/2025\/12\/Unlock_Epic-300x300.png",300,300,true],"large":["https:\/\/meeplendice.net\/wp-content\/uploads\/2025\/12\/Unlock_Epic.png",350,350,false],"ug_big":["https:\/\/meeplendice.net\/wp-content\/uploads\/2025\/12\/Unlock_Epic.png",350,350,false],"1536x1536":["https:\/\/meeplendice.net\/wp-content\/uploads\/2025\/12\/Unlock_Epic.png",350,350,false],"2048x2048":["https:\/\/meeplendice.net\/wp-content\/uploads\/2025\/12\/Unlock_Epic.png",350,350,false],"ashe-slider-grid-thumbnail":["https:\/\/meeplendice.net\/wp-content\/uploads\/2025\/12\/Unlock_Epic.png",350,350,false],"ashe-full-thumbnail":["https:\/\/meeplendice.net\/wp-content\/uploads\/2025\/12\/Unlock_Epic.png",350,350,false],"ashe-grid-thumbnail":["https:\/\/meeplendice.net\/wp-content\/uploads\/2025\/12\/Unlock_Epic-350x330.png",350,330,true],"ashe-list-thumbnail":["https:\/\/meeplendice.net\/wp-content\/uploads\/2025\/12\/Unlock_Epic-300x300.png",300,300,true],"ashe-single-navigation":["https:\/\/meeplendice.net\/wp-content\/uploads\/2025\/12\/Unlock_Epic-75x75.png",75,75,true],"mailpoet_newsletter_max":["https:\/\/meeplendice.net\/wp-content\/uploads\/2025\/12\/Unlock_Epic.png",350,350,false],"rpwe-thumbnail":["https:\/\/meeplendice.net\/wp-content\/uploads\/2025\/12\/Unlock_Epic-45x45.png",45,45,true],"sow-carousel-default":["https:\/\/meeplendice.net\/wp-content\/uploads\/2025\/12\/Unlock_Epic-272x182.png",272,182,true],"rt_custom":["https:\/\/meeplendice.net\/wp-content\/uploads\/2025\/12\/Unlock_Epic.png",350,350,false]},"rttpg_author":{"display_name":"Karnby","author_link":"https:\/\/meeplendice.net\/?author=2"},"rttpg_comment":0,"rttpg_category":null,"rttpg_excerpt":"Auteur(s) : Cyril Demaegd Th\u00e9o Rivi\u00e8re Gabriel Durnerin Guilaine Didier Mathieu Casnin Luna Marie Illustrations : Cyrille Bertin Mahulda Jelly Neriac \u00c9dition : \u00a0 Space Cowboys 2019 Version : Fran\u00e7aise La bo\u00eete Unlock! Epic Adventures contient trois aventures : 7eme Art et D\u00e9c\u00e8s Munissez-vous de votre pop-corn ! Ce soir, c'est la premi\u00e8re du film\u2026","_links":{"self":[{"href":"https:\/\/meeplendice.net\/index.php?rest_route=\/wp\/v2\/pages\/5498","targetHints":{"allow":["GET"]}}],"collection":[{"href":"https:\/\/meeplendice.net\/index.php?rest_route=\/wp\/v2\/pages"}],"about":[{"href":"https:\/\/meeplendice.net\/index.php?rest_route=\/wp\/v2\/types\/page"}],"author":[{"embeddable":true,"href":"https:\/\/meeplendice.net\/index.php?rest_route=\/wp\/v2\/users\/2"}],"replies":[{"embeddable":true,"href":"https:\/\/meeplendice.net\/index.php?rest_route=%2Fwp%2Fv2%2Fcomments&post=5498"}],"version-history":[{"count":10,"href":"https:\/\/meeplendice.net\/index.php?rest_route=\/wp\/v2\/pages\/5498\/revisions"}],"predecessor-version":[{"id":13811,"href":"https:\/\/meeplendice.net\/index.php?rest_route=\/wp\/v2\/pages\/5498\/revisions\/13811"}],"up":[{"embeddable":true,"href":"https:\/\/meeplendice.net\/index.php?rest_route=\/wp\/v2\/pages\/2446"}],"wp:featuredmedia":[{"embeddable":true,"href":"https:\/\/meeplendice.net\/index.php?rest_route=\/wp\/v2\/media\/13810"}],"wp:attachment":[{"href":"https:\/\/meeplendice.net\/index.php?rest_route=%2Fwp%2Fv2%2Fmedia&parent=5498"}],"curies":[{"name":"wp","href":"https:\/\/api.w.org\/{rel}","templated":true}]}}