{"id":55,"date":"2016-08-23T00:10:16","date_gmt":"2016-08-22T23:10:16","guid":{"rendered":"http:\/\/meeplendice.net\/?page_id=55"},"modified":"2022-01-18T18:59:57","modified_gmt":"2022-01-18T17:59:57","slug":"abyss","status":"publish","type":"page","link":"https:\/\/meeplendice.net\/?page_id=55","title":{"rendered":"Abyss"},"content":{"rendered":"<div id=\"pl-55\"  class=\"panel-layout\" ><div id=\"pg-55-0\"  class=\"panel-grid panel-no-style\" ><div id=\"pgc-55-0-0\"  class=\"panel-grid-cell\" ><div id=\"panel-55-0-0-0\" class=\"so-panel widget widget_sow-editor panel-first-child panel-last-child\" data-index=\"0\" ><div\n\t\t\t\n\t\t\tclass=\"so-widget-sow-editor so-widget-sow-editor-base\"\n\t\t\t\n\t\t>\n<div class=\"siteorigin-widget-tinymce textwidget\">\n\t<p style=\"text-align: center;\"><strong>Nombre de joueurs :<\/strong><br \/>\n2 - 4 (5 avec extension)<\/p>\n<\/div>\n<\/div><\/div><\/div><div id=\"pgc-55-0-1\"  class=\"panel-grid-cell\" ><div id=\"panel-55-0-1-0\" class=\"so-panel widget widget_sow-editor panel-first-child panel-last-child\" data-index=\"1\" ><div\n\t\t\t\n\t\t\tclass=\"so-widget-sow-editor so-widget-sow-editor-base\"\n\t\t\t\n\t\t>\n<div class=\"siteorigin-widget-tinymce textwidget\">\n\t<p style=\"text-align: center;\"><strong>Dur\u00e9e moyenne :<\/strong><br \/>\n90 min<\/p>\n<\/div>\n<\/div><\/div><\/div><div id=\"pgc-55-0-2\"  class=\"panel-grid-cell\" ><div id=\"panel-55-0-2-0\" class=\"so-panel widget widget_sow-editor panel-first-child panel-last-child\" data-index=\"2\" ><div\n\t\t\t\n\t\t\tclass=\"so-widget-sow-editor so-widget-sow-editor-base\"\n\t\t\t\n\t\t>\n<div class=\"siteorigin-widget-tinymce textwidget\">\n\t<p style=\"text-align: center;\"><strong>Age :<\/strong><br \/>\n14 ans et plus<\/p>\n<\/div>\n<\/div><\/div><\/div><\/div><div id=\"pg-55-1\"  class=\"panel-grid panel-no-style\" ><div id=\"pgc-55-1-0\"  class=\"panel-grid-cell\" ><div id=\"panel-55-1-0-0\" class=\"so-panel widget widget_sow-editor panel-first-child panel-last-child\" data-index=\"3\" ><div class=\"panel-widget-style panel-widget-style-for-55-1-0-0\" ><div\n\t\t\t\n\t\t\tclass=\"so-widget-sow-editor so-widget-sow-editor-base\"\n\t\t\t\n\t\t>\n<div class=\"siteorigin-widget-tinymce textwidget\">\n\t<p style=\"text-align: center;\"><strong>Auteur(s) :<br \/>\n<\/strong>Bruno Cathala<br \/>\nCharles Chevalier<\/p>\n<\/div>\n<\/div><\/div><\/div><\/div><div id=\"pgc-55-1-1\"  class=\"panel-grid-cell\" ><div id=\"panel-55-1-1-0\" class=\"so-panel widget widget_sow-editor panel-first-child panel-last-child\" data-index=\"4\" ><div\n\t\t\t\n\t\t\tclass=\"so-widget-sow-editor so-widget-sow-editor-base\"\n\t\t\t\n\t\t>\n<div class=\"siteorigin-widget-tinymce textwidget\">\n\t<p style=\"text-align: center;\"><strong>Illustrations :<\/strong><br \/>\nXavier Collette<\/p>\n<\/div>\n<\/div><\/div><\/div><div id=\"pgc-55-1-2\"  class=\"panel-grid-cell\" ><div id=\"panel-55-1-2-0\" class=\"so-panel widget widget_sow-editor panel-first-child panel-last-child\" data-index=\"5\" ><div\n\t\t\t\n\t\t\tclass=\"so-widget-sow-editor so-widget-sow-editor-base\"\n\t\t\t\n\t\t>\n<div class=\"siteorigin-widget-tinymce textwidget\">\n\t<p style=\"text-align: center;\"><strong>\u00c9dition :<\/strong><br \/>\nBombyx<br \/>\n2014<\/p>\n<\/div>\n<\/div><\/div><\/div><div id=\"pgc-55-1-3\"  class=\"panel-grid-cell\" ><div id=\"panel-55-1-3-0\" class=\"so-panel widget widget_sow-editor panel-first-child panel-last-child\" data-index=\"6\" ><div\n\t\t\t\n\t\t\tclass=\"so-widget-sow-editor so-widget-sow-editor-base\"\n\t\t\t\n\t\t>\n<div class=\"siteorigin-widget-tinymce textwidget\">\n\t<p style=\"text-align: center;\"><strong>Version :<\/strong><br \/>\nFran\u00e7aise<\/p>\n<\/div>\n<\/div><\/div><\/div><\/div><div id=\"pg-55-2\"  class=\"panel-grid panel-no-style\" ><div id=\"pgc-55-2-0\"  class=\"panel-grid-cell\" ><div id=\"panel-55-2-0-0\" class=\"so-panel widget widget_sow-editor panel-first-child panel-last-child\" data-index=\"7\" ><div\n\t\t\t\n\t\t\tclass=\"so-widget-sow-editor so-widget-sow-editor-base\"\n\t\t\t\n\t\t>\n<div class=\"siteorigin-widget-tinymce textwidget\">\n\t<hr \/>\n<p style=\"text-align: left;\">Depuis des si\u00e8cles, des cr\u00e9atures r\u00e8gnent sans partage sur les profondeurs des oc\u00e9ans. Leur royaume, Abyss , est respect\u00e9 par tous les peuples alli\u00e9s, heureux d\u2019y trouver une protection contre les redoutables monstres sous-marins. Bient\u00f4t, le Tr\u00f4ne sera vacant\u2026 Et si c\u2019\u00e9tait le moment de vous en emparer ?<\/p>\n<p style=\"text-align: left;\">\u25a0 Explorer les profondeurs \u00e0 la recherche d\u2019Alli\u00e9s<br \/>\n\u25a0 Recruter les meilleurs Seigneurs<br \/>\n\u25a0 Contr\u00f4ler les principaux Lieux du royaume<\/p>\n<p style=\"text-align: left;\">Votre succ\u00e8s d\u00e9pendra principalement de votre capacit\u00e9 \u00e0 faire les bons choix\u2026 tout en gardant \u00e0 l\u2019esprit qu\u2019au plus profond des oc\u00e9ans, l\u2019argent est aussi le nerf de la guerre !<\/p>\n<\/div>\n<\/div><\/div><\/div><\/div><div id=\"pg-55-3\"  class=\"panel-grid panel-no-style\" ><div id=\"pgc-55-3-0\"  class=\"panel-grid-cell\" ><div id=\"panel-55-3-0-0\" class=\"so-panel widget widget_sow-editor panel-first-child panel-last-child\" data-index=\"8\" ><div\n\t\t\t\n\t\t\tclass=\"so-widget-sow-editor so-widget-sow-editor-base\"\n\t\t\t\n\t\t>\n<div class=\"siteorigin-widget-tinymce textwidget\">\n\t<hr \/>\n<h3 style=\"text-align: center;\">En vid\u00e9o<\/h3>\n<p><a href=\"https:\/\/www.trictrac.net\/actus\/abyss-de-l-explication\" target=\"_blank\" rel=\"noopener\"><img loading=\"lazy\" decoding=\"async\" class=\"alignnone size-full wp-image-9090\" src=\"https:\/\/meeplendice.net\/wp-content\/uploads\/2022\/01\/Link_CJ_v2.png\" alt=\"\" width=\"200\" height=\"170\" \/><\/a><\/p>\n<\/div>\n<\/div><\/div><\/div><\/div><div id=\"pg-55-4\"  class=\"panel-grid panel-no-style\" ><div id=\"pgc-55-4-0\"  class=\"panel-grid-cell\" ><div id=\"panel-55-4-0-0\" class=\"so-panel widget widget_sow-editor panel-first-child panel-last-child\" data-index=\"9\" ><div\n\t\t\t\n\t\t\tclass=\"so-widget-sow-editor so-widget-sow-editor-base\"\n\t\t\t\n\t\t>\n<div class=\"siteorigin-widget-tinymce textwidget\">\n\t<hr \/>\n<h3 style=\"text-align: center;\">Extension(s)<\/h3>\n<p style=\"text-align: center;\"><style type='text\/css' media='all'>#rt-tpg-container-3167031048 .read-more a{border-radius:px;}#rt-tpg-container-3167031048 .rt-img-holder img.rt-img-responsive,#rt-tpg-container-3167031048 .rt-img-holder,\n\t\t\t\t\t#rt-tpg-container-3167031048 .rt-post-overlay .post-img,\n\t\t\t\t\t#rt-tpg-container-3167031048 .post-sm .post-img,\n\t\t\t\t\t#rt-tpg-container-3167031048 .rt-post-grid .post-img,\n\t\t\t\t\t#rt-tpg-container-3167031048 .post-img img {border-radius:px;}#rt-tpg-container-3167031048 .layout9 .rt-holder h2.entry-title,\n\t\t\t\t\t#rt-tpg-container-3167031048 .layout9 .rt-holder h3.entry-title,\n\t\t\t\t\t#rt-tpg-container-3167031048 .layout9 .rt-holder h4.entry-title,\n\t\t\t\t\t#rt-tpg-container-3167031048 .layout9 .rt-holder h2.entry-title a,\n\t\t\t\t\t#rt-tpg-container-3167031048 .layout9 .rt-holder h3.entry-title a,\n\t\t\t\t\t#rt-tpg-container-3167031048 .layout9 .rt-holder h4.entry-title a,\n\t\t\t\t\t#rt-tpg-container-3167031048 .rt-holder .rt-woo-info h2 a,\n\t\t\t\t\t#rt-tpg-container-3167031048 .rt-holder .rt-woo-info h3 a,\n\t\t\t\t\t#rt-tpg-container-3167031048 .rt-holder .rt-woo-info h4 a,\n\t\t\t\t\t#rt-tpg-container-3167031048 .post-content .post-title,\n\t\t\t\t\t#rt-tpg-container-3167031048 .rt-post-grid .post-title,\n\t\t\t\t\t#rt-tpg-container-3167031048 .rt-post-grid .post-title a,\n\t\t\t\t\t#rt-tpg-container-3167031048 .post-content .post-title a,\n\t\t\t\t\t#rt-tpg-container-3167031048 .rt-holder .rt-woo-info h2,\n\t\t\t\t\t#rt-tpg-container-3167031048 .rt-holder .rt-woo-info h3,\n\t\t\t\t\t#rt-tpg-container-3167031048 .rt-holder .rt-woo-info h4{font-size:16px;line-height:26px;font-weight:normal;text-align:center;}#rt-tpg-container-3167031048 .post-grid-lg-style-1 .post-title,\n\t\t\t\t\t\t#rt-tpg-container-3167031048 .post-grid-lg-style-1 .post-title a,\n\t\t\t\t\t\t#rt-tpg-container-3167031048 .big-layout .post-title,\n\t\t\t\t\t\t#rt-tpg-container-3167031048 .big-layout .post-title a,\n\t\t\t\t\t\t#rt-tpg-container-3167031048 .post-grid-lg-style-1 .post-title,\n\t\t\t\t\t\t#rt-tpg-container-3167031048 .post-grid-lg-style-1 .post-title a {font-size:24px;line-height:34px;}<\/style><div class='rt-container-fluid rt-tpg-container tpg-shortcode-main-wrapper ' id='rt-tpg-container-3167031048'   data-layout='layout9' data-grid-style='masonry' data-desktop-col='3'  data-tab-col='2'  data-mobile-col='1' data-sc-id='1306'><div data-title='Loading ...' class='rt-row rt-content-loader   layout9 tpg-masonry '><div class=\"rt-col-md-4 rt-col-sm-6 rt-col-xs-12 masonry-grid-item rt-grid-item img_zoom_in\" data-id=\"1299\"><div class=\"rt-holder\"><div class='overlay'><a data-id='1299' class=' tpg-single-popup' href='https:\/\/meeplendice.net\/?page_id=1299'><img loading=\"lazy\" decoding=\"async\" width=\"350\" height=\"350\" src=\"https:\/\/meeplendice.net\/wp-content\/uploads\/2016\/09\/Abyss_Kraken.png\" class=\"rt-img-responsive \" alt=\"\" \/><\/a><\/div><div class='post-info'><h3 class=\"entry-title\"><a data-id=\"1299\" class=\" tpg-single-popup\" href=\"https:\/\/meeplendice.net\/?page_id=1299\">Kraken<\/a><\/h3><div class='post-meta-user '><\/div><\/div><\/div><\/div><div class=\"rt-col-md-4 rt-col-sm-6 rt-col-xs-12 masonry-grid-item rt-grid-item img_zoom_in\" data-id=\"4197\"><div class=\"rt-holder\"><div class='overlay'><a data-id='4197' class=' tpg-single-popup' href='https:\/\/meeplendice.net\/?page_id=4197'><img loading=\"lazy\" decoding=\"async\" width=\"350\" height=\"350\" src=\"https:\/\/meeplendice.net\/wp-content\/uploads\/2018\/05\/Abyss_Leviathan.png\" class=\"rt-img-responsive \" alt=\"\" \/><\/a><\/div><div class='post-info'><h3 class=\"entry-title\"><a data-id=\"4197\" class=\" tpg-single-popup\" href=\"https:\/\/meeplendice.net\/?page_id=4197\">Leviathan<\/a><\/h3><div class='post-meta-user '><\/div><\/div><\/div><\/div><div class=\"rt-col-md-4 rt-col-sm-6 rt-col-xs-12 masonry-grid-item rt-grid-item img_zoom_in\" data-id=\"12978\"><div class=\"rt-holder\"><div class='overlay'><a data-id='12978' class=' tpg-single-popup' href='https:\/\/meeplendice.net\/?page_id=12978'><img loading=\"lazy\" decoding=\"async\" width=\"350\" height=\"350\" src=\"https:\/\/meeplendice.net\/wp-content\/uploads\/2024\/11\/Abyss_DeProfundis.png\" class=\"rt-img-responsive \" alt=\"\" \/><\/a><\/div><div class='post-info'><h3 class=\"entry-title\"><a data-id=\"12978\" class=\" tpg-single-popup\" href=\"https:\/\/meeplendice.net\/?page_id=12978\">De Profundis<\/a><\/h3><div class='post-meta-user '><\/div><\/div><\/div><\/div><\/div><div class='rt-pagination-wrap' data-total-pages='1' data-posts-per-page='3' data-type='pagination_ajax'  ><div class='rt-page-numbers'><\/div><\/div><\/div><\/p>\n<\/div>\n<\/div><\/div><\/div><\/div><div id=\"pg-55-5\"  class=\"panel-grid panel-no-style\" ><div id=\"pgc-55-5-0\"  class=\"panel-grid-cell\" ><div id=\"panel-55-5-0-0\" class=\"so-panel widget widget_sow-editor panel-first-child panel-last-child\" data-index=\"10\" ><div\n\t\t\t\n\t\t\tclass=\"so-widget-sow-editor so-widget-sow-editor-base\"\n\t\t\t\n\t\t>\n<div class=\"siteorigin-widget-tinymce textwidget\">\n\t<hr \/>\n<h3 style=\"text-align: center;\">Pour aller plus loin<strong><br \/>\n<\/strong><\/h3>\n<\/div>\n<\/div><\/div><\/div><\/div><\/div>","protected":false},"excerpt":{"rendered":"<p>Nombre de joueurs : 2 &#8211; 4 (5 avec extension) Dur\u00e9e moyenne : 90 min Age : 14 ans et plus Auteur(s) : Bruno Cathala Charles Chevalier Illustrations : Xavier Collette \u00c9dition : Bombyx 2014 Version : Fran\u00e7aise<\/p>\n","protected":false},"author":2,"featured_media":56,"parent":0,"menu_order":0,"comment_status":"closed","ping_status":"closed","template":"","meta":{"footnotes":""},"class_list":["post-55","page","type-page","status-publish","has-post-thumbnail","hentry"],"acf":[],"rttpg_featured_image_url":{"full":["https:\/\/meeplendice.net\/wp-content\/uploads\/2016\/08\/Abyss.png",350,350,false],"landscape":["https:\/\/meeplendice.net\/wp-content\/uploads\/2016\/08\/Abyss.png",350,350,false],"portraits":["https:\/\/meeplendice.net\/wp-content\/uploads\/2016\/08\/Abyss.png",350,350,false],"thumbnail":["https:\/\/meeplendice.net\/wp-content\/uploads\/2016\/08\/Abyss-150x150.png",150,150,true],"medium":["https:\/\/meeplendice.net\/wp-content\/uploads\/2016\/08\/Abyss-300x300.png",300,300,true],"large":["https:\/\/meeplendice.net\/wp-content\/uploads\/2016\/08\/Abyss.png",350,350,false],"ug_big":["https:\/\/meeplendice.net\/wp-content\/uploads\/2016\/08\/Abyss.png",350,350,false],"1536x1536":["https:\/\/meeplendice.net\/wp-content\/uploads\/2016\/08\/Abyss.png",350,350,false],"2048x2048":["https:\/\/meeplendice.net\/wp-content\/uploads\/2016\/08\/Abyss.png",350,350,false],"ashe-slider-grid-thumbnail":["https:\/\/meeplendice.net\/wp-content\/uploads\/2016\/08\/Abyss.png",350,350,false],"ashe-full-thumbnail":["https:\/\/meeplendice.net\/wp-content\/uploads\/2016\/08\/Abyss.png",350,350,false],"ashe-grid-thumbnail":["https:\/\/meeplendice.net\/wp-content\/uploads\/2016\/08\/Abyss-350x330.png",350,330,true],"ashe-list-thumbnail":["https:\/\/meeplendice.net\/wp-content\/uploads\/2016\/08\/Abyss-300x300.png",300,300,true],"ashe-single-navigation":["https:\/\/meeplendice.net\/wp-content\/uploads\/2016\/08\/Abyss-75x75.png",75,75,true],"mailpoet_newsletter_max":["https:\/\/meeplendice.net\/wp-content\/uploads\/2016\/08\/Abyss.png",350,350,false],"rpwe-thumbnail":["https:\/\/meeplendice.net\/wp-content\/uploads\/2016\/08\/Abyss-45x45.png",45,45,true],"sow-carousel-default":["https:\/\/meeplendice.net\/wp-content\/uploads\/2016\/08\/Abyss-272x182.png",272,182,true],"rt_custom":["https:\/\/meeplendice.net\/wp-content\/uploads\/2016\/08\/Abyss.png",350,350,false]},"rttpg_author":{"display_name":"Karnby","author_link":"https:\/\/meeplendice.net\/?author=2"},"rttpg_comment":0,"rttpg_category":null,"rttpg_excerpt":"Nombre de joueurs : 2 - 4 (5 avec extension) Dur\u00e9e moyenne : 90 min Age : 14 ans et plus Auteur(s) : Bruno Cathala Charles Chevalier Illustrations : Xavier Collette \u00c9dition : Bombyx 2014 Version : Fran\u00e7aise","_links":{"self":[{"href":"https:\/\/meeplendice.net\/index.php?rest_route=\/wp\/v2\/pages\/55","targetHints":{"allow":["GET"]}}],"collection":[{"href":"https:\/\/meeplendice.net\/index.php?rest_route=\/wp\/v2\/pages"}],"about":[{"href":"https:\/\/meeplendice.net\/index.php?rest_route=\/wp\/v2\/types\/page"}],"author":[{"embeddable":true,"href":"https:\/\/meeplendice.net\/index.php?rest_route=\/wp\/v2\/users\/2"}],"replies":[{"embeddable":true,"href":"https:\/\/meeplendice.net\/index.php?rest_route=%2Fwp%2Fv2%2Fcomments&post=55"}],"version-history":[{"count":111,"href":"https:\/\/meeplendice.net\/index.php?rest_route=\/wp\/v2\/pages\/55\/revisions"}],"predecessor-version":[{"id":9129,"href":"https:\/\/meeplendice.net\/index.php?rest_route=\/wp\/v2\/pages\/55\/revisions\/9129"}],"wp:featuredmedia":[{"embeddable":true,"href":"https:\/\/meeplendice.net\/index.php?rest_route=\/wp\/v2\/media\/56"}],"wp:attachment":[{"href":"https:\/\/meeplendice.net\/index.php?rest_route=%2Fwp%2Fv2%2Fmedia&parent=55"}],"curies":[{"name":"wp","href":"https:\/\/api.w.org\/{rel}","templated":true}]}}