{"id":5776,"date":"2020-04-15T14:46:50","date_gmt":"2020-04-15T13:46:50","guid":{"rendered":"http:\/\/meeplendice.net\/?page_id=5776"},"modified":"2020-09-01T11:25:35","modified_gmt":"2020-09-01T10:25:35","slug":"explorers-expansion","status":"publish","type":"page","link":"https:\/\/meeplendice.net\/?page_id=5776","title":{"rendered":"Explorers Expansion"},"content":{"rendered":"<p>Ceux qui explorent le monde de Dark Souls doivent \u00eatre pr\u00e9par\u00e9s aux dangers qui se cachent \u00e0 chaque coin de rue. Des chevaliers de rang et des guerriers morts-vivants aux ennemis singuliers et puissants qui essayeraient l&rsquo;habilet\u00e9 de n&rsquo;importe quel h\u00e9ros jusqu&rsquo;au coffre au tr\u00e9sor qui devrait accorder des avantages \u00e0 ces h\u00e9ros, les p\u00e9rils ne manquent pas dans ces terres sombres.<\/p>\n<p>&nbsp;<\/p>\n<p>&nbsp;<\/p>\n<p><span id=\"result_box\" class=\"\" lang=\"fr\"><span class=\"\">\u00a0<\/span><\/span><\/p>\n","protected":false},"excerpt":{"rendered":"<p>Ceux qui explorent le monde de Dark Souls doivent \u00eatre pr\u00e9par\u00e9s aux dangers qui se cachent \u00e0 chaque coin de rue. Des chevaliers de rang et des guerriers morts-vivants aux ennemis singuliers et puissants qui essayeraient l&rsquo;habilet\u00e9 de n&rsquo;importe quel h\u00e9ros jusqu&rsquo;au coffre au tr\u00e9sor qui devrait accorder des avantages \u00e0 ces h\u00e9ros, les p\u00e9rils ne manquent pas dans ces terres sombres. &nbsp; &nbsp; \u00a0<\/p>\n","protected":false},"author":2,"featured_media":5681,"parent":5284,"menu_order":3,"comment_status":"closed","ping_status":"closed","template":"","meta":{"footnotes":""},"class_list":["post-5776","page","type-page","status-publish","has-post-thumbnail","hentry"],"acf":[],"rttpg_featured_image_url":{"full":["https:\/\/meeplendice.net\/wp-content\/uploads\/2020\/04\/DS_Explorers.png",350,350,false],"landscape":["https:\/\/meeplendice.net\/wp-content\/uploads\/2020\/04\/DS_Explorers.png",350,350,false],"portraits":["https:\/\/meeplendice.net\/wp-content\/uploads\/2020\/04\/DS_Explorers.png",350,350,false],"thumbnail":["https:\/\/meeplendice.net\/wp-content\/uploads\/2020\/04\/DS_Explorers-150x150.png",150,150,true],"medium":["https:\/\/meeplendice.net\/wp-content\/uploads\/2020\/04\/DS_Explorers-300x300.png",300,300,true],"large":["https:\/\/meeplendice.net\/wp-content\/uploads\/2020\/04\/DS_Explorers.png",350,350,false],"ug_big":["https:\/\/meeplendice.net\/wp-content\/uploads\/2020\/04\/DS_Explorers.png",350,350,false],"1536x1536":["https:\/\/meeplendice.net\/wp-content\/uploads\/2020\/04\/DS_Explorers.png",350,350,false],"2048x2048":["https:\/\/meeplendice.net\/wp-content\/uploads\/2020\/04\/DS_Explorers.png",350,350,false],"ashe-slider-grid-thumbnail":["https:\/\/meeplendice.net\/wp-content\/uploads\/2020\/04\/DS_Explorers.png",350,350,false],"ashe-full-thumbnail":["https:\/\/meeplendice.net\/wp-content\/uploads\/2020\/04\/DS_Explorers.png",350,350,false],"ashe-grid-thumbnail":["https:\/\/meeplendice.net\/wp-content\/uploads\/2020\/04\/DS_Explorers-350x330.png",350,330,true],"ashe-list-thumbnail":["https:\/\/meeplendice.net\/wp-content\/uploads\/2020\/04\/DS_Explorers-300x300.png",300,300,true],"ashe-single-navigation":["https:\/\/meeplendice.net\/wp-content\/uploads\/2020\/04\/DS_Explorers-75x75.png",75,75,true],"mailpoet_newsletter_max":["https:\/\/meeplendice.net\/wp-content\/uploads\/2020\/04\/DS_Explorers.png",350,350,false],"rpwe-thumbnail":["https:\/\/meeplendice.net\/wp-content\/uploads\/2020\/04\/DS_Explorers-45x45.png",45,45,true],"sow-carousel-default":["https:\/\/meeplendice.net\/wp-content\/uploads\/2020\/04\/DS_Explorers-272x182.png",272,182,true],"rt_custom":["https:\/\/meeplendice.net\/wp-content\/uploads\/2020\/04\/DS_Explorers.png",350,350,false]},"rttpg_author":{"display_name":"Karnby","author_link":"https:\/\/meeplendice.net\/?author=2"},"rttpg_comment":0,"rttpg_category":null,"rttpg_excerpt":"Ceux qui explorent le monde de Dark Souls doivent \u00eatre pr\u00e9par\u00e9s aux dangers qui se cachent \u00e0 chaque coin de rue. Des chevaliers de rang et des guerriers morts-vivants aux ennemis singuliers et puissants qui essayeraient l&rsquo;habilet\u00e9 de n&rsquo;importe quel h\u00e9ros jusqu&rsquo;au coffre au tr\u00e9sor qui devrait accorder des avantages \u00e0 ces h\u00e9ros, les p\u00e9rils\u2026","_links":{"self":[{"href":"https:\/\/meeplendice.net\/index.php?rest_route=\/wp\/v2\/pages\/5776","targetHints":{"allow":["GET"]}}],"collection":[{"href":"https:\/\/meeplendice.net\/index.php?rest_route=\/wp\/v2\/pages"}],"about":[{"href":"https:\/\/meeplendice.net\/index.php?rest_route=\/wp\/v2\/types\/page"}],"author":[{"embeddable":true,"href":"https:\/\/meeplendice.net\/index.php?rest_route=\/wp\/v2\/users\/2"}],"replies":[{"embeddable":true,"href":"https:\/\/meeplendice.net\/index.php?rest_route=%2Fwp%2Fv2%2Fcomments&post=5776"}],"version-history":[{"count":5,"href":"https:\/\/meeplendice.net\/index.php?rest_route=\/wp\/v2\/pages\/5776\/revisions"}],"predecessor-version":[{"id":6508,"href":"https:\/\/meeplendice.net\/index.php?rest_route=\/wp\/v2\/pages\/5776\/revisions\/6508"}],"up":[{"embeddable":true,"href":"https:\/\/meeplendice.net\/index.php?rest_route=\/wp\/v2\/pages\/5284"}],"wp:featuredmedia":[{"embeddable":true,"href":"https:\/\/meeplendice.net\/index.php?rest_route=\/wp\/v2\/media\/5681"}],"wp:attachment":[{"href":"https:\/\/meeplendice.net\/index.php?rest_route=%2Fwp%2Fv2%2Fmedia&parent=5776"}],"curies":[{"name":"wp","href":"https:\/\/api.w.org\/{rel}","templated":true}]}}