{"id":6929,"date":"2020-09-19T22:22:56","date_gmt":"2020-09-19T21:22:56","guid":{"rendered":"http:\/\/meeplendice.net\/?page_id=6929"},"modified":"2022-01-18T19:01:01","modified_gmt":"2022-01-18T18:01:01","slug":"6929-2","status":"publish","type":"page","link":"https:\/\/meeplendice.net\/?page_id=6929","title":{"rendered":"Demeter"},"content":{"rendered":"<div id=\"pl-6929\"  class=\"panel-layout\" ><div id=\"pg-6929-0\"  class=\"panel-grid panel-no-style\" ><div id=\"pgc-6929-0-0\"  class=\"panel-grid-cell\" ><div id=\"panel-6929-0-0-0\" class=\"so-panel widget widget_sow-editor panel-first-child panel-last-child\" data-index=\"0\" ><div\n\t\t\t\n\t\t\tclass=\"so-widget-sow-editor so-widget-sow-editor-base\"\n\t\t\t\n\t\t>\n<div class=\"siteorigin-widget-tinymce textwidget\">\n\t<p style=\"text-align: center;\"><strong>Nombre de joueurs :<br \/>\n<\/strong>1 - x<strong><br \/>\n<\/strong><\/p>\n<\/div>\n<\/div><\/div><\/div><div id=\"pgc-6929-0-1\"  class=\"panel-grid-cell\" ><div id=\"panel-6929-0-1-0\" class=\"so-panel widget widget_sow-editor panel-first-child panel-last-child\" data-index=\"1\" ><div\n\t\t\t\n\t\t\tclass=\"so-widget-sow-editor so-widget-sow-editor-base\"\n\t\t\t\n\t\t>\n<div class=\"siteorigin-widget-tinymce textwidget\">\n\t<p style=\"text-align: center;\"><strong>Dur\u00e9e moyenne :<\/strong><br \/>\n20 min<\/p>\n<\/div>\n<\/div><\/div><\/div><div id=\"pgc-6929-0-2\"  class=\"panel-grid-cell\" ><div id=\"panel-6929-0-2-0\" class=\"so-panel widget widget_sow-editor panel-first-child panel-last-child\" data-index=\"2\" ><div\n\t\t\t\n\t\t\tclass=\"so-widget-sow-editor so-widget-sow-editor-base\"\n\t\t\t\n\t\t>\n<div class=\"siteorigin-widget-tinymce textwidget\">\n\t<p style=\"text-align: center;\"><strong>Age :<\/strong><br \/>\n14 ans et plus<\/p>\n<\/div>\n<\/div><\/div><\/div><\/div><div id=\"pg-6929-1\"  class=\"panel-grid panel-no-style\" ><div id=\"pgc-6929-1-0\"  class=\"panel-grid-cell\" ><div id=\"panel-6929-1-0-0\" class=\"so-panel widget widget_sow-editor panel-first-child panel-last-child\" data-index=\"3\" ><div\n\t\t\t\n\t\t\tclass=\"so-widget-sow-editor so-widget-sow-editor-base\"\n\t\t\t\n\t\t>\n<div class=\"siteorigin-widget-tinymce textwidget\">\n\t<p style=\"text-align: center;\"><strong>Auteur(s) :<br \/>\n<\/strong>Matthieu Verdier<\/p>\n<\/div>\n<\/div><\/div><\/div><div id=\"pgc-6929-1-1\"  class=\"panel-grid-cell\" ><div id=\"panel-6929-1-1-0\" class=\"so-panel widget widget_sow-editor panel-first-child panel-last-child\" data-index=\"4\" ><div\n\t\t\t\n\t\t\tclass=\"so-widget-sow-editor so-widget-sow-editor-base\"\n\t\t\t\n\t\t>\n<div class=\"siteorigin-widget-tinymce textwidget\">\n\t<p style=\"text-align: center;\"><strong>Illustrations :<\/strong><br \/>\nOlivier Mootoo<br \/>\nDavid Sitbon<\/p>\n<\/div>\n<\/div><\/div><\/div><div id=\"pgc-6929-1-2\"  class=\"panel-grid-cell\" ><div id=\"panel-6929-1-2-0\" class=\"so-panel widget widget_sow-editor panel-first-child panel-last-child\" data-index=\"5\" ><div\n\t\t\t\n\t\t\tclass=\"so-widget-sow-editor so-widget-sow-editor-base\"\n\t\t\t\n\t\t>\n<div class=\"siteorigin-widget-tinymce textwidget\">\n\t<p style=\"text-align: center;\"><strong>\u00c9dition :<\/strong><br \/>\nSorry We Are French<br \/>\n2020<\/p>\n<\/div>\n<\/div><\/div><\/div><div id=\"pgc-6929-1-3\"  class=\"panel-grid-cell\" ><div id=\"panel-6929-1-3-0\" class=\"so-panel widget widget_sow-editor panel-first-child panel-last-child\" data-index=\"6\" ><div\n\t\t\t\n\t\t\tclass=\"so-widget-sow-editor so-widget-sow-editor-base\"\n\t\t\t\n\t\t>\n<div class=\"siteorigin-widget-tinymce textwidget\">\n\t<p style=\"text-align: center;\"><strong>Version :<\/strong><br \/>\nFran\u00e7aise<\/p>\n<\/div>\n<\/div><\/div><\/div><\/div><div id=\"pg-6929-2\"  class=\"panel-grid panel-no-style\" ><div id=\"pgc-6929-2-0\"  class=\"panel-grid-cell\" ><div id=\"panel-6929-2-0-0\" class=\"so-panel widget widget_sow-editor panel-first-child panel-last-child\" data-index=\"7\" ><div\n\t\t\t\n\t\t\tclass=\"so-widget-sow-editor so-widget-sow-editor-base\"\n\t\t\t\n\t\t>\n<div class=\"siteorigin-widget-tinymce textwidget\">\n\t<hr \/>\n<p>Vous \u00eates un scientifique et vous venez d'embarquer sur un vaisseau depuis Ganym\u00e8de \u00e0 destination de Demeter 1, une plan\u00e8te en orbite autour de Demeter.<br \/>\nDemeter est une naine rouge avec 2 plan\u00e8tes jumelles, chacune ayant un IST (Indice de Similaire avec la Terre) de 0.98. Les premiers survols ont r\u00e9v\u00e9l\u00e9 la pr\u00e9sence de dinosaure...<br \/>\nCharazad prend la t\u00eate de cette exp\u00e9dition : partez \u00e0 l'aventure et d\u00e9couvrez tous les secrets de la premier lune de Demeter !<\/p>\n<p>En marquant plus de points que vos adversaires !<\/p>\n<\/div>\n<\/div><\/div><\/div><\/div><div id=\"pg-6929-3\"  class=\"panel-grid panel-no-style\" ><div id=\"pgc-6929-3-0\"  class=\"panel-grid-cell\" ><div id=\"panel-6929-3-0-0\" class=\"so-panel widget widget_sow-editor panel-first-child panel-last-child\" data-index=\"8\" ><div\n\t\t\t\n\t\t\tclass=\"so-widget-sow-editor so-widget-sow-editor-base\"\n\t\t\t\n\t\t>\n<div class=\"siteorigin-widget-tinymce textwidget\">\n\t<hr \/>\n<p style=\"text-align: center;\"><strong>En vid\u00e9o<\/strong><\/p>\n<\/div>\n<\/div><\/div><\/div><\/div><div id=\"pg-6929-4\"  class=\"panel-grid panel-no-style\" ><div id=\"pgc-6929-4-0\"  class=\"panel-grid-cell\" ><div id=\"panel-6929-4-0-0\" class=\"so-panel widget widget_sow-editor panel-first-child panel-last-child\" data-index=\"9\" ><div\n\t\t\t\n\t\t\tclass=\"so-widget-sow-editor so-widget-sow-editor-base\"\n\t\t\t\n\t\t>\n<div class=\"siteorigin-widget-tinymce textwidget\">\n\t<hr \/>\n<p style=\"text-align: center;\"><strong>Extension(s)<\/strong><\/p>\n<p style=\"text-align: center;\"><style type='text\/css' media='all'>#rt-tpg-container-4164207681 .read-more a{border-radius:px;}#rt-tpg-container-4164207681 .rt-img-holder img.rt-img-responsive,#rt-tpg-container-4164207681 .rt-img-holder,\n\t\t\t\t\t#rt-tpg-container-4164207681 .rt-post-overlay .post-img,\n\t\t\t\t\t#rt-tpg-container-4164207681 .post-sm .post-img,\n\t\t\t\t\t#rt-tpg-container-4164207681 .rt-post-grid .post-img,\n\t\t\t\t\t#rt-tpg-container-4164207681 .post-img img {border-radius:px;}#rt-tpg-container-4164207681 .layout9 .rt-holder h2.entry-title,\n\t\t\t\t\t#rt-tpg-container-4164207681 .layout9 .rt-holder h3.entry-title,\n\t\t\t\t\t#rt-tpg-container-4164207681 .layout9 .rt-holder h4.entry-title,\n\t\t\t\t\t#rt-tpg-container-4164207681 .layout9 .rt-holder h2.entry-title a,\n\t\t\t\t\t#rt-tpg-container-4164207681 .layout9 .rt-holder h3.entry-title a,\n\t\t\t\t\t#rt-tpg-container-4164207681 .layout9 .rt-holder h4.entry-title a,\n\t\t\t\t\t#rt-tpg-container-4164207681 .rt-holder .rt-woo-info h2 a,\n\t\t\t\t\t#rt-tpg-container-4164207681 .rt-holder .rt-woo-info h3 a,\n\t\t\t\t\t#rt-tpg-container-4164207681 .rt-holder .rt-woo-info h4 a,\n\t\t\t\t\t#rt-tpg-container-4164207681 .post-content .post-title,\n\t\t\t\t\t#rt-tpg-container-4164207681 .rt-post-grid .post-title,\n\t\t\t\t\t#rt-tpg-container-4164207681 .rt-post-grid .post-title a,\n\t\t\t\t\t#rt-tpg-container-4164207681 .post-content .post-title a,\n\t\t\t\t\t#rt-tpg-container-4164207681 .rt-holder .rt-woo-info h2,\n\t\t\t\t\t#rt-tpg-container-4164207681 .rt-holder .rt-woo-info h3,\n\t\t\t\t\t#rt-tpg-container-4164207681 .rt-holder .rt-woo-info h4{font-size:16px;line-height:26px;font-weight:normal;text-align:center;}#rt-tpg-container-4164207681 .post-grid-lg-style-1 .post-title,\n\t\t\t\t\t\t#rt-tpg-container-4164207681 .post-grid-lg-style-1 .post-title a,\n\t\t\t\t\t\t#rt-tpg-container-4164207681 .big-layout .post-title,\n\t\t\t\t\t\t#rt-tpg-container-4164207681 .big-layout .post-title a,\n\t\t\t\t\t\t#rt-tpg-container-4164207681 .post-grid-lg-style-1 .post-title,\n\t\t\t\t\t\t#rt-tpg-container-4164207681 .post-grid-lg-style-1 .post-title a {font-size:24px;line-height:34px;}<\/style><div class='rt-container-fluid rt-tpg-container tpg-shortcode-main-wrapper ' id='rt-tpg-container-4164207681'   data-layout='layout9' data-grid-style='even' data-desktop-col='3'  data-tab-col='2'  data-mobile-col='1' data-sc-id='9126'><div data-title='Loading ...' class='rt-row rt-content-loader   layout9 tpg-even '><div class=\"rt-col-md-4 rt-col-sm-6 rt-col-xs-12 even-grid-item rt-grid-item img_zoom_in\" data-id=\"9124\"><div class=\"rt-holder\"><div class='overlay'><a data-id='9124' class=' tpg-single-popup' href='https:\/\/meeplendice.net\/?page_id=9124'><img loading=\"lazy\" decoding=\"async\" width=\"350\" height=\"350\" src=\"https:\/\/meeplendice.net\/wp-content\/uploads\/2022\/01\/Demeter_AutumnWinter.png\" class=\"rt-img-responsive \" alt=\"\" \/><\/a><\/div><div class='post-info'><h3 class=\"entry-title\"><a data-id=\"9124\" class=\" tpg-single-popup\" href=\"https:\/\/meeplendice.net\/?page_id=9124\">Extension Autumn &#038; Winter<\/a><\/h3><div class='post-meta-user '><\/div><\/div><\/div><\/div><\/div><div class='rt-pagination-wrap' data-total-pages='1' data-posts-per-page='3' data-type='pagination_ajax'  ><div class='rt-page-numbers'><\/div><\/div><\/div><\/p>\n<\/div>\n<\/div><\/div><\/div><\/div><div id=\"pg-6929-5\"  class=\"panel-grid panel-no-style\" ><div id=\"pgc-6929-5-0\"  class=\"panel-grid-cell\" ><div id=\"panel-6929-5-0-0\" class=\"so-panel widget widget_sow-editor panel-first-child panel-last-child\" data-index=\"10\" ><div\n\t\t\t\n\t\t\tclass=\"so-widget-sow-editor so-widget-sow-editor-base\"\n\t\t\t\n\t\t>\n<div class=\"siteorigin-widget-tinymce textwidget\">\n\t<hr \/>\n<p style=\"text-align: center;\"><strong>Pour aller plus loin<\/strong><\/p>\n<\/div>\n<\/div><\/div><\/div><\/div><\/div>","protected":false},"excerpt":{"rendered":"<p>Nombre de joueurs : 1 &#8211; x Dur\u00e9e moyenne : 20 min Age : 14 ans et plus Auteur(s) : Matthieu Verdier Illustrations : Olivier Mootoo David Sitbon \u00c9dition : Sorry We Are French 2020 Version : Fran\u00e7aise<\/p>\n","protected":false},"author":2,"featured_media":6904,"parent":0,"menu_order":0,"comment_status":"closed","ping_status":"closed","template":"","meta":{"footnotes":""},"class_list":["post-6929","page","type-page","status-publish","has-post-thumbnail","hentry"],"acf":[],"rttpg_featured_image_url":{"full":["https:\/\/meeplendice.net\/wp-content\/uploads\/2020\/09\/Demeter.png",350,350,false],"landscape":["https:\/\/meeplendice.net\/wp-content\/uploads\/2020\/09\/Demeter.png",350,350,false],"portraits":["https:\/\/meeplendice.net\/wp-content\/uploads\/2020\/09\/Demeter.png",350,350,false],"thumbnail":["https:\/\/meeplendice.net\/wp-content\/uploads\/2020\/09\/Demeter-150x150.png",150,150,true],"medium":["https:\/\/meeplendice.net\/wp-content\/uploads\/2020\/09\/Demeter-300x300.png",300,300,true],"large":["https:\/\/meeplendice.net\/wp-content\/uploads\/2020\/09\/Demeter.png",350,350,false],"ug_big":["https:\/\/meeplendice.net\/wp-content\/uploads\/2020\/09\/Demeter.png",350,350,false],"1536x1536":["https:\/\/meeplendice.net\/wp-content\/uploads\/2020\/09\/Demeter.png",350,350,false],"2048x2048":["https:\/\/meeplendice.net\/wp-content\/uploads\/2020\/09\/Demeter.png",350,350,false],"ashe-slider-grid-thumbnail":["https:\/\/meeplendice.net\/wp-content\/uploads\/2020\/09\/Demeter.png",350,350,false],"ashe-full-thumbnail":["https:\/\/meeplendice.net\/wp-content\/uploads\/2020\/09\/Demeter.png",350,350,false],"ashe-grid-thumbnail":["https:\/\/meeplendice.net\/wp-content\/uploads\/2020\/09\/Demeter-350x330.png",350,330,true],"ashe-list-thumbnail":["https:\/\/meeplendice.net\/wp-content\/uploads\/2020\/09\/Demeter-300x300.png",300,300,true],"ashe-single-navigation":["https:\/\/meeplendice.net\/wp-content\/uploads\/2020\/09\/Demeter-75x75.png",75,75,true],"mailpoet_newsletter_max":["https:\/\/meeplendice.net\/wp-content\/uploads\/2020\/09\/Demeter.png",350,350,false],"rpwe-thumbnail":["https:\/\/meeplendice.net\/wp-content\/uploads\/2020\/09\/Demeter-45x45.png",45,45,true],"sow-carousel-default":["https:\/\/meeplendice.net\/wp-content\/uploads\/2020\/09\/Demeter-272x182.png",272,182,true],"rt_custom":["https:\/\/meeplendice.net\/wp-content\/uploads\/2020\/09\/Demeter.png",350,350,false]},"rttpg_author":{"display_name":"Karnby","author_link":"https:\/\/meeplendice.net\/?author=2"},"rttpg_comment":0,"rttpg_category":null,"rttpg_excerpt":"Nombre de joueurs : 1 - x Dur\u00e9e moyenne : 20 min Age : 14 ans et plus Auteur(s) : Matthieu Verdier Illustrations : Olivier Mootoo David Sitbon \u00c9dition : Sorry We Are French 2020 Version : Fran\u00e7aise","_links":{"self":[{"href":"https:\/\/meeplendice.net\/index.php?rest_route=\/wp\/v2\/pages\/6929","targetHints":{"allow":["GET"]}}],"collection":[{"href":"https:\/\/meeplendice.net\/index.php?rest_route=\/wp\/v2\/pages"}],"about":[{"href":"https:\/\/meeplendice.net\/index.php?rest_route=\/wp\/v2\/types\/page"}],"author":[{"embeddable":true,"href":"https:\/\/meeplendice.net\/index.php?rest_route=\/wp\/v2\/users\/2"}],"replies":[{"embeddable":true,"href":"https:\/\/meeplendice.net\/index.php?rest_route=%2Fwp%2Fv2%2Fcomments&post=6929"}],"version-history":[{"count":9,"href":"https:\/\/meeplendice.net\/index.php?rest_route=\/wp\/v2\/pages\/6929\/revisions"}],"predecessor-version":[{"id":9130,"href":"https:\/\/meeplendice.net\/index.php?rest_route=\/wp\/v2\/pages\/6929\/revisions\/9130"}],"wp:featuredmedia":[{"embeddable":true,"href":"https:\/\/meeplendice.net\/index.php?rest_route=\/wp\/v2\/media\/6904"}],"wp:attachment":[{"href":"https:\/\/meeplendice.net\/index.php?rest_route=%2Fwp%2Fv2%2Fmedia&parent=6929"}],"curies":[{"name":"wp","href":"https:\/\/api.w.org\/{rel}","templated":true}]}}