{"id":6951,"date":"2020-09-20T00:04:22","date_gmt":"2020-09-19T23:04:22","guid":{"rendered":"http:\/\/meeplendice.net\/?page_id=6951"},"modified":"2020-09-20T00:08:19","modified_gmt":"2020-09-19T23:08:19","slug":"en-etat-de-siege","status":"publish","type":"page","link":"https:\/\/meeplendice.net\/?page_id=6951","title":{"rendered":"Journaux de Guerre : En Etat de Si\u00e8ge"},"content":{"rendered":"<p>Dans l\u2019extension <em>En \u00c9tat de Si\u00e8ge<\/em> pour <em>This War of Mine\u00a0: le Jeu de Plateau<\/em>, les joueurs sont pris dans un conflit ouvert qui d\u00e9chire la ville. L\u2019heure n\u2019est plus \u00e0 l\u2019oisivet\u00e9\u00a0: dans une ultime tentative pour reprendre le contr\u00f4le, les rebelles ont d\u00e9cid\u00e9 d\u2019infiltrer Pogoren et d\u2019engager le combat contre leurs ennemis. Au cours des trois actes intenses qui composent la Campagne Martiale Lueur d\u2019Espoir, les joueurs devront non seulement survivre mais aussi endurer le chaos et la violence d\u2019une guerre totale.<\/p>\n<p>Quant au module Orphelins de Guerre, il met en sc\u00e8ne des enfants priv\u00e9s de leurs familles et propose aux joueurs de vivre une exp\u00e9rience \u00e0 la fois in\u00e9dite et enrichissante. Enfin, de nouveaux Lieux viendront \u00e9toffer chaque Sc\u00e9nario et Campagne du jeu de base comme des autres extensions.<\/p>\n<p>Les vents de la guerre soufflent sur Pogoren. Saurez-vous r\u00e9sister \u00e0 la\u00a0tourmente\u00a0?<\/p>\n","protected":false},"excerpt":{"rendered":"<p>Dans l\u2019extension En \u00c9tat de Si\u00e8ge pour This War of Mine\u00a0: le Jeu de Plateau, les joueurs sont pris dans un conflit ouvert qui d\u00e9chire la ville. L\u2019heure n\u2019est plus \u00e0 l\u2019oisivet\u00e9\u00a0: dans une ultime tentative pour reprendre le contr\u00f4le, les rebelles ont d\u00e9cid\u00e9 d\u2019infiltrer Pogoren et d\u2019engager le combat contre leurs ennemis. Au cours des trois actes intenses qui composent la Campagne Martiale Lueur d\u2019Espoir, les joueurs devront non seulement survivre mais aussi endurer le chaos et la violence d\u2019une guerre totale. Quant au module Orphelins de Guerre, il met en sc\u00e8ne des enfants priv\u00e9s de leurs familles et propose aux joueurs de vivre une exp\u00e9rience \u00e0 la fois in\u00e9dite et enrichissante. Enfin, de nouveaux Lieux viendront \u00e9toffer chaque Sc\u00e9nario et Campagne du jeu de base comme des autres extensions. Les vents de la guerre soufflent sur Pogoren. Saurez-vous r\u00e9sister \u00e0 la\u00a0tourmente\u00a0?<\/p>\n","protected":false},"author":2,"featured_media":6953,"parent":4008,"menu_order":2,"comment_status":"closed","ping_status":"closed","template":"","meta":{"footnotes":""},"class_list":["post-6951","page","type-page","status-publish","has-post-thumbnail","hentry"],"acf":[],"rttpg_featured_image_url":{"full":["https:\/\/meeplendice.net\/wp-content\/uploads\/2020\/09\/TWOM_Etatsiege.png",350,350,false],"landscape":["https:\/\/meeplendice.net\/wp-content\/uploads\/2020\/09\/TWOM_Etatsiege.png",350,350,false],"portraits":["https:\/\/meeplendice.net\/wp-content\/uploads\/2020\/09\/TWOM_Etatsiege.png",350,350,false],"thumbnail":["https:\/\/meeplendice.net\/wp-content\/uploads\/2020\/09\/TWOM_Etatsiege-150x150.png",150,150,true],"medium":["https:\/\/meeplendice.net\/wp-content\/uploads\/2020\/09\/TWOM_Etatsiege-300x300.png",300,300,true],"large":["https:\/\/meeplendice.net\/wp-content\/uploads\/2020\/09\/TWOM_Etatsiege.png",350,350,false],"ug_big":["https:\/\/meeplendice.net\/wp-content\/uploads\/2020\/09\/TWOM_Etatsiege.png",350,350,false],"1536x1536":["https:\/\/meeplendice.net\/wp-content\/uploads\/2020\/09\/TWOM_Etatsiege.png",350,350,false],"2048x2048":["https:\/\/meeplendice.net\/wp-content\/uploads\/2020\/09\/TWOM_Etatsiege.png",350,350,false],"ashe-slider-grid-thumbnail":["https:\/\/meeplendice.net\/wp-content\/uploads\/2020\/09\/TWOM_Etatsiege.png",350,350,false],"ashe-full-thumbnail":["https:\/\/meeplendice.net\/wp-content\/uploads\/2020\/09\/TWOM_Etatsiege.png",350,350,false],"ashe-grid-thumbnail":["https:\/\/meeplendice.net\/wp-content\/uploads\/2020\/09\/TWOM_Etatsiege-350x330.png",350,330,true],"ashe-list-thumbnail":["https:\/\/meeplendice.net\/wp-content\/uploads\/2020\/09\/TWOM_Etatsiege-300x300.png",300,300,true],"ashe-single-navigation":["https:\/\/meeplendice.net\/wp-content\/uploads\/2020\/09\/TWOM_Etatsiege-75x75.png",75,75,true],"mailpoet_newsletter_max":["https:\/\/meeplendice.net\/wp-content\/uploads\/2020\/09\/TWOM_Etatsiege.png",350,350,false],"rpwe-thumbnail":["https:\/\/meeplendice.net\/wp-content\/uploads\/2020\/09\/TWOM_Etatsiege-45x45.png",45,45,true],"sow-carousel-default":["https:\/\/meeplendice.net\/wp-content\/uploads\/2020\/09\/TWOM_Etatsiege-272x182.png",272,182,true],"rt_custom":["https:\/\/meeplendice.net\/wp-content\/uploads\/2020\/09\/TWOM_Etatsiege.png",350,350,false]},"rttpg_author":{"display_name":"Karnby","author_link":"https:\/\/meeplendice.net\/?author=2"},"rttpg_comment":0,"rttpg_category":null,"rttpg_excerpt":"Dans l\u2019extension En \u00c9tat de Si\u00e8ge pour This War of Mine\u00a0: le Jeu de Plateau, les joueurs sont pris dans un conflit ouvert qui d\u00e9chire la ville. L\u2019heure n\u2019est plus \u00e0 l\u2019oisivet\u00e9\u00a0: dans une ultime tentative pour reprendre le contr\u00f4le, les rebelles ont d\u00e9cid\u00e9 d\u2019infiltrer Pogoren et d\u2019engager le combat contre leurs ennemis. Au cours\u2026","_links":{"self":[{"href":"https:\/\/meeplendice.net\/index.php?rest_route=\/wp\/v2\/pages\/6951","targetHints":{"allow":["GET"]}}],"collection":[{"href":"https:\/\/meeplendice.net\/index.php?rest_route=\/wp\/v2\/pages"}],"about":[{"href":"https:\/\/meeplendice.net\/index.php?rest_route=\/wp\/v2\/types\/page"}],"author":[{"embeddable":true,"href":"https:\/\/meeplendice.net\/index.php?rest_route=\/wp\/v2\/users\/2"}],"replies":[{"embeddable":true,"href":"https:\/\/meeplendice.net\/index.php?rest_route=%2Fwp%2Fv2%2Fcomments&post=6951"}],"version-history":[{"count":2,"href":"https:\/\/meeplendice.net\/index.php?rest_route=\/wp\/v2\/pages\/6951\/revisions"}],"predecessor-version":[{"id":6954,"href":"https:\/\/meeplendice.net\/index.php?rest_route=\/wp\/v2\/pages\/6951\/revisions\/6954"}],"up":[{"embeddable":true,"href":"https:\/\/meeplendice.net\/index.php?rest_route=\/wp\/v2\/pages\/4008"}],"wp:featuredmedia":[{"embeddable":true,"href":"https:\/\/meeplendice.net\/index.php?rest_route=\/wp\/v2\/media\/6953"}],"wp:attachment":[{"href":"https:\/\/meeplendice.net\/index.php?rest_route=%2Fwp%2Fv2%2Fmedia&parent=6951"}],"curies":[{"name":"wp","href":"https:\/\/api.w.org\/{rel}","templated":true}]}}