{"id":7021,"date":"2020-09-20T14:39:30","date_gmt":"2020-09-20T13:39:30","guid":{"rendered":"http:\/\/meeplendice.net\/?page_id=7021"},"modified":"2020-09-20T14:41:02","modified_gmt":"2020-09-20T13:41:02","slug":"la-toison-dor","status":"publish","type":"page","link":"https:\/\/meeplendice.net\/?page_id=7021","title":{"rendered":"La Toison d&rsquo;Or"},"content":{"rendered":"<p>L&rsquo;Extension Toison d&rsquo;Or vous offres de nouvelles possibilit\u00e9s de jeux infinies ! 10 cartes de H\u00e9ros vous offre de puissant pouvoirs \u00e0 usage unique. \u00c0 vous de choisir le meilleur moment pour les utiliser !<br \/>\nLa carte b\u00e9lier vous apporte le pouvoir de la toison d&rsquo;Or. Lors de chaque partie le b\u00e9lier h\u00e9ritera du pouvoir d&rsquo;une divinit\u00e9 au hasard. Les joueurs qui placeront un ouvrier \u00e0 ses cot\u00e9s sur le plateau pourront b\u00e9n\u00e9ficier de ce pouvoir.<br \/>\nEt pour encore plus de vari\u00e9t\u00e9, ajoutez quinze nouvelles divinit\u00e9s \u00e0 vos parties !<\/p>\n","protected":false},"excerpt":{"rendered":"<p>L&rsquo;Extension Toison d&rsquo;Or vous offres de nouvelles possibilit\u00e9s de jeux infinies ! 10 cartes de H\u00e9ros vous offre de puissant pouvoirs \u00e0 usage unique. \u00c0 vous de choisir le meilleur moment pour les utiliser ! La carte b\u00e9lier vous apporte le pouvoir de la toison d&rsquo;Or. Lors de chaque partie le b\u00e9lier h\u00e9ritera du pouvoir d&rsquo;une divinit\u00e9 au hasard. Les joueurs qui placeront un ouvrier \u00e0 ses cot\u00e9s sur le plateau pourront b\u00e9n\u00e9ficier de ce pouvoir. Et pour encore plus de vari\u00e9t\u00e9, ajoutez quinze nouvelles divinit\u00e9s \u00e0 vos parties !<\/p>\n","protected":false},"author":2,"featured_media":6912,"parent":7013,"menu_order":1,"comment_status":"closed","ping_status":"closed","template":"","meta":{"footnotes":""},"class_list":["post-7021","page","type-page","status-publish","has-post-thumbnail","hentry"],"acf":[],"rttpg_featured_image_url":{"full":["https:\/\/meeplendice.net\/wp-content\/uploads\/2020\/09\/Santorini_GoldenFleece.png",350,350,false],"landscape":["https:\/\/meeplendice.net\/wp-content\/uploads\/2020\/09\/Santorini_GoldenFleece.png",350,350,false],"portraits":["https:\/\/meeplendice.net\/wp-content\/uploads\/2020\/09\/Santorini_GoldenFleece.png",350,350,false],"thumbnail":["https:\/\/meeplendice.net\/wp-content\/uploads\/2020\/09\/Santorini_GoldenFleece-150x150.png",150,150,true],"medium":["https:\/\/meeplendice.net\/wp-content\/uploads\/2020\/09\/Santorini_GoldenFleece-300x300.png",300,300,true],"large":["https:\/\/meeplendice.net\/wp-content\/uploads\/2020\/09\/Santorini_GoldenFleece.png",350,350,false],"ug_big":["https:\/\/meeplendice.net\/wp-content\/uploads\/2020\/09\/Santorini_GoldenFleece.png",350,350,false],"1536x1536":["https:\/\/meeplendice.net\/wp-content\/uploads\/2020\/09\/Santorini_GoldenFleece.png",350,350,false],"2048x2048":["https:\/\/meeplendice.net\/wp-content\/uploads\/2020\/09\/Santorini_GoldenFleece.png",350,350,false],"ashe-slider-grid-thumbnail":["https:\/\/meeplendice.net\/wp-content\/uploads\/2020\/09\/Santorini_GoldenFleece.png",350,350,false],"ashe-full-thumbnail":["https:\/\/meeplendice.net\/wp-content\/uploads\/2020\/09\/Santorini_GoldenFleece.png",350,350,false],"ashe-grid-thumbnail":["https:\/\/meeplendice.net\/wp-content\/uploads\/2020\/09\/Santorini_GoldenFleece-350x330.png",350,330,true],"ashe-list-thumbnail":["https:\/\/meeplendice.net\/wp-content\/uploads\/2020\/09\/Santorini_GoldenFleece-300x300.png",300,300,true],"ashe-single-navigation":["https:\/\/meeplendice.net\/wp-content\/uploads\/2020\/09\/Santorini_GoldenFleece-75x75.png",75,75,true],"mailpoet_newsletter_max":["https:\/\/meeplendice.net\/wp-content\/uploads\/2020\/09\/Santorini_GoldenFleece.png",350,350,false],"rpwe-thumbnail":["https:\/\/meeplendice.net\/wp-content\/uploads\/2020\/09\/Santorini_GoldenFleece-45x45.png",45,45,true],"sow-carousel-default":["https:\/\/meeplendice.net\/wp-content\/uploads\/2020\/09\/Santorini_GoldenFleece-272x182.png",272,182,true],"rt_custom":["https:\/\/meeplendice.net\/wp-content\/uploads\/2020\/09\/Santorini_GoldenFleece.png",350,350,false]},"rttpg_author":{"display_name":"Karnby","author_link":"https:\/\/meeplendice.net\/?author=2"},"rttpg_comment":0,"rttpg_category":null,"rttpg_excerpt":"L&rsquo;Extension Toison d&rsquo;Or vous offres de nouvelles possibilit\u00e9s de jeux infinies ! 10 cartes de H\u00e9ros vous offre de puissant pouvoirs \u00e0 usage unique. \u00c0 vous de choisir le meilleur moment pour les utiliser ! La carte b\u00e9lier vous apporte le pouvoir de la toison d&rsquo;Or. Lors de chaque partie le b\u00e9lier h\u00e9ritera du pouvoir\u2026","_links":{"self":[{"href":"https:\/\/meeplendice.net\/index.php?rest_route=\/wp\/v2\/pages\/7021","targetHints":{"allow":["GET"]}}],"collection":[{"href":"https:\/\/meeplendice.net\/index.php?rest_route=\/wp\/v2\/pages"}],"about":[{"href":"https:\/\/meeplendice.net\/index.php?rest_route=\/wp\/v2\/types\/page"}],"author":[{"embeddable":true,"href":"https:\/\/meeplendice.net\/index.php?rest_route=\/wp\/v2\/users\/2"}],"replies":[{"embeddable":true,"href":"https:\/\/meeplendice.net\/index.php?rest_route=%2Fwp%2Fv2%2Fcomments&post=7021"}],"version-history":[{"count":1,"href":"https:\/\/meeplendice.net\/index.php?rest_route=\/wp\/v2\/pages\/7021\/revisions"}],"predecessor-version":[{"id":7022,"href":"https:\/\/meeplendice.net\/index.php?rest_route=\/wp\/v2\/pages\/7021\/revisions\/7022"}],"up":[{"embeddable":true,"href":"https:\/\/meeplendice.net\/index.php?rest_route=\/wp\/v2\/pages\/7013"}],"wp:featuredmedia":[{"embeddable":true,"href":"https:\/\/meeplendice.net\/index.php?rest_route=\/wp\/v2\/media\/6912"}],"wp:attachment":[{"href":"https:\/\/meeplendice.net\/index.php?rest_route=%2Fwp%2Fv2%2Fmedia&parent=7021"}],"curies":[{"name":"wp","href":"https:\/\/api.w.org\/{rel}","templated":true}]}}