{"id":7033,"date":"2020-09-20T15:50:52","date_gmt":"2020-09-20T14:50:52","guid":{"rendered":"http:\/\/meeplendice.net\/?page_id=7033"},"modified":"2023-02-01T19:24:25","modified_gmt":"2023-02-01T18:24:25","slug":"nidavellir-2","status":"publish","type":"page","link":"https:\/\/meeplendice.net\/?page_id=7033","title":{"rendered":"Nidavellir"},"content":{"rendered":"<div id=\"pl-7033\"  class=\"panel-layout\" ><div id=\"pg-7033-0\"  class=\"panel-grid panel-no-style\" ><div id=\"pgc-7033-0-0\"  class=\"panel-grid-cell\" ><div id=\"panel-7033-0-0-0\" class=\"so-panel widget widget_sow-editor panel-first-child panel-last-child\" data-index=\"0\" ><div\n\t\t\t\n\t\t\tclass=\"so-widget-sow-editor so-widget-sow-editor-base\"\n\t\t\t\n\t\t>\n<div class=\"siteorigin-widget-tinymce textwidget\">\n\t<p style=\"text-align: center;\"><strong>Nombre de joueurs :<\/strong><br \/>\n2 - 5<\/p>\n<\/div>\n<\/div><\/div><\/div><div id=\"pgc-7033-0-1\"  class=\"panel-grid-cell\" ><div id=\"panel-7033-0-1-0\" class=\"so-panel widget widget_sow-editor panel-first-child panel-last-child\" data-index=\"1\" ><div\n\t\t\t\n\t\t\tclass=\"so-widget-sow-editor so-widget-sow-editor-base\"\n\t\t\t\n\t\t>\n<div class=\"siteorigin-widget-tinymce textwidget\">\n\t<p style=\"text-align: center;\"><strong>Dur\u00e9e moyenne :<\/strong><br \/>\n45 min<\/p>\n<\/div>\n<\/div><\/div><\/div><div id=\"pgc-7033-0-2\"  class=\"panel-grid-cell\" ><div id=\"panel-7033-0-2-0\" class=\"so-panel widget widget_sow-editor panel-first-child panel-last-child\" data-index=\"2\" ><div\n\t\t\t\n\t\t\tclass=\"so-widget-sow-editor so-widget-sow-editor-base\"\n\t\t\t\n\t\t>\n<div class=\"siteorigin-widget-tinymce textwidget\">\n\t<p style=\"text-align: center;\"><strong>Age :<\/strong><br \/>\n10 ans et plus<\/p>\n<\/div>\n<\/div><\/div><\/div><\/div><div id=\"pg-7033-1\"  class=\"panel-grid panel-no-style\" ><div id=\"pgc-7033-1-0\"  class=\"panel-grid-cell\" ><div id=\"panel-7033-1-0-0\" class=\"so-panel widget widget_sow-editor panel-first-child panel-last-child\" data-index=\"3\" ><div\n\t\t\t\n\t\t\tclass=\"so-widget-sow-editor so-widget-sow-editor-base\"\n\t\t\t\n\t\t>\n<div class=\"siteorigin-widget-tinymce textwidget\">\n\t<p style=\"text-align: center;\"><strong>Auteur(s) :<br \/>\n<\/strong>Serge Laget<\/p>\n<\/div>\n<\/div><\/div><\/div><div id=\"pgc-7033-1-1\"  class=\"panel-grid-cell\" ><div id=\"panel-7033-1-1-0\" class=\"so-panel widget widget_sow-editor panel-first-child panel-last-child\" data-index=\"4\" ><div\n\t\t\t\n\t\t\tclass=\"so-widget-sow-editor so-widget-sow-editor-base\"\n\t\t\t\n\t\t>\n<div class=\"siteorigin-widget-tinymce textwidget\">\n\t<p style=\"text-align: center;\"><strong>Illustrations :<\/strong><br \/>\nJean-Marie Minguez<\/p>\n<\/div>\n<\/div><\/div><\/div><div id=\"pgc-7033-1-2\"  class=\"panel-grid-cell\" ><div id=\"panel-7033-1-2-0\" class=\"so-panel widget widget_sow-editor panel-first-child panel-last-child\" data-index=\"5\" ><div\n\t\t\t\n\t\t\tclass=\"so-widget-sow-editor so-widget-sow-editor-base\"\n\t\t\t\n\t\t>\n<div class=\"siteorigin-widget-tinymce textwidget\">\n\t<p style=\"text-align: center;\"><strong>\u00c9dition :<\/strong><br \/>\nGrrre Games<br \/>\n2020<\/p>\n<\/div>\n<\/div><\/div><\/div><div id=\"pgc-7033-1-3\"  class=\"panel-grid-cell\" ><div id=\"panel-7033-1-3-0\" class=\"so-panel widget widget_sow-editor panel-first-child panel-last-child\" data-index=\"6\" ><div\n\t\t\t\n\t\t\tclass=\"so-widget-sow-editor so-widget-sow-editor-base\"\n\t\t\t\n\t\t>\n<div class=\"siteorigin-widget-tinymce textwidget\">\n\t<p style=\"text-align: center;\"><strong>Version :<\/strong><br \/>\nFran\u00e7aise<\/p>\n<\/div>\n<\/div><\/div><\/div><\/div><div id=\"pg-7033-2\"  class=\"panel-grid panel-no-style\" ><div id=\"pgc-7033-2-0\"  class=\"panel-grid-cell\" ><div id=\"panel-7033-2-0-0\" class=\"so-panel widget widget_sow-editor panel-first-child panel-last-child\" data-index=\"7\" ><div\n\t\t\t\n\t\t\tclass=\"so-widget-sow-editor so-widget-sow-editor-base\"\n\t\t\t\n\t\t>\n<div class=\"siteorigin-widget-tinymce textwidget\">\n\t<hr \/>\n<p>Le Royaume des Nains et des Naines vivait en paix depuis des mill\u00e9naires.<br \/>\nMais dans les terres sauvages et glac\u00e9es du royaume de Nidavellir, jamais rien ne dure \u00e9ternellement. Cette qui\u00e9tude s'envola en fum\u00e9e lorsqu'un mal oubli\u00e9 s'\u00e9veilla de nouveau. De terribles grondements secou\u00e8rent les fondations des cit\u00e9es naines et des flammes infernales d\u00e9chir\u00e8rent le ciel. Loin, dans les contr\u00e9es lugubres et perdues du continent, une sombre menace venait de se r\u00e9veiller. Personne ne doutait de son origine.<\/p>\n<p>Un seul \u00eatre sur terre pouvait \u00eatre la cause d'autant de haine et de fureur : Fafnir, P\u00e8re des Dragons, \u00e9tait de retour !<br \/>\nEnferm\u00e9 il y a des si\u00e8cles par une alliance entre les nain(e)s et les magicien(ne)s, Fafnir l'impitoyable venait de se lib\u00e9rer pour accomplir sa vengeance : pillier l'or et calciner les corps ! Et comme le ferait tout voleur averti, il commencerait l\u00e0 ou les richesses s'entassaient avec le plus d'avidit\u00e9 : au Royaume des Nains et des Naines !<\/p>\n<p>En tant que v\u00e9n\u00e9rable Elvaland, membre du conseil et chef(fe) de guerre respect\u00e9(e), vous avez \u00e9t\u00e9 mandat\u00e9(e) par le roi pour constituer une arm\u00e9e capable d'affronter et de vaincre ce monstre sanguinaire. Sillonnez chaque taverne du Royaume, engagez les nain(e)s les plus habiles, recrutez les H\u00e9ro(ine)s les plus prestigieux(ses) et constituez le bataillon le plus \u00e0 m\u00eame de vaincre votre ennemi mortel !<br \/>\nFaite diligence, et surtout d\u00e9pensez sans compter, car si le Roi sait r\u00e9compenser les meilleur(e)s d'entre vous, il sait aussi ch\u00e2tier les pingres qui n'auraient r\u00e9ussi qu'a lever une arm\u00e9e de loqueteux(ses) !<\/p>\n<\/div>\n<\/div><\/div><\/div><\/div><div id=\"pg-7033-3\"  class=\"panel-grid panel-no-style\" ><div id=\"pgc-7033-3-0\"  class=\"panel-grid-cell\" ><div id=\"panel-7033-3-0-0\" class=\"so-panel widget widget_sow-editor panel-first-child panel-last-child\" data-index=\"8\" ><div\n\t\t\t\n\t\t\tclass=\"so-widget-sow-editor so-widget-sow-editor-base\"\n\t\t\t\n\t\t>\n<div class=\"siteorigin-widget-tinymce textwidget\">\n\t<hr \/>\n<h3 style=\"text-align: center;\">En vid\u00e9o<\/h3>\n<p><a href=\"https:\/\/www.trictrac.net\/video\/Nidavellir_De_Lexpli\" target=\"_blank\" rel=\"noopener\"><img loading=\"lazy\" decoding=\"async\" class=\"alignnone size-full wp-image-9090\" src=\"https:\/\/meeplendice.net\/wp-content\/uploads\/2022\/01\/Link_CJ_v2.png\" alt=\"\" width=\"200\" height=\"170\" \/><\/a><\/p>\n<\/div>\n<\/div><\/div><\/div><\/div><div id=\"pg-7033-4\"  class=\"panel-grid panel-no-style\" ><div id=\"pgc-7033-4-0\"  class=\"panel-grid-cell\" ><div id=\"panel-7033-4-0-0\" class=\"so-panel widget widget_sow-editor panel-first-child panel-last-child\" data-index=\"9\" ><div\n\t\t\t\n\t\t\tclass=\"so-widget-sow-editor so-widget-sow-editor-base\"\n\t\t\t\n\t\t>\n<div class=\"siteorigin-widget-tinymce textwidget\">\n\t<hr \/>\n<h3 style=\"text-align: center;\">Extension(s)<\/h3>\n<style type='text\/css' media='all'>#rt-tpg-container-3555103210 .read-more a{border-radius:px;}#rt-tpg-container-3555103210 .rt-img-holder img.rt-img-responsive,#rt-tpg-container-3555103210 .rt-img-holder,\n\t\t\t\t\t#rt-tpg-container-3555103210 .rt-post-overlay .post-img,\n\t\t\t\t\t#rt-tpg-container-3555103210 .post-sm .post-img,\n\t\t\t\t\t#rt-tpg-container-3555103210 .rt-post-grid .post-img,\n\t\t\t\t\t#rt-tpg-container-3555103210 .post-img img {border-radius:px;}#rt-tpg-container-3555103210 .layout9 .rt-holder h2.entry-title,\n\t\t\t\t\t#rt-tpg-container-3555103210 .layout9 .rt-holder h3.entry-title,\n\t\t\t\t\t#rt-tpg-container-3555103210 .layout9 .rt-holder h4.entry-title,\n\t\t\t\t\t#rt-tpg-container-3555103210 .layout9 .rt-holder h2.entry-title a,\n\t\t\t\t\t#rt-tpg-container-3555103210 .layout9 .rt-holder h3.entry-title a,\n\t\t\t\t\t#rt-tpg-container-3555103210 .layout9 .rt-holder h4.entry-title a,\n\t\t\t\t\t#rt-tpg-container-3555103210 .rt-holder .rt-woo-info h2 a,\n\t\t\t\t\t#rt-tpg-container-3555103210 .rt-holder .rt-woo-info h3 a,\n\t\t\t\t\t#rt-tpg-container-3555103210 .rt-holder .rt-woo-info h4 a,\n\t\t\t\t\t#rt-tpg-container-3555103210 .post-content .post-title,\n\t\t\t\t\t#rt-tpg-container-3555103210 .rt-post-grid .post-title,\n\t\t\t\t\t#rt-tpg-container-3555103210 .rt-post-grid .post-title a,\n\t\t\t\t\t#rt-tpg-container-3555103210 .post-content .post-title a,\n\t\t\t\t\t#rt-tpg-container-3555103210 .rt-holder .rt-woo-info h2,\n\t\t\t\t\t#rt-tpg-container-3555103210 .rt-holder .rt-woo-info h3,\n\t\t\t\t\t#rt-tpg-container-3555103210 .rt-holder .rt-woo-info h4{font-size:16px;line-height:26px;font-weight:normal;text-align:center;}#rt-tpg-container-3555103210 .post-grid-lg-style-1 .post-title,\n\t\t\t\t\t\t#rt-tpg-container-3555103210 .post-grid-lg-style-1 .post-title a,\n\t\t\t\t\t\t#rt-tpg-container-3555103210 .big-layout .post-title,\n\t\t\t\t\t\t#rt-tpg-container-3555103210 .big-layout .post-title a,\n\t\t\t\t\t\t#rt-tpg-container-3555103210 .post-grid-lg-style-1 .post-title,\n\t\t\t\t\t\t#rt-tpg-container-3555103210 .post-grid-lg-style-1 .post-title a {font-size:24px;line-height:34px;}<\/style><div class='rt-container-fluid rt-tpg-container tpg-shortcode-main-wrapper ' id='rt-tpg-container-3555103210'   data-layout='layout9' data-grid-style='even' data-desktop-col='3'  data-tab-col='2'  data-mobile-col='1' data-sc-id='7842'><div data-title='Loading ...' class='rt-row rt-content-loader   layout9 tpg-even '><div class=\"rt-col-md-4 rt-col-sm-6 rt-col-xs-12 even-grid-item rt-grid-item img_zoom_in\" data-id=\"7844\"><div class=\"rt-holder\"><div class='overlay'><a data-id='7844' class=' tpg-single-popup' href='https:\/\/meeplendice.net\/?page_id=7844'><img loading=\"lazy\" decoding=\"async\" width=\"350\" height=\"350\" src=\"https:\/\/meeplendice.net\/wp-content\/uploads\/2020\/12\/Nidavellir_Thingvellir.png\" class=\"rt-img-responsive \" alt=\"\" \/><\/a><\/div><div class='post-info'><h2 class=\"entry-title\"><a data-id=\"7844\" class=\" tpg-single-popup\" href=\"https:\/\/meeplendice.net\/?page_id=7844\">Thingvellir<\/a><\/h2><div class='post-meta-user '><\/div><\/div><\/div><\/div><div class=\"rt-col-md-4 rt-col-sm-6 rt-col-xs-12 even-grid-item rt-grid-item img_zoom_in\" data-id=\"10578\"><div class=\"rt-holder\"><div class='overlay'><a data-id='10578' class=' tpg-single-popup' href='https:\/\/meeplendice.net\/?page_id=10578'><img loading=\"lazy\" decoding=\"async\" width=\"350\" height=\"350\" src=\"https:\/\/meeplendice.net\/wp-content\/uploads\/2023\/02\/Nidavellir_Idavoll.png\" class=\"rt-img-responsive \" alt=\"\" \/><\/a><\/div><div class='post-info'><h2 class=\"entry-title\"><a data-id=\"10578\" class=\" tpg-single-popup\" href=\"https:\/\/meeplendice.net\/?page_id=10578\">Idavoll<\/a><\/h2><div class='post-meta-user '><\/div><\/div><\/div><\/div><\/div><div class='rt-pagination-wrap' data-total-pages='1' data-posts-per-page='3' data-type='pagination_ajax'  ><div class='rt-page-numbers'><\/div><\/div><\/div>\n<\/div>\n<\/div><\/div><\/div><\/div><div id=\"pg-7033-5\"  class=\"panel-grid panel-no-style\" ><div id=\"pgc-7033-5-0\"  class=\"panel-grid-cell\" ><div id=\"panel-7033-5-0-0\" class=\"so-panel widget widget_sow-editor panel-first-child panel-last-child\" data-index=\"10\" ><div\n\t\t\t\n\t\t\tclass=\"so-widget-sow-editor so-widget-sow-editor-base\"\n\t\t\t\n\t\t>\n<div class=\"siteorigin-widget-tinymce textwidget\">\n\t<hr \/>\n<h3 style=\"text-align: center;\">Pour aller plus loin<\/h3>\n<\/div>\n<\/div><\/div><\/div><\/div><\/div>","protected":false},"excerpt":{"rendered":"<p>Nombre de joueurs : 2 &#8211; 5 Dur\u00e9e moyenne : 45 min Age : 10 ans et plus Auteur(s) : Serge Laget Illustrations : Jean-Marie Minguez \u00c9dition : Grrre Games 2020 Version : Fran\u00e7aise<\/p>\n","protected":false},"author":2,"featured_media":6897,"parent":0,"menu_order":0,"comment_status":"closed","ping_status":"closed","template":"","meta":{"footnotes":""},"class_list":["post-7033","page","type-page","status-publish","has-post-thumbnail","hentry"],"acf":[],"rttpg_featured_image_url":{"full":["https:\/\/meeplendice.net\/wp-content\/uploads\/2020\/09\/Nidavellir.png",350,350,false],"landscape":["https:\/\/meeplendice.net\/wp-content\/uploads\/2020\/09\/Nidavellir.png",350,350,false],"portraits":["https:\/\/meeplendice.net\/wp-content\/uploads\/2020\/09\/Nidavellir.png",350,350,false],"thumbnail":["https:\/\/meeplendice.net\/wp-content\/uploads\/2020\/09\/Nidavellir-150x150.png",150,150,true],"medium":["https:\/\/meeplendice.net\/wp-content\/uploads\/2020\/09\/Nidavellir-300x300.png",300,300,true],"large":["https:\/\/meeplendice.net\/wp-content\/uploads\/2020\/09\/Nidavellir.png",350,350,false],"ug_big":["https:\/\/meeplendice.net\/wp-content\/uploads\/2020\/09\/Nidavellir.png",350,350,false],"1536x1536":["https:\/\/meeplendice.net\/wp-content\/uploads\/2020\/09\/Nidavellir.png",350,350,false],"2048x2048":["https:\/\/meeplendice.net\/wp-content\/uploads\/2020\/09\/Nidavellir.png",350,350,false],"ashe-slider-grid-thumbnail":["https:\/\/meeplendice.net\/wp-content\/uploads\/2020\/09\/Nidavellir.png",350,350,false],"ashe-full-thumbnail":["https:\/\/meeplendice.net\/wp-content\/uploads\/2020\/09\/Nidavellir.png",350,350,false],"ashe-grid-thumbnail":["https:\/\/meeplendice.net\/wp-content\/uploads\/2020\/09\/Nidavellir-350x330.png",350,330,true],"ashe-list-thumbnail":["https:\/\/meeplendice.net\/wp-content\/uploads\/2020\/09\/Nidavellir-300x300.png",300,300,true],"ashe-single-navigation":["https:\/\/meeplendice.net\/wp-content\/uploads\/2020\/09\/Nidavellir-75x75.png",75,75,true],"mailpoet_newsletter_max":["https:\/\/meeplendice.net\/wp-content\/uploads\/2020\/09\/Nidavellir.png",350,350,false],"rpwe-thumbnail":["https:\/\/meeplendice.net\/wp-content\/uploads\/2020\/09\/Nidavellir-45x45.png",45,45,true],"sow-carousel-default":["https:\/\/meeplendice.net\/wp-content\/uploads\/2020\/09\/Nidavellir-272x182.png",272,182,true],"rt_custom":["https:\/\/meeplendice.net\/wp-content\/uploads\/2020\/09\/Nidavellir.png",350,350,false]},"rttpg_author":{"display_name":"Karnby","author_link":"https:\/\/meeplendice.net\/?author=2"},"rttpg_comment":0,"rttpg_category":null,"rttpg_excerpt":"Nombre de joueurs : 2 - 5 Dur\u00e9e moyenne : 45 min Age : 10 ans et plus Auteur(s) : Serge Laget Illustrations : Jean-Marie Minguez \u00c9dition : Grrre Games 2020 Version : Fran\u00e7aise","_links":{"self":[{"href":"https:\/\/meeplendice.net\/index.php?rest_route=\/wp\/v2\/pages\/7033","targetHints":{"allow":["GET"]}}],"collection":[{"href":"https:\/\/meeplendice.net\/index.php?rest_route=\/wp\/v2\/pages"}],"about":[{"href":"https:\/\/meeplendice.net\/index.php?rest_route=\/wp\/v2\/types\/page"}],"author":[{"embeddable":true,"href":"https:\/\/meeplendice.net\/index.php?rest_route=\/wp\/v2\/users\/2"}],"replies":[{"embeddable":true,"href":"https:\/\/meeplendice.net\/index.php?rest_route=%2Fwp%2Fv2%2Fcomments&post=7033"}],"version-history":[{"count":7,"href":"https:\/\/meeplendice.net\/index.php?rest_route=\/wp\/v2\/pages\/7033\/revisions"}],"predecessor-version":[{"id":10586,"href":"https:\/\/meeplendice.net\/index.php?rest_route=\/wp\/v2\/pages\/7033\/revisions\/10586"}],"wp:featuredmedia":[{"embeddable":true,"href":"https:\/\/meeplendice.net\/index.php?rest_route=\/wp\/v2\/media\/6897"}],"wp:attachment":[{"href":"https:\/\/meeplendice.net\/index.php?rest_route=%2Fwp%2Fv2%2Fmedia&parent=7033"}],"curies":[{"name":"wp","href":"https:\/\/api.w.org\/{rel}","templated":true}]}}