{"id":7070,"date":"2020-09-20T17:18:53","date_gmt":"2020-09-20T16:18:53","guid":{"rendered":"http:\/\/meeplendice.net\/?page_id=7070"},"modified":"2020-09-20T17:20:51","modified_gmt":"2020-09-20T16:20:51","slug":"avatar","status":"publish","type":"page","link":"https:\/\/meeplendice.net\/?page_id=7070","title":{"rendered":"Avatar"},"content":{"rendered":"<p>L&rsquo;extension Avatar contient le module Avatar qui vous permettra d&rsquo;ajouter de nouvelles r\u00e8gles et de la profondeur \u00e0 vos parties d&rsquo;Alone.<br \/>\nCe module propose aux joueurs du Mal une toute nouvelle fa\u00e7on d&rsquo;incarner leur r\u00f4le de Seigneur du Mal face au H\u00e9ros. Vous pouvez l&rsquo;utiliser seul ou avec les modules d&rsquo;autres extensions.<\/p>\n<p>Vous trouverez \u00e9galement dans cette extension de nouveaux H\u00e9ros.<\/p>\n","protected":false},"excerpt":{"rendered":"<p>L&rsquo;extension Avatar contient le module Avatar qui vous permettra d&rsquo;ajouter de nouvelles r\u00e8gles et de la profondeur \u00e0 vos parties d&rsquo;Alone. Ce module propose aux joueurs du Mal une toute nouvelle fa\u00e7on d&rsquo;incarner leur r\u00f4le de Seigneur du Mal face au H\u00e9ros. Vous pouvez l&rsquo;utiliser seul ou avec les modules d&rsquo;autres extensions. Vous trouverez \u00e9galement dans cette extension de nouveaux H\u00e9ros.<\/p>\n","protected":false},"author":2,"featured_media":6915,"parent":7062,"menu_order":3,"comment_status":"closed","ping_status":"closed","template":"","meta":{"footnotes":""},"class_list":["post-7070","page","type-page","status-publish","has-post-thumbnail","hentry"],"acf":[],"rttpg_featured_image_url":{"full":["https:\/\/meeplendice.net\/wp-content\/uploads\/2020\/09\/Alone_Avatar.png",350,350,false],"landscape":["https:\/\/meeplendice.net\/wp-content\/uploads\/2020\/09\/Alone_Avatar.png",350,350,false],"portraits":["https:\/\/meeplendice.net\/wp-content\/uploads\/2020\/09\/Alone_Avatar.png",350,350,false],"thumbnail":["https:\/\/meeplendice.net\/wp-content\/uploads\/2020\/09\/Alone_Avatar-150x150.png",150,150,true],"medium":["https:\/\/meeplendice.net\/wp-content\/uploads\/2020\/09\/Alone_Avatar-300x300.png",300,300,true],"large":["https:\/\/meeplendice.net\/wp-content\/uploads\/2020\/09\/Alone_Avatar.png",350,350,false],"ug_big":["https:\/\/meeplendice.net\/wp-content\/uploads\/2020\/09\/Alone_Avatar.png",350,350,false],"1536x1536":["https:\/\/meeplendice.net\/wp-content\/uploads\/2020\/09\/Alone_Avatar.png",350,350,false],"2048x2048":["https:\/\/meeplendice.net\/wp-content\/uploads\/2020\/09\/Alone_Avatar.png",350,350,false],"ashe-slider-grid-thumbnail":["https:\/\/meeplendice.net\/wp-content\/uploads\/2020\/09\/Alone_Avatar.png",350,350,false],"ashe-full-thumbnail":["https:\/\/meeplendice.net\/wp-content\/uploads\/2020\/09\/Alone_Avatar.png",350,350,false],"ashe-grid-thumbnail":["https:\/\/meeplendice.net\/wp-content\/uploads\/2020\/09\/Alone_Avatar-350x330.png",350,330,true],"ashe-list-thumbnail":["https:\/\/meeplendice.net\/wp-content\/uploads\/2020\/09\/Alone_Avatar-300x300.png",300,300,true],"ashe-single-navigation":["https:\/\/meeplendice.net\/wp-content\/uploads\/2020\/09\/Alone_Avatar-75x75.png",75,75,true],"mailpoet_newsletter_max":["https:\/\/meeplendice.net\/wp-content\/uploads\/2020\/09\/Alone_Avatar.png",350,350,false],"rpwe-thumbnail":["https:\/\/meeplendice.net\/wp-content\/uploads\/2020\/09\/Alone_Avatar-45x45.png",45,45,true],"sow-carousel-default":["https:\/\/meeplendice.net\/wp-content\/uploads\/2020\/09\/Alone_Avatar-272x182.png",272,182,true],"rt_custom":["https:\/\/meeplendice.net\/wp-content\/uploads\/2020\/09\/Alone_Avatar.png",350,350,false]},"rttpg_author":{"display_name":"Karnby","author_link":"https:\/\/meeplendice.net\/?author=2"},"rttpg_comment":0,"rttpg_category":null,"rttpg_excerpt":"L&rsquo;extension Avatar contient le module Avatar qui vous permettra d&rsquo;ajouter de nouvelles r\u00e8gles et de la profondeur \u00e0 vos parties d&rsquo;Alone. Ce module propose aux joueurs du Mal une toute nouvelle fa\u00e7on d&rsquo;incarner leur r\u00f4le de Seigneur du Mal face au H\u00e9ros. Vous pouvez l&rsquo;utiliser seul ou avec les modules d&rsquo;autres extensions. Vous trouverez \u00e9galement\u2026","_links":{"self":[{"href":"https:\/\/meeplendice.net\/index.php?rest_route=\/wp\/v2\/pages\/7070","targetHints":{"allow":["GET"]}}],"collection":[{"href":"https:\/\/meeplendice.net\/index.php?rest_route=\/wp\/v2\/pages"}],"about":[{"href":"https:\/\/meeplendice.net\/index.php?rest_route=\/wp\/v2\/types\/page"}],"author":[{"embeddable":true,"href":"https:\/\/meeplendice.net\/index.php?rest_route=\/wp\/v2\/users\/2"}],"replies":[{"embeddable":true,"href":"https:\/\/meeplendice.net\/index.php?rest_route=%2Fwp%2Fv2%2Fcomments&post=7070"}],"version-history":[{"count":1,"href":"https:\/\/meeplendice.net\/index.php?rest_route=\/wp\/v2\/pages\/7070\/revisions"}],"predecessor-version":[{"id":7071,"href":"https:\/\/meeplendice.net\/index.php?rest_route=\/wp\/v2\/pages\/7070\/revisions\/7071"}],"up":[{"embeddable":true,"href":"https:\/\/meeplendice.net\/index.php?rest_route=\/wp\/v2\/pages\/7062"}],"wp:featuredmedia":[{"embeddable":true,"href":"https:\/\/meeplendice.net\/index.php?rest_route=\/wp\/v2\/media\/6915"}],"wp:attachment":[{"href":"https:\/\/meeplendice.net\/index.php?rest_route=%2Fwp%2Fv2%2Fmedia&parent=7070"}],"curies":[{"name":"wp","href":"https:\/\/api.w.org\/{rel}","templated":true}]}}