{"id":7732,"date":"2020-12-05T13:15:59","date_gmt":"2020-12-05T12:15:59","guid":{"rendered":"http:\/\/meeplendice.net\/?page_id=7732"},"modified":"2020-12-05T13:17:44","modified_gmt":"2020-12-05T12:17:44","slug":"la-prophetie-des-rois","status":"publish","type":"page","link":"https:\/\/meeplendice.net\/?page_id=7732","title":{"rendered":"La Proph\u00e9tie des Rois"},"content":{"rendered":"<p><em>Ixth. La plan\u00e8te perdue.<\/em><br \/>\n<em>Les d\u00e9bats entre \u00e9rudits sur son existence semblent remonter \u00e0 la nuit des temps. Les l\u00e9gendes d\u00e9crivent Ixith comme un paradis verdoyant aux incroyables richesses. Mais une exp\u00e9dition \u00e0 travers un \u00e9trange portail a r\u00e9v\u00e9l\u00e9 la triste v\u00e9rit\u00e9 : Ixth n&rsquo;a jamais \u00e9t\u00e9 un jardin d&rsquo;\u00e9den, il s&rsquo;agit d&rsquo;une prison.<\/em><\/p>\n<p><em>Au d\u00e9but de leur r\u00e8gne, les Lazax livr\u00e8rent une guerre sanglante \u00e0 des tyrans appel\u00e9s les Mahact. L&rsquo;un apr\u00e8s l&rsquo;autre, chaque monde repoussa ces despotes toujours plus loin, jusque dans leur ultime retranchement : la plan\u00e8te Ixth.<\/em><\/p>\n<p><em>Dans un \u00e9lan d\u00e9sesp\u00e9r\u00e9, pour tenter de mettre fin \u00e0 la guerre, les Lazax s\u00e9par\u00e8rent la plan\u00e8te ancestrale des Mahact du reste de la galaxie, l&rsquo;isolant \u00e0 jamais. Mais le passage des mill\u00e9naires eut raison de ce secret bien gard\u00e9, et l&#8217;emplacement d&rsquo;Ixth fut r\u00e9v\u00e9l\u00e9 \u00e0 des individus cr\u00e9dules.<\/em><\/p>\n<p><em>Tandis que les \u00e9chos du pass\u00e9 d\u00e9chirent la galaxie et que le mythe d&rsquo;Ixth s&rsquo;\u00e9tiole, une nouvelle proph\u00e9tie semble naitre de ses cendres.<\/em><\/p>\n<p><em>La Proph\u00e9tie des Rois.<\/em><\/p>\n<p>Twilight Imperium : La Proph\u00e9tie des Rois vous permet d\u2019ajouter de nombreuses nouveaut\u00e9s \u00e0 vos parties de Twilight Imperium : Quatri\u00e8me \u00c9dition. Sept factions in\u00e9dites entrent en lice, dont les redoutables Sorciers G\u00e9niques Mahact, anciens ma\u00eetres de la galaxie. Certaines personnalit\u00e9s se retrouvent en premi\u00e8re ligne, apportant leurs comp\u00e9tences exceptionnelles \u00e0 leurs factions. Dans le sanglant combat pour la domination de la galaxie, les infanteries m\u00e9canis\u00e9es redoublent d\u2019efficacit\u00e9. Entre les \u00e9toiles, la guerre s\u2019\u00e9tend \u00e0 de c\u00e9l\u00e8bres plan\u00e8tes de la galaxie, et les explorations de nouveaux territoires ont permis la d\u00e9couverte de reliques perdues aux incommensurables pouvoirs.<\/p>\n","protected":false},"excerpt":{"rendered":"<p>Ixth. La plan\u00e8te perdue. Les d\u00e9bats entre \u00e9rudits sur son existence semblent remonter \u00e0 la nuit des temps. Les l\u00e9gendes d\u00e9crivent Ixith comme un paradis verdoyant aux incroyables richesses. Mais une exp\u00e9dition \u00e0 travers un \u00e9trange portail a r\u00e9v\u00e9l\u00e9 la triste v\u00e9rit\u00e9 : Ixth n&rsquo;a jamais \u00e9t\u00e9 un jardin d&rsquo;\u00e9den, il s&rsquo;agit d&rsquo;une prison. Au d\u00e9but de leur r\u00e8gne, les Lazax livr\u00e8rent une guerre sanglante \u00e0 des tyrans appel\u00e9s les Mahact. L&rsquo;un apr\u00e8s l&rsquo;autre, chaque monde repoussa ces despotes toujours plus loin, jusque dans leur ultime retranchement : la plan\u00e8te Ixth. Dans un \u00e9lan d\u00e9sesp\u00e9r\u00e9, pour tenter de mettre fin \u00e0 la guerre, les Lazax s\u00e9par\u00e8rent la plan\u00e8te ancestrale des Mahact du reste de la galaxie, l&rsquo;isolant \u00e0 jamais. Mais le passage des mill\u00e9naires eut raison de ce secret bien gard\u00e9, et l&#8217;emplacement d&rsquo;Ixth fut r\u00e9v\u00e9l\u00e9 \u00e0 des individus cr\u00e9dules. Tandis que les \u00e9chos du pass\u00e9 d\u00e9chirent la galaxie et que le mythe d&rsquo;Ixth s&rsquo;\u00e9tiole, une nouvelle proph\u00e9tie semble naitre de ses cendres. La Proph\u00e9tie des Rois. Twilight Imperium : La Proph\u00e9tie des Rois vous permet d\u2019ajouter de nombreuses nouveaut\u00e9s \u00e0 vos parties de Twilight Imperium : Quatri\u00e8me \u00c9dition. Sept factions in\u00e9dites entrent en lice, dont les redoutables Sorciers G\u00e9niques Mahact, anciens ma\u00eetres de la galaxie. Certaines personnalit\u00e9s se retrouvent en premi\u00e8re ligne, apportant leurs comp\u00e9tences exceptionnelles \u00e0 leurs factions. Dans le sanglant combat pour la domination de la galaxie, les infanteries m\u00e9canis\u00e9es redoublent d\u2019efficacit\u00e9. Entre les \u00e9toiles, la guerre s\u2019\u00e9tend \u00e0 de c\u00e9l\u00e8bres plan\u00e8tes de la galaxie, et les explorations de nouveaux territoires ont permis la d\u00e9couverte de reliques perdues aux incommensurables pouvoirs.<\/p>\n","protected":false},"author":2,"featured_media":7727,"parent":4814,"menu_order":1,"comment_status":"closed","ping_status":"closed","template":"","meta":{"footnotes":""},"class_list":["post-7732","page","type-page","status-publish","has-post-thumbnail","hentry"],"acf":[],"rttpg_featured_image_url":{"full":["https:\/\/meeplendice.net\/wp-content\/uploads\/2020\/12\/TW_Prophetie.png",350,350,false],"landscape":["https:\/\/meeplendice.net\/wp-content\/uploads\/2020\/12\/TW_Prophetie.png",350,350,false],"portraits":["https:\/\/meeplendice.net\/wp-content\/uploads\/2020\/12\/TW_Prophetie.png",350,350,false],"thumbnail":["https:\/\/meeplendice.net\/wp-content\/uploads\/2020\/12\/TW_Prophetie-150x150.png",150,150,true],"medium":["https:\/\/meeplendice.net\/wp-content\/uploads\/2020\/12\/TW_Prophetie-300x300.png",300,300,true],"large":["https:\/\/meeplendice.net\/wp-content\/uploads\/2020\/12\/TW_Prophetie.png",350,350,false],"ug_big":["https:\/\/meeplendice.net\/wp-content\/uploads\/2020\/12\/TW_Prophetie.png",350,350,false],"1536x1536":["https:\/\/meeplendice.net\/wp-content\/uploads\/2020\/12\/TW_Prophetie.png",350,350,false],"2048x2048":["https:\/\/meeplendice.net\/wp-content\/uploads\/2020\/12\/TW_Prophetie.png",350,350,false],"ashe-slider-grid-thumbnail":["https:\/\/meeplendice.net\/wp-content\/uploads\/2020\/12\/TW_Prophetie.png",350,350,false],"ashe-full-thumbnail":["https:\/\/meeplendice.net\/wp-content\/uploads\/2020\/12\/TW_Prophetie.png",350,350,false],"ashe-grid-thumbnail":["https:\/\/meeplendice.net\/wp-content\/uploads\/2020\/12\/TW_Prophetie-350x330.png",350,330,true],"ashe-list-thumbnail":["https:\/\/meeplendice.net\/wp-content\/uploads\/2020\/12\/TW_Prophetie-300x300.png",300,300,true],"ashe-single-navigation":["https:\/\/meeplendice.net\/wp-content\/uploads\/2020\/12\/TW_Prophetie-75x75.png",75,75,true],"mailpoet_newsletter_max":["https:\/\/meeplendice.net\/wp-content\/uploads\/2020\/12\/TW_Prophetie.png",350,350,false],"rpwe-thumbnail":["https:\/\/meeplendice.net\/wp-content\/uploads\/2020\/12\/TW_Prophetie-45x45.png",45,45,true],"sow-carousel-default":["https:\/\/meeplendice.net\/wp-content\/uploads\/2020\/12\/TW_Prophetie-272x182.png",272,182,true],"rt_custom":["https:\/\/meeplendice.net\/wp-content\/uploads\/2020\/12\/TW_Prophetie.png",350,350,false]},"rttpg_author":{"display_name":"Karnby","author_link":"https:\/\/meeplendice.net\/?author=2"},"rttpg_comment":0,"rttpg_category":null,"rttpg_excerpt":"Ixth. La plan\u00e8te perdue. Les d\u00e9bats entre \u00e9rudits sur son existence semblent remonter \u00e0 la nuit des temps. Les l\u00e9gendes d\u00e9crivent Ixith comme un paradis verdoyant aux incroyables richesses. Mais une exp\u00e9dition \u00e0 travers un \u00e9trange portail a r\u00e9v\u00e9l\u00e9 la triste v\u00e9rit\u00e9 : Ixth n&rsquo;a jamais \u00e9t\u00e9 un jardin d&rsquo;\u00e9den, il s&rsquo;agit d&rsquo;une prison. Au\u2026","_links":{"self":[{"href":"https:\/\/meeplendice.net\/index.php?rest_route=\/wp\/v2\/pages\/7732","targetHints":{"allow":["GET"]}}],"collection":[{"href":"https:\/\/meeplendice.net\/index.php?rest_route=\/wp\/v2\/pages"}],"about":[{"href":"https:\/\/meeplendice.net\/index.php?rest_route=\/wp\/v2\/types\/page"}],"author":[{"embeddable":true,"href":"https:\/\/meeplendice.net\/index.php?rest_route=\/wp\/v2\/users\/2"}],"replies":[{"embeddable":true,"href":"https:\/\/meeplendice.net\/index.php?rest_route=%2Fwp%2Fv2%2Fcomments&post=7732"}],"version-history":[{"count":1,"href":"https:\/\/meeplendice.net\/index.php?rest_route=\/wp\/v2\/pages\/7732\/revisions"}],"predecessor-version":[{"id":7733,"href":"https:\/\/meeplendice.net\/index.php?rest_route=\/wp\/v2\/pages\/7732\/revisions\/7733"}],"up":[{"embeddable":true,"href":"https:\/\/meeplendice.net\/index.php?rest_route=\/wp\/v2\/pages\/4814"}],"wp:featuredmedia":[{"embeddable":true,"href":"https:\/\/meeplendice.net\/index.php?rest_route=\/wp\/v2\/media\/7727"}],"wp:attachment":[{"href":"https:\/\/meeplendice.net\/index.php?rest_route=%2Fwp%2Fv2%2Fmedia&parent=7732"}],"curies":[{"name":"wp","href":"https:\/\/api.w.org\/{rel}","templated":true}]}}