{"id":7840,"date":"2020-12-23T19:17:38","date_gmt":"2020-12-23T18:17:38","guid":{"rendered":"http:\/\/meeplendice.net\/?page_id=7840"},"modified":"2020-12-23T19:17:49","modified_gmt":"2020-12-23T18:17:49","slug":"life","status":"publish","type":"page","link":"https:\/\/meeplendice.net\/?page_id=7840","title":{"rendered":"Life"},"content":{"rendered":"<div class=\"p_collection\">\n<div class=\"p_collection\">Il est l\u2019heure de retourner sur les traces de Gaudi, au pied de la c\u00e9l\u00e8bre cath\u00e9drale de la Sagrada Familia et de ses c\u00e9l\u00e8bres fa\u00e7ades. C\u2019est \u00e0 vous de construire le plus beau vitrail, et surtout celui qui vous rapportera le plus de points, gr\u00e2ce \u00e0 de sublime d\u00e9s color\u00e9s, et tout en transparence. Il faudra respecter les contraintes impos\u00e9es, mais vous pourrez vous aider des Outils \u00e0 votre disposition ou faire dor\u00e9navant appel \u00e0 vos apprentis.<\/div>\n<\/div>\n<div><\/div>\n<div>Cette extension modulaire explore le chemin de la vie, sem\u00e9 d&rsquo;\u00e9preuves, mais aussi de personnes bienveillantes pour vous aider \u00e0 les surmonter. Choisissez les modules que vous pr\u00e9f\u00e9rez ou mixez-les tous pour augmenter vos comp\u00e9tence de b\u00e2tisseurs.<\/div>\n<div>Les d\u00e9fis de Sagrada : Life mettront \u00e0 l&rsquo;\u00e9preuve votre savoir-faire d&rsquo;artisan.<br \/>\nGagnez des comp\u00e9tences gr\u00e2ces aux cartes Appentis, r\u00e9cup\u00e9rez des d\u00e9s Chef-d&rsquo;oeuvre et respectez leurs contraintes pour gagner plus de points, tout en remplissant de nouveaux objectifs publics ambitieux.<\/div>\n<div><\/div>\n<p>&nbsp;<\/p>\n<p><span id=\"result_box\" class=\"\" lang=\"fr\"><span class=\"\">\u00a0<\/span><\/span><\/p>\n","protected":false},"excerpt":{"rendered":"<p>Il est l\u2019heure de retourner sur les traces de Gaudi, au pied de la c\u00e9l\u00e8bre cath\u00e9drale de la Sagrada Familia et de ses c\u00e9l\u00e8bres fa\u00e7ades. C\u2019est \u00e0 vous de construire le plus beau vitrail, et surtout celui qui vous rapportera le plus de points, gr\u00e2ce \u00e0 de sublime d\u00e9s color\u00e9s, et tout en transparence. Il faudra respecter les contraintes impos\u00e9es, mais vous pourrez vous aider des Outils \u00e0 votre disposition ou faire dor\u00e9navant appel \u00e0 vos apprentis. Cette extension modulaire explore le chemin de la vie, sem\u00e9 d&rsquo;\u00e9preuves, mais aussi de personnes bienveillantes pour vous aider \u00e0 les surmonter. Choisissez les modules que vous pr\u00e9f\u00e9rez ou mixez-les tous pour augmenter vos comp\u00e9tence de b\u00e2tisseurs. Les d\u00e9fis de Sagrada : Life mettront \u00e0 l&rsquo;\u00e9preuve votre savoir-faire d&rsquo;artisan. Gagnez des comp\u00e9tences gr\u00e2ces aux cartes Appentis, r\u00e9cup\u00e9rez des d\u00e9s Chef-d&rsquo;oeuvre et respectez leurs contraintes pour gagner plus de points, tout en remplissant de nouveaux objectifs publics ambitieux. &nbsp; \u00a0<\/p>\n","protected":false},"author":2,"featured_media":7831,"parent":4458,"menu_order":2,"comment_status":"closed","ping_status":"closed","template":"","meta":{"footnotes":""},"class_list":["post-7840","page","type-page","status-publish","has-post-thumbnail","hentry"],"acf":[],"rttpg_featured_image_url":{"full":["https:\/\/meeplendice.net\/wp-content\/uploads\/2020\/12\/Sagrada_Life.png",350,350,false],"landscape":["https:\/\/meeplendice.net\/wp-content\/uploads\/2020\/12\/Sagrada_Life.png",350,350,false],"portraits":["https:\/\/meeplendice.net\/wp-content\/uploads\/2020\/12\/Sagrada_Life.png",350,350,false],"thumbnail":["https:\/\/meeplendice.net\/wp-content\/uploads\/2020\/12\/Sagrada_Life-150x150.png",150,150,true],"medium":["https:\/\/meeplendice.net\/wp-content\/uploads\/2020\/12\/Sagrada_Life-300x300.png",300,300,true],"large":["https:\/\/meeplendice.net\/wp-content\/uploads\/2020\/12\/Sagrada_Life.png",350,350,false],"ug_big":["https:\/\/meeplendice.net\/wp-content\/uploads\/2020\/12\/Sagrada_Life.png",350,350,false],"1536x1536":["https:\/\/meeplendice.net\/wp-content\/uploads\/2020\/12\/Sagrada_Life.png",350,350,false],"2048x2048":["https:\/\/meeplendice.net\/wp-content\/uploads\/2020\/12\/Sagrada_Life.png",350,350,false],"ashe-slider-grid-thumbnail":["https:\/\/meeplendice.net\/wp-content\/uploads\/2020\/12\/Sagrada_Life.png",350,350,false],"ashe-full-thumbnail":["https:\/\/meeplendice.net\/wp-content\/uploads\/2020\/12\/Sagrada_Life.png",350,350,false],"ashe-grid-thumbnail":["https:\/\/meeplendice.net\/wp-content\/uploads\/2020\/12\/Sagrada_Life-350x330.png",350,330,true],"ashe-list-thumbnail":["https:\/\/meeplendice.net\/wp-content\/uploads\/2020\/12\/Sagrada_Life-300x300.png",300,300,true],"ashe-single-navigation":["https:\/\/meeplendice.net\/wp-content\/uploads\/2020\/12\/Sagrada_Life-75x75.png",75,75,true],"mailpoet_newsletter_max":["https:\/\/meeplendice.net\/wp-content\/uploads\/2020\/12\/Sagrada_Life.png",350,350,false],"rpwe-thumbnail":["https:\/\/meeplendice.net\/wp-content\/uploads\/2020\/12\/Sagrada_Life-45x45.png",45,45,true],"sow-carousel-default":["https:\/\/meeplendice.net\/wp-content\/uploads\/2020\/12\/Sagrada_Life-272x182.png",272,182,true],"rt_custom":["https:\/\/meeplendice.net\/wp-content\/uploads\/2020\/12\/Sagrada_Life.png",350,350,false]},"rttpg_author":{"display_name":"Karnby","author_link":"https:\/\/meeplendice.net\/?author=2"},"rttpg_comment":0,"rttpg_category":null,"rttpg_excerpt":"Il est l\u2019heure de retourner sur les traces de Gaudi, au pied de la c\u00e9l\u00e8bre cath\u00e9drale de la Sagrada Familia et de ses c\u00e9l\u00e8bres fa\u00e7ades. C\u2019est \u00e0 vous de construire le plus beau vitrail, et surtout celui qui vous rapportera le plus de points, gr\u00e2ce \u00e0 de sublime d\u00e9s color\u00e9s, et tout en transparence. Il\u2026","_links":{"self":[{"href":"https:\/\/meeplendice.net\/index.php?rest_route=\/wp\/v2\/pages\/7840","targetHints":{"allow":["GET"]}}],"collection":[{"href":"https:\/\/meeplendice.net\/index.php?rest_route=\/wp\/v2\/pages"}],"about":[{"href":"https:\/\/meeplendice.net\/index.php?rest_route=\/wp\/v2\/types\/page"}],"author":[{"embeddable":true,"href":"https:\/\/meeplendice.net\/index.php?rest_route=\/wp\/v2\/users\/2"}],"replies":[{"embeddable":true,"href":"https:\/\/meeplendice.net\/index.php?rest_route=%2Fwp%2Fv2%2Fcomments&post=7840"}],"version-history":[{"count":2,"href":"https:\/\/meeplendice.net\/index.php?rest_route=\/wp\/v2\/pages\/7840\/revisions"}],"predecessor-version":[{"id":10590,"href":"https:\/\/meeplendice.net\/index.php?rest_route=\/wp\/v2\/pages\/7840\/revisions\/10590"}],"up":[{"embeddable":true,"href":"https:\/\/meeplendice.net\/index.php?rest_route=\/wp\/v2\/pages\/4458"}],"wp:featuredmedia":[{"embeddable":true,"href":"https:\/\/meeplendice.net\/index.php?rest_route=\/wp\/v2\/media\/7831"}],"wp:attachment":[{"href":"https:\/\/meeplendice.net\/index.php?rest_route=%2Fwp%2Fv2%2Fmedia&parent=7840"}],"curies":[{"name":"wp","href":"https:\/\/api.w.org\/{rel}","templated":true}]}}