{"id":7851,"date":"2020-12-24T00:20:21","date_gmt":"2020-12-23T23:20:21","guid":{"rendered":"http:\/\/meeplendice.net\/?page_id=7851"},"modified":"2022-05-30T22:59:16","modified_gmt":"2022-05-30T21:59:16","slug":"paleo-2","status":"publish","type":"page","link":"https:\/\/meeplendice.net\/?page_id=7851","title":{"rendered":"Paleo"},"content":{"rendered":"<div id=\"pl-7851\"  class=\"panel-layout\" ><div id=\"pg-7851-0\"  class=\"panel-grid panel-no-style\" ><div id=\"pgc-7851-0-0\"  class=\"panel-grid-cell\" ><div id=\"panel-7851-0-0-0\" class=\"so-panel widget widget_sow-editor panel-first-child panel-last-child\" data-index=\"0\" ><div\n\t\t\t\n\t\t\tclass=\"so-widget-sow-editor so-widget-sow-editor-base\"\n\t\t\t\n\t\t>\n<div class=\"siteorigin-widget-tinymce textwidget\">\n\t<p style=\"text-align: center;\"><strong>Nombre de joueurs :<\/strong><br \/>\n2 - 4<\/p>\n<\/div>\n<\/div><\/div><\/div><div id=\"pgc-7851-0-1\"  class=\"panel-grid-cell\" ><div id=\"panel-7851-0-1-0\" class=\"so-panel widget widget_sow-editor panel-first-child panel-last-child\" data-index=\"1\" ><div\n\t\t\t\n\t\t\tclass=\"so-widget-sow-editor so-widget-sow-editor-base\"\n\t\t\t\n\t\t>\n<div class=\"siteorigin-widget-tinymce textwidget\">\n\t<p style=\"text-align: center;\"><strong>Dur\u00e9e moyenne :<\/strong><br \/>\n60 min<\/p>\n<\/div>\n<\/div><\/div><\/div><div id=\"pgc-7851-0-2\"  class=\"panel-grid-cell\" ><div id=\"panel-7851-0-2-0\" class=\"so-panel widget widget_sow-editor panel-first-child panel-last-child\" data-index=\"2\" ><div\n\t\t\t\n\t\t\tclass=\"so-widget-sow-editor so-widget-sow-editor-base\"\n\t\t\t\n\t\t>\n<div class=\"siteorigin-widget-tinymce textwidget\">\n\t<p style=\"text-align: center;\"><strong>Age :<\/strong><br \/>\n10 ans et plus<\/p>\n<\/div>\n<\/div><\/div><\/div><\/div><div id=\"pg-7851-1\"  class=\"panel-grid panel-no-style\" ><div id=\"pgc-7851-1-0\"  class=\"panel-grid-cell\" ><div id=\"panel-7851-1-0-0\" class=\"so-panel widget widget_sow-editor panel-first-child panel-last-child\" data-index=\"3\" ><div\n\t\t\t\n\t\t\tclass=\"so-widget-sow-editor so-widget-sow-editor-base\"\n\t\t\t\n\t\t>\n<div class=\"siteorigin-widget-tinymce textwidget\">\n\t<p style=\"text-align: center;\"><strong>Auteur(s) :<br \/>\n<\/strong>Peter Rustemeyer<\/p>\n<\/div>\n<\/div><\/div><\/div><div id=\"pgc-7851-1-1\"  class=\"panel-grid-cell\" ><div id=\"panel-7851-1-1-0\" class=\"so-panel widget widget_sow-editor panel-first-child panel-last-child\" data-index=\"4\" ><div\n\t\t\t\n\t\t\tclass=\"so-widget-sow-editor so-widget-sow-editor-base\"\n\t\t\t\n\t\t>\n<div class=\"siteorigin-widget-tinymce textwidget\">\n\t<p style=\"text-align: center;\"><strong>Illustrations :<\/strong><br \/>\nDominik Mayer<\/p>\n<\/div>\n<\/div><\/div><\/div><div id=\"pgc-7851-1-2\"  class=\"panel-grid-cell\" ><div id=\"panel-7851-1-2-0\" class=\"so-panel widget widget_sow-editor panel-first-child panel-last-child\" data-index=\"5\" ><div\n\t\t\t\n\t\t\tclass=\"so-widget-sow-editor so-widget-sow-editor-base\"\n\t\t\t\n\t\t>\n<div class=\"siteorigin-widget-tinymce textwidget\">\n\t<p style=\"text-align: center;\"><strong>\u00c9dition :<\/strong><br \/>\nZman Games<br \/>\n2020<\/p>\n<\/div>\n<\/div><\/div><\/div><div id=\"pgc-7851-1-3\"  class=\"panel-grid-cell\" ><div id=\"panel-7851-1-3-0\" class=\"so-panel widget widget_sow-editor panel-first-child panel-last-child\" data-index=\"6\" ><div\n\t\t\t\n\t\t\tclass=\"so-widget-sow-editor so-widget-sow-editor-base\"\n\t\t\t\n\t\t>\n<div class=\"siteorigin-widget-tinymce textwidget\">\n\t<p style=\"text-align: center;\"><strong>Version :<\/strong><br \/>\nFran\u00e7aise<\/p>\n<\/div>\n<\/div><\/div><\/div><\/div><div id=\"pg-7851-2\"  class=\"panel-grid panel-no-style\" ><div id=\"pgc-7851-2-0\"  class=\"panel-grid-cell\" ><div id=\"panel-7851-2-0-0\" class=\"so-panel widget widget_sow-editor panel-first-child panel-last-child\" data-index=\"7\" ><div\n\t\t\t\n\t\t\tclass=\"so-widget-sow-editor so-widget-sow-editor-base\"\n\t\t\t\n\t\t>\n<div class=\"siteorigin-widget-tinymce textwidget\">\n\t<hr \/>\n<p><em>Au d\u00e9but de l\u2019\u00c2ge de Pierre, bien avant que l\u2019Humanit\u00e9 ne se s\u00e9dentarise, chaque journ\u00e9e \u00e9tait un d\u00e9fi \u00e0 relever. Trouver de la nourriture n'\u00e9tait pas une t\u00e2che facile et de nombreux dangers se cachaient au c\u0153ur de cette nature sauvage. C'est en agissant ensemble que les membres des tribus r\u00e9ussirent \u00e0 ma\u00eetriser leur environnement et \u00e0 laisser des traces durables de leur histoire pour les g\u00e9n\u00e9rations futures.<\/em><\/p>\n<p>Dans <em>Paleo<\/em>, les joueurs vont d\u00e9cider collectivement de la r\u00e9partition des t\u00e2ches: exploration, mission, invention, etc. Ce n'est qu'en arrivant dans un lieu que vous saurez exactement ce qui vous y attend. Vous pourriez acqu\u00e9rir de la nourriture ou des ressources, trouver ce dont vous avez besoin pour fabriquer un objet utile, d\u00e9couvrir que vous pouvez aider quelqu'un d'autre dans son projet, ou subir une morsure de serpent qui vous rapproche de la mort. La vie est pleine de merveilles et de terreurs...<\/p>\n<p>Plus vous l'explorerez, plus vous disposerez d'informations, ce qui vous permettra de mieux surmonter les obstacles que vous rencontrerez, gr\u00e2ce \u00e0 des outils ad\u00e9quats, \u00e0 l'aide de vos compagnons et aussi d'un peu de chance.<\/p>\n<p>Avec <em>Paelo<\/em>, vivez de passionnantes aventures \u00e0 l'\u00c2ge de Pierre !<\/p>\n<\/div>\n<\/div><\/div><\/div><\/div><div id=\"pg-7851-3\"  class=\"panel-grid panel-no-style\" ><div id=\"pgc-7851-3-0\"  class=\"panel-grid-cell\" ><div id=\"panel-7851-3-0-0\" class=\"so-panel widget widget_sow-editor panel-first-child panel-last-child\" data-index=\"8\" ><div\n\t\t\t\n\t\t\tclass=\"so-widget-sow-editor so-widget-sow-editor-base\"\n\t\t\t\n\t\t>\n<div class=\"siteorigin-widget-tinymce textwidget\">\n\t<hr \/>\n<h3 style=\"text-align: center;\">En vid\u00e9o<\/h3>\n<\/div>\n<\/div><\/div><\/div><\/div><div id=\"pg-7851-4\"  class=\"panel-grid panel-no-style\" ><div id=\"pgc-7851-4-0\"  class=\"panel-grid-cell\" ><div id=\"panel-7851-4-0-0\" class=\"so-panel widget widget_sow-editor panel-first-child panel-last-child\" data-index=\"9\" ><div\n\t\t\t\n\t\t\tclass=\"so-widget-sow-editor so-widget-sow-editor-base\"\n\t\t\t\n\t\t>\n<div class=\"siteorigin-widget-tinymce textwidget\">\n\t<hr \/>\n<h3 style=\"text-align: center;\">Extension(s)<\/h3>\n<p style=\"text-align: center;\"><style type='text\/css' media='all'>#rt-tpg-container-2828673209 .read-more a{border-radius:px;}#rt-tpg-container-2828673209 .rt-img-holder img.rt-img-responsive,#rt-tpg-container-2828673209 .rt-img-holder,\n\t\t\t\t\t#rt-tpg-container-2828673209 .rt-post-overlay .post-img,\n\t\t\t\t\t#rt-tpg-container-2828673209 .post-sm .post-img,\n\t\t\t\t\t#rt-tpg-container-2828673209 .rt-post-grid .post-img,\n\t\t\t\t\t#rt-tpg-container-2828673209 .post-img img {border-radius:px;}#rt-tpg-container-2828673209 .layout9 .rt-holder h2.entry-title,\n\t\t\t\t\t#rt-tpg-container-2828673209 .layout9 .rt-holder h3.entry-title,\n\t\t\t\t\t#rt-tpg-container-2828673209 .layout9 .rt-holder h4.entry-title,\n\t\t\t\t\t#rt-tpg-container-2828673209 .layout9 .rt-holder h2.entry-title a,\n\t\t\t\t\t#rt-tpg-container-2828673209 .layout9 .rt-holder h3.entry-title a,\n\t\t\t\t\t#rt-tpg-container-2828673209 .layout9 .rt-holder h4.entry-title a,\n\t\t\t\t\t#rt-tpg-container-2828673209 .rt-holder .rt-woo-info h2 a,\n\t\t\t\t\t#rt-tpg-container-2828673209 .rt-holder .rt-woo-info h3 a,\n\t\t\t\t\t#rt-tpg-container-2828673209 .rt-holder .rt-woo-info h4 a,\n\t\t\t\t\t#rt-tpg-container-2828673209 .post-content .post-title,\n\t\t\t\t\t#rt-tpg-container-2828673209 .rt-post-grid .post-title,\n\t\t\t\t\t#rt-tpg-container-2828673209 .rt-post-grid .post-title a,\n\t\t\t\t\t#rt-tpg-container-2828673209 .post-content .post-title a,\n\t\t\t\t\t#rt-tpg-container-2828673209 .rt-holder .rt-woo-info h2,\n\t\t\t\t\t#rt-tpg-container-2828673209 .rt-holder .rt-woo-info h3,\n\t\t\t\t\t#rt-tpg-container-2828673209 .rt-holder .rt-woo-info h4{font-size:16px;line-height:26px;font-weight:normal;text-align:center;}#rt-tpg-container-2828673209 .post-grid-lg-style-1 .post-title,\n\t\t\t\t\t\t#rt-tpg-container-2828673209 .post-grid-lg-style-1 .post-title a,\n\t\t\t\t\t\t#rt-tpg-container-2828673209 .big-layout .post-title,\n\t\t\t\t\t\t#rt-tpg-container-2828673209 .big-layout .post-title a,\n\t\t\t\t\t\t#rt-tpg-container-2828673209 .post-grid-lg-style-1 .post-title,\n\t\t\t\t\t\t#rt-tpg-container-2828673209 .post-grid-lg-style-1 .post-title a {font-size:24px;line-height:34px;}<\/style><div class='rt-container-fluid rt-tpg-container tpg-shortcode-main-wrapper ' id='rt-tpg-container-2828673209'   data-layout='layout9' data-grid-style='masonry' data-desktop-col='3'  data-tab-col='2'  data-mobile-col='1' data-sc-id='9781'><div data-title='Loading ...' class='rt-row rt-content-loader   layout9 tpg-masonry '><div class=\"rt-col-md-4 rt-col-sm-6 rt-col-xs-12 masonry-grid-item rt-grid-item img_zoom_in\" data-id=\"9775\"><div class=\"rt-holder\"><div class='overlay'><a data-id='9775' class=' tpg-single-popup' href='https:\/\/meeplendice.net\/?page_id=9775'><img loading=\"lazy\" decoding=\"async\" width=\"350\" height=\"350\" src=\"https:\/\/meeplendice.net\/wp-content\/uploads\/2022\/05\/Paleo_Nouvelleere.png\" class=\"rt-img-responsive \" alt=\"\" \/><\/a><\/div><div class='post-info'><h3 class=\"entry-title\"><a data-id=\"9775\" class=\" tpg-single-popup\" href=\"https:\/\/meeplendice.net\/?page_id=9775\">Une Nouvelle Ere<\/a><\/h3><div class='post-meta-user '><\/div><\/div><\/div><\/div><div class=\"rt-col-md-4 rt-col-sm-6 rt-col-xs-12 masonry-grid-item rt-grid-item img_zoom_in\" data-id=\"9777\"><div class=\"rt-holder\"><div class='overlay'><a data-id='9777' class=' tpg-single-popup' href='https:\/\/meeplendice.net\/?page_id=9777'><img loading=\"lazy\" decoding=\"async\" width=\"350\" height=\"350\" src=\"https:\/\/meeplendice.net\/wp-content\/uploads\/2022\/05\/Paleo_Rites.png\" class=\"rt-img-responsive \" alt=\"\" \/><\/a><\/div><div class='post-info'><h3 class=\"entry-title\"><a data-id=\"9777\" class=\" tpg-single-popup\" href=\"https:\/\/meeplendice.net\/?page_id=9777\">Rites d&rsquo;Initiations<\/a><\/h3><div class='post-meta-user '><\/div><\/div><\/div><\/div><div class=\"rt-col-md-4 rt-col-sm-6 rt-col-xs-12 masonry-grid-item rt-grid-item img_zoom_in\" data-id=\"9779\"><div class=\"rt-holder\"><div class='overlay'><a data-id='9779' class=' tpg-single-popup' href='https:\/\/meeplendice.net\/?page_id=9779'><img loading=\"lazy\" decoding=\"async\" width=\"350\" height=\"350\" src=\"https:\/\/meeplendice.net\/wp-content\/uploads\/2022\/05\/Paleo_Oiseaux.png\" class=\"rt-img-responsive \" alt=\"\" \/><\/a><\/div><div class='post-info'><h3 class=\"entry-title\"><a data-id=\"9779\" class=\" tpg-single-popup\" href=\"https:\/\/meeplendice.net\/?page_id=9779\">Les Oiseaux-Terreur<\/a><\/h3><div class='post-meta-user '><\/div><\/div><\/div><\/div><\/div><div class='rt-pagination-wrap' data-total-pages='2' data-posts-per-page='3' data-type='pagination_ajax'  ><div class='rt-page-numbers'><\/div><\/div><\/div><\/p>\n<\/div>\n<\/div><\/div><\/div><\/div><div id=\"pg-7851-5\"  class=\"panel-grid panel-no-style\" ><div id=\"pgc-7851-5-0\"  class=\"panel-grid-cell\" ><div id=\"panel-7851-5-0-0\" class=\"so-panel widget widget_sow-editor panel-first-child panel-last-child\" data-index=\"10\" ><div\n\t\t\t\n\t\t\tclass=\"so-widget-sow-editor so-widget-sow-editor-base\"\n\t\t\t\n\t\t>\n<div class=\"siteorigin-widget-tinymce textwidget\">\n\t<hr \/>\n<h3 style=\"text-align: center;\">Pour aller plus loin<\/h3>\n<\/div>\n<\/div><\/div><\/div><\/div><\/div>","protected":false},"excerpt":{"rendered":"<p>Nombre de joueurs : 2 &#8211; 4 Dur\u00e9e moyenne : 60 min Age : 10 ans et plus Auteur(s) : Peter Rustemeyer Illustrations : Dominik Mayer \u00c9dition : Zman Games 2020 Version : Fran\u00e7aise<\/p>\n","protected":false},"author":2,"featured_media":7838,"parent":0,"menu_order":0,"comment_status":"closed","ping_status":"closed","template":"","meta":{"footnotes":""},"class_list":["post-7851","page","type-page","status-publish","has-post-thumbnail","hentry"],"acf":[],"rttpg_featured_image_url":{"full":["https:\/\/meeplendice.net\/wp-content\/uploads\/2020\/12\/Paleo.png",350,350,false],"landscape":["https:\/\/meeplendice.net\/wp-content\/uploads\/2020\/12\/Paleo.png",350,350,false],"portraits":["https:\/\/meeplendice.net\/wp-content\/uploads\/2020\/12\/Paleo.png",350,350,false],"thumbnail":["https:\/\/meeplendice.net\/wp-content\/uploads\/2020\/12\/Paleo-150x150.png",150,150,true],"medium":["https:\/\/meeplendice.net\/wp-content\/uploads\/2020\/12\/Paleo-300x300.png",300,300,true],"large":["https:\/\/meeplendice.net\/wp-content\/uploads\/2020\/12\/Paleo.png",350,350,false],"ug_big":["https:\/\/meeplendice.net\/wp-content\/uploads\/2020\/12\/Paleo.png",350,350,false],"1536x1536":["https:\/\/meeplendice.net\/wp-content\/uploads\/2020\/12\/Paleo.png",350,350,false],"2048x2048":["https:\/\/meeplendice.net\/wp-content\/uploads\/2020\/12\/Paleo.png",350,350,false],"ashe-slider-grid-thumbnail":["https:\/\/meeplendice.net\/wp-content\/uploads\/2020\/12\/Paleo.png",350,350,false],"ashe-full-thumbnail":["https:\/\/meeplendice.net\/wp-content\/uploads\/2020\/12\/Paleo.png",350,350,false],"ashe-grid-thumbnail":["https:\/\/meeplendice.net\/wp-content\/uploads\/2020\/12\/Paleo-350x330.png",350,330,true],"ashe-list-thumbnail":["https:\/\/meeplendice.net\/wp-content\/uploads\/2020\/12\/Paleo-300x300.png",300,300,true],"ashe-single-navigation":["https:\/\/meeplendice.net\/wp-content\/uploads\/2020\/12\/Paleo-75x75.png",75,75,true],"mailpoet_newsletter_max":["https:\/\/meeplendice.net\/wp-content\/uploads\/2020\/12\/Paleo.png",350,350,false],"rpwe-thumbnail":["https:\/\/meeplendice.net\/wp-content\/uploads\/2020\/12\/Paleo-45x45.png",45,45,true],"sow-carousel-default":["https:\/\/meeplendice.net\/wp-content\/uploads\/2020\/12\/Paleo-272x182.png",272,182,true],"rt_custom":["https:\/\/meeplendice.net\/wp-content\/uploads\/2020\/12\/Paleo.png",350,350,false]},"rttpg_author":{"display_name":"Karnby","author_link":"https:\/\/meeplendice.net\/?author=2"},"rttpg_comment":0,"rttpg_category":null,"rttpg_excerpt":"Nombre de joueurs : 2 - 4 Dur\u00e9e moyenne : 60 min Age : 10 ans et plus Auteur(s) : Peter Rustemeyer Illustrations : Dominik Mayer \u00c9dition : Zman Games 2020 Version : Fran\u00e7aise","_links":{"self":[{"href":"https:\/\/meeplendice.net\/index.php?rest_route=\/wp\/v2\/pages\/7851","targetHints":{"allow":["GET"]}}],"collection":[{"href":"https:\/\/meeplendice.net\/index.php?rest_route=\/wp\/v2\/pages"}],"about":[{"href":"https:\/\/meeplendice.net\/index.php?rest_route=\/wp\/v2\/types\/page"}],"author":[{"embeddable":true,"href":"https:\/\/meeplendice.net\/index.php?rest_route=\/wp\/v2\/users\/2"}],"replies":[{"embeddable":true,"href":"https:\/\/meeplendice.net\/index.php?rest_route=%2Fwp%2Fv2%2Fcomments&post=7851"}],"version-history":[{"count":10,"href":"https:\/\/meeplendice.net\/index.php?rest_route=\/wp\/v2\/pages\/7851\/revisions"}],"predecessor-version":[{"id":9915,"href":"https:\/\/meeplendice.net\/index.php?rest_route=\/wp\/v2\/pages\/7851\/revisions\/9915"}],"wp:featuredmedia":[{"embeddable":true,"href":"https:\/\/meeplendice.net\/index.php?rest_route=\/wp\/v2\/media\/7838"}],"wp:attachment":[{"href":"https:\/\/meeplendice.net\/index.php?rest_route=%2Fwp%2Fv2%2Fmedia&parent=7851"}],"curies":[{"name":"wp","href":"https:\/\/api.w.org\/{rel}","templated":true}]}}