{"id":7867,"date":"2020-12-24T10:38:13","date_gmt":"2020-12-24T09:38:13","guid":{"rendered":"http:\/\/meeplendice.net\/?page_id=7867"},"modified":"2024-03-31T22:32:37","modified_gmt":"2024-03-31T21:32:37","slug":"the-artemis-project","status":"publish","type":"page","link":"https:\/\/meeplendice.net\/?page_id=7867","title":{"rendered":"The Artemis Project"},"content":{"rendered":"<div id=\"pl-7867\"  class=\"panel-layout\" ><div id=\"pg-7867-0\"  class=\"panel-grid panel-no-style\" ><div id=\"pgc-7867-0-0\"  class=\"panel-grid-cell\" ><div id=\"panel-7867-0-0-0\" class=\"so-panel widget widget_sow-editor panel-first-child panel-last-child\" data-index=\"0\" ><div\n\t\t\t\n\t\t\tclass=\"so-widget-sow-editor so-widget-sow-editor-base\"\n\t\t\t\n\t\t>\n<div class=\"siteorigin-widget-tinymce textwidget\">\n\t<p style=\"text-align: center;\"><strong>Nombre de joueurs :<\/strong><br \/>\n1 - 5<\/p>\n<\/div>\n<\/div><\/div><\/div><div id=\"pgc-7867-0-1\"  class=\"panel-grid-cell\" ><div id=\"panel-7867-0-1-0\" class=\"so-panel widget widget_sow-editor panel-first-child panel-last-child\" data-index=\"1\" ><div\n\t\t\t\n\t\t\tclass=\"so-widget-sow-editor so-widget-sow-editor-base\"\n\t\t\t\n\t\t>\n<div class=\"siteorigin-widget-tinymce textwidget\">\n\t<p style=\"text-align: center;\"><strong>Dur\u00e9e moyenne :<\/strong><br \/>\n75 min<\/p>\n<\/div>\n<\/div><\/div><\/div><div id=\"pgc-7867-0-2\"  class=\"panel-grid-cell\" ><div id=\"panel-7867-0-2-0\" class=\"so-panel widget widget_sow-editor panel-first-child panel-last-child\" data-index=\"2\" ><div\n\t\t\t\n\t\t\tclass=\"so-widget-sow-editor so-widget-sow-editor-base\"\n\t\t\t\n\t\t>\n<div class=\"siteorigin-widget-tinymce textwidget\">\n\t<p style=\"text-align: center;\"><strong>Age :<\/strong><br \/>\n12 ans et plus<\/p>\n<\/div>\n<\/div><\/div><\/div><\/div><div id=\"pg-7867-1\"  class=\"panel-grid panel-no-style\" ><div id=\"pgc-7867-1-0\"  class=\"panel-grid-cell\" ><div id=\"panel-7867-1-0-0\" class=\"so-panel widget widget_sow-editor panel-first-child panel-last-child\" data-index=\"3\" ><div\n\t\t\t\n\t\t\tclass=\"so-widget-sow-editor so-widget-sow-editor-base\"\n\t\t\t\n\t\t>\n<div class=\"siteorigin-widget-tinymce textwidget\">\n\t<p style=\"text-align: center;\"><strong>Auteur(s) :<br \/>\n<\/strong>Darly Chow<br \/>\nDaniel Rocchi<\/p>\n<\/div>\n<\/div><\/div><\/div><div id=\"pgc-7867-1-1\"  class=\"panel-grid-cell\" ><div id=\"panel-7867-1-1-0\" class=\"so-panel widget widget_sow-editor panel-first-child panel-last-child\" data-index=\"4\" ><div\n\t\t\t\n\t\t\tclass=\"so-widget-sow-editor so-widget-sow-editor-base\"\n\t\t\t\n\t\t>\n<div class=\"siteorigin-widget-tinymce textwidget\">\n\t<p style=\"text-align: center;\"><strong>Illustrations :<\/strong><br \/>\nDominik Mayer<\/p>\n<\/div>\n<\/div><\/div><\/div><div id=\"pgc-7867-1-2\"  class=\"panel-grid-cell\" ><div id=\"panel-7867-1-2-0\" class=\"so-panel widget widget_sow-editor panel-first-child panel-last-child\" data-index=\"5\" ><div\n\t\t\t\n\t\t\tclass=\"so-widget-sow-editor so-widget-sow-editor-base\"\n\t\t\t\n\t\t>\n<div class=\"siteorigin-widget-tinymce textwidget\">\n\t<p style=\"text-align: center;\"><strong>\u00c9dition :<\/strong><br \/>\nSuper Meeple<br \/>\n2020<\/p>\n<\/div>\n<\/div><\/div><\/div><div id=\"pgc-7867-1-3\"  class=\"panel-grid-cell\" ><div id=\"panel-7867-1-3-0\" class=\"so-panel widget widget_sow-editor panel-first-child panel-last-child\" data-index=\"6\" ><div\n\t\t\t\n\t\t\tclass=\"so-widget-sow-editor so-widget-sow-editor-base\"\n\t\t\t\n\t\t>\n<div class=\"siteorigin-widget-tinymce textwidget\">\n\t<p style=\"text-align: center;\"><strong>Version :<\/strong><br \/>\nFran\u00e7aise<\/p>\n<\/div>\n<\/div><\/div><\/div><\/div><div id=\"pg-7867-2\"  class=\"panel-grid panel-no-style\" ><div id=\"pgc-7867-2-0\"  class=\"panel-grid-cell\" ><div id=\"panel-7867-2-0-0\" class=\"so-panel widget widget_sow-editor panel-first-child panel-last-child\" data-index=\"7\" ><div\n\t\t\t\n\t\t\tclass=\"so-widget-sow-editor so-widget-sow-editor-base\"\n\t\t\t\n\t\t>\n<div class=\"siteorigin-widget-tinymce textwidget\">\n\t<hr \/>\n<p><em>Nous sommes en 2348, et nous avons \u00e0 peine explor\u00e9 Europe, la lune gel\u00e9e de Jupiter. Il a fallu des d\u00e9cennies pour rendre l'air respirable et les temp\u00e9ratures supportables, mais cet effort a permis d'atteindre les grands oc\u00e9ans se trouvant sous l'\u00e9paisse couche de glace.<\/em><br \/>\n<em>Les profondeurs marines sont r\u00e9chauff\u00e9es par une activit\u00e9 volcanique et regorgent d'une vie extraterrestre aquatique. Nourriture, min\u00e9raux, \u00e9nergie et nouveaux territoires n'attendant que l'\u00e9quipe la plus comp\u00e9tente pour \u00eatre accapar\u00e9s.<\/em><\/p>\n<p>The Artemis Project est un jeu de strat\u00e9gie o\u00f9 les ressources sont rares et o\u00f9 vos choix tactiques peuvent vous laisser \u00e0 la merci du froid ! Construisez une colonie qui soutiendra votre strat\u00e9gie, recrutez les colons avec les comp\u00e9tences les plus appropri\u00e9es, et d\u00e9ployez judicieusement vos d\u00e9s sur les lieux qui vous permettront de mettre la main sur les \u00e9l\u00e9ments qui vous conduiront \u00e0 la victoire.<\/p>\n<\/div>\n<\/div><\/div><\/div><\/div><div id=\"pg-7867-3\"  class=\"panel-grid panel-no-style\" ><div id=\"pgc-7867-3-0\"  class=\"panel-grid-cell\" ><div id=\"panel-7867-3-0-0\" class=\"so-panel widget widget_sow-editor panel-first-child panel-last-child\" data-index=\"8\" ><div\n\t\t\t\n\t\t\tclass=\"so-widget-sow-editor so-widget-sow-editor-base\"\n\t\t\t\n\t\t>\n<div class=\"siteorigin-widget-tinymce textwidget\">\n\t<hr \/>\n<h3 style=\"text-align: center;\">En vid\u00e9o<\/h3>\n<\/div>\n<\/div><\/div><\/div><\/div><div id=\"pg-7867-4\"  class=\"panel-grid panel-no-style\" ><div id=\"pgc-7867-4-0\"  class=\"panel-grid-cell\" ><div id=\"panel-7867-4-0-0\" class=\"so-panel widget widget_sow-editor panel-first-child panel-last-child\" data-index=\"9\" ><div\n\t\t\t\n\t\t\tclass=\"so-widget-sow-editor so-widget-sow-editor-base\"\n\t\t\t\n\t\t>\n<div class=\"siteorigin-widget-tinymce textwidget\">\n\t<hr \/>\n<h3 style=\"text-align: center;\">Extension(s)<\/h3>\n<p style=\"text-align: center;\"><style type='text\/css' media='all'>#rt-tpg-container-2641490276 .read-more a{border-radius:px;}#rt-tpg-container-2641490276 .rt-img-holder img.rt-img-responsive,#rt-tpg-container-2641490276 .rt-img-holder,\n\t\t\t\t\t#rt-tpg-container-2641490276 .rt-post-overlay .post-img,\n\t\t\t\t\t#rt-tpg-container-2641490276 .post-sm .post-img,\n\t\t\t\t\t#rt-tpg-container-2641490276 .rt-post-grid .post-img,\n\t\t\t\t\t#rt-tpg-container-2641490276 .post-img img {border-radius:px;}#rt-tpg-container-2641490276 .layout9 .rt-holder h2.entry-title,\n\t\t\t\t\t#rt-tpg-container-2641490276 .layout9 .rt-holder h3.entry-title,\n\t\t\t\t\t#rt-tpg-container-2641490276 .layout9 .rt-holder h4.entry-title,\n\t\t\t\t\t#rt-tpg-container-2641490276 .layout9 .rt-holder h2.entry-title a,\n\t\t\t\t\t#rt-tpg-container-2641490276 .layout9 .rt-holder h3.entry-title a,\n\t\t\t\t\t#rt-tpg-container-2641490276 .layout9 .rt-holder h4.entry-title a,\n\t\t\t\t\t#rt-tpg-container-2641490276 .rt-holder .rt-woo-info h2 a,\n\t\t\t\t\t#rt-tpg-container-2641490276 .rt-holder .rt-woo-info h3 a,\n\t\t\t\t\t#rt-tpg-container-2641490276 .rt-holder .rt-woo-info h4 a,\n\t\t\t\t\t#rt-tpg-container-2641490276 .post-content .post-title,\n\t\t\t\t\t#rt-tpg-container-2641490276 .rt-post-grid .post-title,\n\t\t\t\t\t#rt-tpg-container-2641490276 .rt-post-grid .post-title a,\n\t\t\t\t\t#rt-tpg-container-2641490276 .post-content .post-title a,\n\t\t\t\t\t#rt-tpg-container-2641490276 .rt-holder .rt-woo-info h2,\n\t\t\t\t\t#rt-tpg-container-2641490276 .rt-holder .rt-woo-info h3,\n\t\t\t\t\t#rt-tpg-container-2641490276 .rt-holder .rt-woo-info h4{font-size:16px;line-height:26px;font-weight:normal;text-align:center;}#rt-tpg-container-2641490276 .post-grid-lg-style-1 .post-title,\n\t\t\t\t\t\t#rt-tpg-container-2641490276 .post-grid-lg-style-1 .post-title a,\n\t\t\t\t\t\t#rt-tpg-container-2641490276 .big-layout .post-title,\n\t\t\t\t\t\t#rt-tpg-container-2641490276 .big-layout .post-title a,\n\t\t\t\t\t\t#rt-tpg-container-2641490276 .post-grid-lg-style-1 .post-title,\n\t\t\t\t\t\t#rt-tpg-container-2641490276 .post-grid-lg-style-1 .post-title a {font-size:24px;line-height:34px;}<\/style><div class='rt-container-fluid rt-tpg-container tpg-shortcode-main-wrapper ' id='rt-tpg-container-2641490276'   data-layout='layout9' data-grid-style='masonry' data-desktop-col='3'  data-tab-col='2'  data-mobile-col='1' data-sc-id='12021'><div data-title='Loading ...' class='rt-row rt-content-loader   layout9 tpg-masonry '><div class=\"rt-col-md-4 rt-col-sm-6 rt-col-xs-12 masonry-grid-item rt-grid-item img_zoom_in\" data-id=\"12019\"><div class=\"rt-holder\"><div class='overlay'><a data-id='12019' class=' tpg-single-popup' href='https:\/\/meeplendice.net\/?page_id=12019'><img loading=\"lazy\" decoding=\"async\" width=\"350\" height=\"350\" src=\"https:\/\/meeplendice.net\/wp-content\/uploads\/2024\/03\/TAP_SC.png\" class=\"rt-img-responsive \" alt=\"\" \/><\/a><\/div><div class='post-info'><div class='post-meta-user '><\/div><\/div><\/div><\/div><\/div><div class='rt-pagination-wrap' data-total-pages='1' data-posts-per-page='3' data-type='pagination_ajax'  ><div class='rt-page-numbers'><\/div><\/div><\/div><\/p>\n<\/div>\n<\/div><\/div><\/div><\/div><div id=\"pg-7867-5\"  class=\"panel-grid panel-no-style\" ><div id=\"pgc-7867-5-0\"  class=\"panel-grid-cell\" ><div id=\"panel-7867-5-0-0\" class=\"so-panel widget widget_sow-editor panel-first-child panel-last-child\" data-index=\"10\" ><div\n\t\t\t\n\t\t\tclass=\"so-widget-sow-editor so-widget-sow-editor-base\"\n\t\t\t\n\t\t>\n<div class=\"siteorigin-widget-tinymce textwidget\">\n\t<hr \/>\n<h3 style=\"text-align: center;\">Pour aller plus loin<\/h3>\n<\/div>\n<\/div><\/div><\/div><\/div><\/div>","protected":false},"excerpt":{"rendered":"<p>Nombre de joueurs : 1 &#8211; 5 Dur\u00e9e moyenne : 75 min Age : 12 ans et plus Auteur(s) : Darly Chow Daniel Rocchi Illustrations : Dominik Mayer \u00c9dition : Super Meeple 2020 Version : Fran\u00e7aise<\/p>\n","protected":false},"author":2,"featured_media":7836,"parent":0,"menu_order":0,"comment_status":"closed","ping_status":"closed","template":"","meta":{"footnotes":""},"class_list":["post-7867","page","type-page","status-publish","has-post-thumbnail","hentry"],"acf":[],"rttpg_featured_image_url":{"full":["https:\/\/meeplendice.net\/wp-content\/uploads\/2020\/12\/Theartemisproject.png",350,350,false],"landscape":["https:\/\/meeplendice.net\/wp-content\/uploads\/2020\/12\/Theartemisproject.png",350,350,false],"portraits":["https:\/\/meeplendice.net\/wp-content\/uploads\/2020\/12\/Theartemisproject.png",350,350,false],"thumbnail":["https:\/\/meeplendice.net\/wp-content\/uploads\/2020\/12\/Theartemisproject-150x150.png",150,150,true],"medium":["https:\/\/meeplendice.net\/wp-content\/uploads\/2020\/12\/Theartemisproject-300x300.png",300,300,true],"large":["https:\/\/meeplendice.net\/wp-content\/uploads\/2020\/12\/Theartemisproject.png",350,350,false],"ug_big":["https:\/\/meeplendice.net\/wp-content\/uploads\/2020\/12\/Theartemisproject.png",350,350,false],"1536x1536":["https:\/\/meeplendice.net\/wp-content\/uploads\/2020\/12\/Theartemisproject.png",350,350,false],"2048x2048":["https:\/\/meeplendice.net\/wp-content\/uploads\/2020\/12\/Theartemisproject.png",350,350,false],"ashe-slider-grid-thumbnail":["https:\/\/meeplendice.net\/wp-content\/uploads\/2020\/12\/Theartemisproject.png",350,350,false],"ashe-full-thumbnail":["https:\/\/meeplendice.net\/wp-content\/uploads\/2020\/12\/Theartemisproject.png",350,350,false],"ashe-grid-thumbnail":["https:\/\/meeplendice.net\/wp-content\/uploads\/2020\/12\/Theartemisproject-350x330.png",350,330,true],"ashe-list-thumbnail":["https:\/\/meeplendice.net\/wp-content\/uploads\/2020\/12\/Theartemisproject-300x300.png",300,300,true],"ashe-single-navigation":["https:\/\/meeplendice.net\/wp-content\/uploads\/2020\/12\/Theartemisproject-75x75.png",75,75,true],"mailpoet_newsletter_max":["https:\/\/meeplendice.net\/wp-content\/uploads\/2020\/12\/Theartemisproject.png",350,350,false],"rpwe-thumbnail":["https:\/\/meeplendice.net\/wp-content\/uploads\/2020\/12\/Theartemisproject-45x45.png",45,45,true],"sow-carousel-default":["https:\/\/meeplendice.net\/wp-content\/uploads\/2020\/12\/Theartemisproject-272x182.png",272,182,true],"rt_custom":["https:\/\/meeplendice.net\/wp-content\/uploads\/2020\/12\/Theartemisproject.png",350,350,false]},"rttpg_author":{"display_name":"Karnby","author_link":"https:\/\/meeplendice.net\/?author=2"},"rttpg_comment":0,"rttpg_category":null,"rttpg_excerpt":"Nombre de joueurs : 1 - 5 Dur\u00e9e moyenne : 75 min Age : 12 ans et plus Auteur(s) : Darly Chow Daniel Rocchi Illustrations : Dominik Mayer \u00c9dition : Super Meeple 2020 Version : Fran\u00e7aise","_links":{"self":[{"href":"https:\/\/meeplendice.net\/index.php?rest_route=\/wp\/v2\/pages\/7867","targetHints":{"allow":["GET"]}}],"collection":[{"href":"https:\/\/meeplendice.net\/index.php?rest_route=\/wp\/v2\/pages"}],"about":[{"href":"https:\/\/meeplendice.net\/index.php?rest_route=\/wp\/v2\/types\/page"}],"author":[{"embeddable":true,"href":"https:\/\/meeplendice.net\/index.php?rest_route=\/wp\/v2\/users\/2"}],"replies":[{"embeddable":true,"href":"https:\/\/meeplendice.net\/index.php?rest_route=%2Fwp%2Fv2%2Fcomments&post=7867"}],"version-history":[{"count":4,"href":"https:\/\/meeplendice.net\/index.php?rest_route=\/wp\/v2\/pages\/7867\/revisions"}],"predecessor-version":[{"id":12024,"href":"https:\/\/meeplendice.net\/index.php?rest_route=\/wp\/v2\/pages\/7867\/revisions\/12024"}],"wp:featuredmedia":[{"embeddable":true,"href":"https:\/\/meeplendice.net\/index.php?rest_route=\/wp\/v2\/media\/7836"}],"wp:attachment":[{"href":"https:\/\/meeplendice.net\/index.php?rest_route=%2Fwp%2Fv2%2Fmedia&parent=7867"}],"curies":[{"name":"wp","href":"https:\/\/api.w.org\/{rel}","templated":true}]}}