{"id":7940,"date":"2021-01-19T16:22:04","date_gmt":"2021-01-19T15:22:04","guid":{"rendered":"http:\/\/meeplendice.net\/?page_id=7940"},"modified":"2021-01-19T16:23:21","modified_gmt":"2021-01-19T15:23:21","slug":"channel-fear","status":"publish","type":"page","link":"https:\/\/meeplendice.net\/?page_id=7940","title":{"rendered":"Channel Fear"},"content":{"rendered":"<div id=\"pl-7940\"  class=\"panel-layout\" ><div id=\"pg-7940-0\"  class=\"panel-grid panel-no-style\" ><div id=\"pgc-7940-0-0\"  class=\"panel-grid-cell\" ><div id=\"panel-7940-0-0-0\" class=\"so-panel widget widget_sow-editor panel-first-child panel-last-child\" data-index=\"0\" ><div\n\t\t\t\n\t\t\tclass=\"so-widget-sow-editor so-widget-sow-editor-base\"\n\t\t\t\n\t\t>\n<div class=\"siteorigin-widget-tinymce textwidget\">\n\t<p style=\"text-align: center;\"><strong>\u00c9dition :<\/strong><br \/>\nMister Frankenstein<\/p>\n<p>Durant 5 saisons, une obscure cha\u00eene du c\u00e2ble am\u00e9ricain diffuse Channel Fear, une \u00e9mission TV suivant les enqu\u00eates de sp\u00e9cialistes du paranormal.<br \/>\nQuelques mois apr\u00e8s la myst\u00e9rieuse disparition de l'\u00e9quipe, de nombreux rush et bandes perdues d'\u00e9pisodes non-diffus\u00e9s furent retrouv\u00e9es.<\/p>\n<p>Voici leurs histoires.<\/p>\n<p>&nbsp;<\/p>\n<\/div>\n<\/div><\/div><\/div><\/div><div id=\"pg-7940-1\"  class=\"panel-grid panel-no-style\" ><div id=\"pgc-7940-1-0\"  class=\"panel-grid-cell\" ><div id=\"panel-7940-1-0-0\" class=\"so-panel widget widget_sow-editor panel-first-child panel-last-child\" data-index=\"1\" ><div\n\t\t\t\n\t\t\tclass=\"so-widget-sow-editor so-widget-sow-editor-base\"\n\t\t\t\n\t\t>\n<div class=\"siteorigin-widget-tinymce textwidget\">\n\t<hr \/>\n<p style=\"text-align: center;\"><strong>\u00c9pisode en cours<\/strong><\/p>\n<\/div>\n<\/div><\/div><\/div><div id=\"pgc-7940-1-1\"  class=\"panel-grid-cell\" ><div id=\"panel-7940-1-1-0\" class=\"so-panel widget widget_sow-editor panel-first-child panel-last-child\" data-index=\"2\" ><div\n\t\t\t\n\t\t\tclass=\"so-widget-sow-editor so-widget-sow-editor-base\"\n\t\t\t\n\t\t>\n<div class=\"siteorigin-widget-tinymce textwidget\">\n\t<hr \/>\n<p style=\"text-align: center;\"><strong>Pour aller plus loin<br \/>\n<\/strong><\/p>\n<\/div>\n<\/div><\/div><\/div><\/div><\/div>","protected":false},"excerpt":{"rendered":"<p>\u00c9dition : Mister Frankenstein Durant 5 saisons, une obscure cha\u00eene du c\u00e2ble am\u00e9ricain diffuse Channel Fear, une \u00e9mission TV suivant les enqu\u00eates de sp\u00e9cialistes du paranormal. Quelques mois apr\u00e8s la myst\u00e9rieuse disparition de l&rsquo;\u00e9quipe, de nombreux rush et bandes perdues d&rsquo;\u00e9pisodes non-diffus\u00e9s furent retrouv\u00e9es. Voici leurs histoires. &nbsp; \u00c9pisode en cours Pour aller plus loin<\/p>\n","protected":false},"author":2,"featured_media":7939,"parent":0,"menu_order":0,"comment_status":"closed","ping_status":"closed","template":"","meta":{"footnotes":""},"class_list":["post-7940","page","type-page","status-publish","has-post-thumbnail","hentry"],"acf":[],"rttpg_featured_image_url":{"full":["https:\/\/meeplendice.net\/wp-content\/uploads\/2021\/01\/Channel_Fear.png",350,350,false],"landscape":["https:\/\/meeplendice.net\/wp-content\/uploads\/2021\/01\/Channel_Fear.png",350,350,false],"portraits":["https:\/\/meeplendice.net\/wp-content\/uploads\/2021\/01\/Channel_Fear.png",350,350,false],"thumbnail":["https:\/\/meeplendice.net\/wp-content\/uploads\/2021\/01\/Channel_Fear-150x150.png",150,150,true],"medium":["https:\/\/meeplendice.net\/wp-content\/uploads\/2021\/01\/Channel_Fear-300x300.png",300,300,true],"large":["https:\/\/meeplendice.net\/wp-content\/uploads\/2021\/01\/Channel_Fear.png",350,350,false],"ug_big":["https:\/\/meeplendice.net\/wp-content\/uploads\/2021\/01\/Channel_Fear.png",350,350,false],"1536x1536":["https:\/\/meeplendice.net\/wp-content\/uploads\/2021\/01\/Channel_Fear.png",350,350,false],"2048x2048":["https:\/\/meeplendice.net\/wp-content\/uploads\/2021\/01\/Channel_Fear.png",350,350,false],"ashe-slider-grid-thumbnail":["https:\/\/meeplendice.net\/wp-content\/uploads\/2021\/01\/Channel_Fear.png",350,350,false],"ashe-full-thumbnail":["https:\/\/meeplendice.net\/wp-content\/uploads\/2021\/01\/Channel_Fear.png",350,350,false],"ashe-grid-thumbnail":["https:\/\/meeplendice.net\/wp-content\/uploads\/2021\/01\/Channel_Fear-350x330.png",350,330,true],"ashe-list-thumbnail":["https:\/\/meeplendice.net\/wp-content\/uploads\/2021\/01\/Channel_Fear-300x300.png",300,300,true],"ashe-single-navigation":["https:\/\/meeplendice.net\/wp-content\/uploads\/2021\/01\/Channel_Fear-75x75.png",75,75,true],"mailpoet_newsletter_max":["https:\/\/meeplendice.net\/wp-content\/uploads\/2021\/01\/Channel_Fear.png",350,350,false],"rpwe-thumbnail":["https:\/\/meeplendice.net\/wp-content\/uploads\/2021\/01\/Channel_Fear-45x45.png",45,45,true],"sow-carousel-default":["https:\/\/meeplendice.net\/wp-content\/uploads\/2021\/01\/Channel_Fear-272x182.png",272,182,true],"rt_custom":["https:\/\/meeplendice.net\/wp-content\/uploads\/2021\/01\/Channel_Fear.png",350,350,false]},"rttpg_author":{"display_name":"Karnby","author_link":"https:\/\/meeplendice.net\/?author=2"},"rttpg_comment":0,"rttpg_category":null,"rttpg_excerpt":"\u00c9dition : Mister Frankenstein Durant 5 saisons, une obscure cha\u00eene du c\u00e2ble am\u00e9ricain diffuse Channel Fear, une \u00e9mission TV suivant les enqu\u00eates de sp\u00e9cialistes du paranormal. Quelques mois apr\u00e8s la myst\u00e9rieuse disparition de l'\u00e9quipe, de nombreux rush et bandes perdues d'\u00e9pisodes non-diffus\u00e9s furent retrouv\u00e9es. Voici leurs histoires. &nbsp; \u00c9pisode en cours Pour aller plus loin","_links":{"self":[{"href":"https:\/\/meeplendice.net\/index.php?rest_route=\/wp\/v2\/pages\/7940","targetHints":{"allow":["GET"]}}],"collection":[{"href":"https:\/\/meeplendice.net\/index.php?rest_route=\/wp\/v2\/pages"}],"about":[{"href":"https:\/\/meeplendice.net\/index.php?rest_route=\/wp\/v2\/types\/page"}],"author":[{"embeddable":true,"href":"https:\/\/meeplendice.net\/index.php?rest_route=\/wp\/v2\/users\/2"}],"replies":[{"embeddable":true,"href":"https:\/\/meeplendice.net\/index.php?rest_route=%2Fwp%2Fv2%2Fcomments&post=7940"}],"version-history":[{"count":3,"href":"https:\/\/meeplendice.net\/index.php?rest_route=\/wp\/v2\/pages\/7940\/revisions"}],"predecessor-version":[{"id":7945,"href":"https:\/\/meeplendice.net\/index.php?rest_route=\/wp\/v2\/pages\/7940\/revisions\/7945"}],"wp:featuredmedia":[{"embeddable":true,"href":"https:\/\/meeplendice.net\/index.php?rest_route=\/wp\/v2\/media\/7939"}],"wp:attachment":[{"href":"https:\/\/meeplendice.net\/index.php?rest_route=%2Fwp%2Fv2%2Fmedia&parent=7940"}],"curies":[{"name":"wp","href":"https:\/\/api.w.org\/{rel}","templated":true}]}}