{"id":8056,"date":"2021-03-04T18:36:10","date_gmt":"2021-03-04T17:36:10","guid":{"rendered":"http:\/\/meeplendice.net\/?page_id=8056"},"modified":"2021-03-04T18:36:10","modified_gmt":"2021-03-04T17:36:10","slug":"encounters","status":"publish","type":"page","link":"https:\/\/meeplendice.net\/?page_id=8056","title":{"rendered":"Encounters"},"content":{"rendered":"<p>Une esp\u00e8ce extraterrestre a \u00e9t\u00e9 d\u00e9couverte !<\/p>\n<p>En r\u00e9coltant et d\u00e9pensant du Quartz, vous pourrez ajouter les nouvelles cartes Extraterrestre \u00e0 votre \u00c9quipage et ainsi activer leurs puissants effets.<\/p>\n<p>Cette extension pour Wild Space ajoute une nouvelle m\u00e9canique, la gestion de ressource, au jeu original.<\/p>\n","protected":false},"excerpt":{"rendered":"<p>Une esp\u00e8ce extraterrestre a \u00e9t\u00e9 d\u00e9couverte ! En r\u00e9coltant et d\u00e9pensant du Quartz, vous pourrez ajouter les nouvelles cartes Extraterrestre \u00e0 votre \u00c9quipage et ainsi activer leurs puissants effets. Cette extension pour Wild Space ajoute une nouvelle m\u00e9canique, la gestion de ressource, au jeu original.<\/p>\n","protected":false},"author":2,"featured_media":7993,"parent":0,"menu_order":0,"comment_status":"closed","ping_status":"closed","template":"","meta":{"footnotes":""},"class_list":["post-8056","page","type-page","status-publish","has-post-thumbnail","hentry"],"acf":[],"rttpg_featured_image_url":{"full":["https:\/\/meeplendice.net\/wp-content\/uploads\/2021\/03\/WP_Encounters.png",350,350,false],"landscape":["https:\/\/meeplendice.net\/wp-content\/uploads\/2021\/03\/WP_Encounters.png",350,350,false],"portraits":["https:\/\/meeplendice.net\/wp-content\/uploads\/2021\/03\/WP_Encounters.png",350,350,false],"thumbnail":["https:\/\/meeplendice.net\/wp-content\/uploads\/2021\/03\/WP_Encounters-150x150.png",150,150,true],"medium":["https:\/\/meeplendice.net\/wp-content\/uploads\/2021\/03\/WP_Encounters-300x300.png",300,300,true],"large":["https:\/\/meeplendice.net\/wp-content\/uploads\/2021\/03\/WP_Encounters.png",350,350,false],"ug_big":["https:\/\/meeplendice.net\/wp-content\/uploads\/2021\/03\/WP_Encounters.png",350,350,false],"1536x1536":["https:\/\/meeplendice.net\/wp-content\/uploads\/2021\/03\/WP_Encounters.png",350,350,false],"2048x2048":["https:\/\/meeplendice.net\/wp-content\/uploads\/2021\/03\/WP_Encounters.png",350,350,false],"ashe-slider-grid-thumbnail":["https:\/\/meeplendice.net\/wp-content\/uploads\/2021\/03\/WP_Encounters.png",350,350,false],"ashe-full-thumbnail":["https:\/\/meeplendice.net\/wp-content\/uploads\/2021\/03\/WP_Encounters.png",350,350,false],"ashe-grid-thumbnail":["https:\/\/meeplendice.net\/wp-content\/uploads\/2021\/03\/WP_Encounters-350x330.png",350,330,true],"ashe-list-thumbnail":["https:\/\/meeplendice.net\/wp-content\/uploads\/2021\/03\/WP_Encounters-300x300.png",300,300,true],"ashe-single-navigation":["https:\/\/meeplendice.net\/wp-content\/uploads\/2021\/03\/WP_Encounters-75x75.png",75,75,true],"mailpoet_newsletter_max":["https:\/\/meeplendice.net\/wp-content\/uploads\/2021\/03\/WP_Encounters.png",350,350,false],"rpwe-thumbnail":["https:\/\/meeplendice.net\/wp-content\/uploads\/2021\/03\/WP_Encounters-45x45.png",45,45,true],"sow-carousel-default":["https:\/\/meeplendice.net\/wp-content\/uploads\/2021\/03\/WP_Encounters-272x182.png",272,182,true],"rt_custom":["https:\/\/meeplendice.net\/wp-content\/uploads\/2021\/03\/WP_Encounters.png",350,350,false]},"rttpg_author":{"display_name":"Karnby","author_link":"https:\/\/meeplendice.net\/?author=2"},"rttpg_comment":0,"rttpg_category":null,"rttpg_excerpt":"Une esp\u00e8ce extraterrestre a \u00e9t\u00e9 d\u00e9couverte ! En r\u00e9coltant et d\u00e9pensant du Quartz, vous pourrez ajouter les nouvelles cartes Extraterrestre \u00e0 votre \u00c9quipage et ainsi activer leurs puissants effets. Cette extension pour Wild Space ajoute une nouvelle m\u00e9canique, la gestion de ressource, au jeu original.","_links":{"self":[{"href":"https:\/\/meeplendice.net\/index.php?rest_route=\/wp\/v2\/pages\/8056","targetHints":{"allow":["GET"]}}],"collection":[{"href":"https:\/\/meeplendice.net\/index.php?rest_route=\/wp\/v2\/pages"}],"about":[{"href":"https:\/\/meeplendice.net\/index.php?rest_route=\/wp\/v2\/types\/page"}],"author":[{"embeddable":true,"href":"https:\/\/meeplendice.net\/index.php?rest_route=\/wp\/v2\/users\/2"}],"replies":[{"embeddable":true,"href":"https:\/\/meeplendice.net\/index.php?rest_route=%2Fwp%2Fv2%2Fcomments&post=8056"}],"version-history":[{"count":1,"href":"https:\/\/meeplendice.net\/index.php?rest_route=\/wp\/v2\/pages\/8056\/revisions"}],"predecessor-version":[{"id":8057,"href":"https:\/\/meeplendice.net\/index.php?rest_route=\/wp\/v2\/pages\/8056\/revisions\/8057"}],"wp:featuredmedia":[{"embeddable":true,"href":"https:\/\/meeplendice.net\/index.php?rest_route=\/wp\/v2\/media\/7993"}],"wp:attachment":[{"href":"https:\/\/meeplendice.net\/index.php?rest_route=%2Fwp%2Fv2%2Fmedia&parent=8056"}],"curies":[{"name":"wp","href":"https:\/\/api.w.org\/{rel}","templated":true}]}}