{"id":8082,"date":"2021-03-08T12:27:37","date_gmt":"2021-03-08T11:27:37","guid":{"rendered":"http:\/\/meeplendice.net\/?page_id=8082"},"modified":"2021-03-08T12:41:48","modified_gmt":"2021-03-08T11:41:48","slug":"first-martians-aventures-sur-la-planete-rouge","status":"publish","type":"page","link":"https:\/\/meeplendice.net\/?page_id=8082","title":{"rendered":"First Martians &#8211; Aventures sur la Plan\u00e8te Rouge"},"content":{"rendered":"<div id=\"pl-8082\"  class=\"panel-layout\" ><div id=\"pg-8082-0\"  class=\"panel-grid panel-no-style\" ><div id=\"pgc-8082-0-0\"  class=\"panel-grid-cell\" ><div id=\"panel-8082-0-0-0\" class=\"so-panel widget widget_sow-editor panel-first-child panel-last-child\" data-index=\"0\" ><div\n\t\t\t\n\t\t\tclass=\"so-widget-sow-editor so-widget-sow-editor-base\"\n\t\t\t\n\t\t>\n<div class=\"siteorigin-widget-tinymce textwidget\">\n\t<p style=\"text-align: center;\"><strong>Nombre de joueurs :<\/strong><br \/>\n1 - 4<\/p>\n<\/div>\n<\/div><\/div><\/div><div id=\"pgc-8082-0-1\"  class=\"panel-grid-cell\" ><div id=\"panel-8082-0-1-0\" class=\"so-panel widget widget_sow-editor panel-first-child panel-last-child\" data-index=\"1\" ><div\n\t\t\t\n\t\t\tclass=\"so-widget-sow-editor so-widget-sow-editor-base\"\n\t\t\t\n\t\t>\n<div class=\"siteorigin-widget-tinymce textwidget\">\n\t<p style=\"text-align: center;\"><strong>Dur\u00e9e moyenne :<\/strong><br \/>\n120 min<\/p>\n<\/div>\n<\/div><\/div><\/div><div id=\"pgc-8082-0-2\"  class=\"panel-grid-cell\" ><div id=\"panel-8082-0-2-0\" class=\"so-panel widget widget_sow-editor panel-first-child panel-last-child\" data-index=\"2\" ><div\n\t\t\t\n\t\t\tclass=\"so-widget-sow-editor so-widget-sow-editor-base\"\n\t\t\t\n\t\t>\n<div class=\"siteorigin-widget-tinymce textwidget\">\n\t<p style=\"text-align: center;\"><strong>Age :<\/strong><br \/>\n14 ans et plus<\/p>\n<\/div>\n<\/div><\/div><\/div><\/div><div id=\"pg-8082-1\"  class=\"panel-grid panel-no-style\" ><div id=\"pgc-8082-1-0\"  class=\"panel-grid-cell\" ><div id=\"panel-8082-1-0-0\" class=\"so-panel widget widget_sow-editor panel-first-child panel-last-child\" data-index=\"3\" ><div\n\t\t\t\n\t\t\tclass=\"so-widget-sow-editor so-widget-sow-editor-base\"\n\t\t\t\n\t\t>\n<div class=\"siteorigin-widget-tinymce textwidget\">\n\t<p style=\"text-align: center;\"><strong>Auteur(s) :<br \/>\n<\/strong>Ignacy Trzewiczek<\/p>\n<\/div>\n<\/div><\/div><\/div><div id=\"pgc-8082-1-1\"  class=\"panel-grid-cell\" ><div id=\"panel-8082-1-1-0\" class=\"so-panel widget widget_sow-editor panel-first-child panel-last-child\" data-index=\"4\" ><div\n\t\t\t\n\t\t\tclass=\"so-widget-sow-editor so-widget-sow-editor-base\"\n\t\t\t\n\t\t>\n<div class=\"siteorigin-widget-tinymce textwidget\">\n\t<p style=\"text-align: center;\"><strong>Illustrations :<br \/>\n<\/strong>Katarzyna Kozaczkiewicz<br \/>\nPiotr Foksowicz<br \/>\nAga Jakimiec<br \/>\nRafat Szyma<\/p>\n<\/div>\n<\/div><\/div><\/div><div id=\"pgc-8082-1-2\"  class=\"panel-grid-cell\" ><div id=\"panel-8082-1-2-0\" class=\"so-panel widget widget_sow-editor panel-first-child panel-last-child\" data-index=\"5\" ><div\n\t\t\t\n\t\t\tclass=\"so-widget-sow-editor so-widget-sow-editor-base\"\n\t\t\t\n\t\t>\n<div class=\"siteorigin-widget-tinymce textwidget\">\n\t<p style=\"text-align: center;\"><strong>\u00c9dition :<\/strong><br \/>\nPortal Games<br \/>\nEdge Entertainement<br \/>\n2018<\/p>\n<\/div>\n<\/div><\/div><\/div><div id=\"pgc-8082-1-3\"  class=\"panel-grid-cell\" ><div id=\"panel-8082-1-3-0\" class=\"so-panel widget widget_sow-editor panel-first-child panel-last-child\" data-index=\"6\" ><div\n\t\t\t\n\t\t\tclass=\"so-widget-sow-editor so-widget-sow-editor-base\"\n\t\t\t\n\t\t>\n<div class=\"siteorigin-widget-tinymce textwidget\">\n\t<p style=\"text-align: center;\"><strong>Version :<\/strong><br \/>\nFran\u00e7aise<\/p>\n<\/div>\n<\/div><\/div><\/div><\/div><div id=\"pg-8082-2\"  class=\"panel-grid panel-no-style\" ><div id=\"pgc-8082-2-0\"  class=\"panel-grid-cell\" ><div id=\"panel-8082-2-0-0\" class=\"so-panel widget widget_sow-editor panel-first-child panel-last-child\" data-index=\"7\" ><div\n\t\t\t\n\t\t\tclass=\"so-widget-sow-editor so-widget-sow-editor-base\"\n\t\t\t\n\t\t>\n<div class=\"siteorigin-widget-tinymce textwidget\">\n\t<hr \/>\n<div class=\"add-top p_collection\">\n<p>3\u2026 2\u2026 1\u2026 D\u00e9collage\u00a0! Posez-vous sur Mars, o\u00f9 vous attend la plus grande des aventures. First Martians\u00a0: Aventures sur la Plan\u00e8te Rouge raconte l\u2019\u00e9pop\u00e9e extraordinaire d\u2019un groupe d\u2019astronautes qui tente de survivre dans un environnement hostile. Effectuez des missions ind\u00e9pendantes ou encha\u00eenez-les pour donner naissance \u00e0 des campagnes \u00e9piques\u00a0! Faites des choix corn\u00e9liens et assumez-en les cons\u00e9quences\u00a0! Frissonnez et bondissez \u00e0 chaque retournement de situation\u00a0! Choisissez votre niveau de difficult\u00e9 et votre mode de jeu\u00a0: qui voulez-vous \u00eatre, aujourd\u2019hui\u00a0? Un scientifique, un explorateur ou un ing\u00e9nieur\u00a0? First Martians b\u00e9n\u00e9ficie d\u2019une re-jouabilit\u00e9 exceptionnelle et, \u00e0 chaque partie, l\u2019histoire va \u00e9voluer en fonction des d\u00e9cisions de votre groupe de joueurs.<\/p>\n<p>Tout cela est possible gr\u00e2ce \u00e0 l\u2019application auxiliaire gratuite, destin\u00e9e \u00e0 enrichir vos parties. Son Intelligence Artificielle ajustera le niveau de jeu en fonction de vos attentes, et saura organiser en un sc\u00e9nario palpitant et vous narrer de fa\u00e7on immersive les p\u00e9rip\u00e9ties qu\u2019elle aura choisies pour votre \u00e9quipe parmi plus de 500 \u00e9v\u00e9nements et aventures\u00a0!<\/p>\n<\/div>\n<\/div>\n<\/div><\/div><\/div><\/div><div id=\"pg-8082-3\"  class=\"panel-grid panel-no-style\" ><div id=\"pgc-8082-3-0\"  class=\"panel-grid-cell\" ><div id=\"panel-8082-3-0-0\" class=\"so-panel widget widget_sow-editor panel-first-child panel-last-child\" data-index=\"8\" ><div\n\t\t\t\n\t\t\tclass=\"so-widget-sow-editor so-widget-sow-editor-base\"\n\t\t\t\n\t\t>\n<div class=\"siteorigin-widget-tinymce textwidget\">\n\t<hr \/>\n<p style=\"text-align: center;\"><strong>En vid\u00e9o<\/strong><\/p>\n<p>De l'explication des r\u00e8gles :<\/p>\n<ul>\n<li>Tric Trac<\/li>\n<\/ul>\n<p><a href=\"https:\/\/www.trictrac.net\/video\/First_Martians_De_Lexplication\" target=\"_blank\" rel=\"noopener noreferrer\"><img loading=\"lazy\" decoding=\"async\" class=\"alignnone size-full wp-image-107\" src=\"http:\/\/meeplendice.net\/wp-content\/uploads\/2016\/08\/TT_explication.png\" alt=\"TT_explication\" width=\"200\" height=\"170\" \/><\/a><\/p>\n<p>De la partie :<\/p>\n<ul>\n<li>Tric Trac<\/li>\n<\/ul>\n<p><a href=\"https:\/\/www.trictrac.net\/video\/First_Martians_De_La_Partie\" target=\"_blank\" rel=\"noopener noreferrer\"><img loading=\"lazy\" decoding=\"async\" class=\"alignnone size-full wp-image-117\" src=\"http:\/\/meeplendice.net\/wp-content\/uploads\/2016\/08\/TT_partie_1.png\" alt=\"TT_partie_1\" width=\"200\" height=\"170\" \/><\/a><\/p>\n<\/div>\n<\/div><\/div><\/div><\/div><div id=\"pg-8082-4\"  class=\"panel-grid panel-no-style\" ><div id=\"pgc-8082-4-0\"  class=\"panel-grid-cell\" ><div id=\"panel-8082-4-0-0\" class=\"so-panel widget widget_sow-editor panel-first-child panel-last-child\" data-index=\"9\" ><div\n\t\t\t\n\t\t\tclass=\"so-widget-sow-editor so-widget-sow-editor-base\"\n\t\t\t\n\t\t>\n<div class=\"siteorigin-widget-tinymce textwidget\">\n\t<hr \/>\n<p style=\"text-align: center;\"><strong>Pour aller plus loin<\/strong><\/p>\n<\/div>\n<\/div><\/div><\/div><\/div><\/div>","protected":false},"excerpt":{"rendered":"<p>Nombre de joueurs : 1 &#8211; 4 Dur\u00e9e moyenne : 120 min Age : 14 ans et plus Auteur(s) : Ignacy Trzewiczek Illustrations : Katarzyna Kozaczkiewicz Piotr Foksowicz Aga Jakimiec Rafat Szyma \u00c9dition : Portal Games Edge Entertainement 2018 Version : Fran\u00e7aise<\/p>\n","protected":false},"author":2,"featured_media":7987,"parent":0,"menu_order":0,"comment_status":"closed","ping_status":"closed","template":"","meta":{"footnotes":""},"class_list":["post-8082","page","type-page","status-publish","has-post-thumbnail","hentry"],"acf":[],"rttpg_featured_image_url":{"full":["https:\/\/meeplendice.net\/wp-content\/uploads\/2021\/03\/First_Martians.png",350,350,false],"landscape":["https:\/\/meeplendice.net\/wp-content\/uploads\/2021\/03\/First_Martians.png",350,350,false],"portraits":["https:\/\/meeplendice.net\/wp-content\/uploads\/2021\/03\/First_Martians.png",350,350,false],"thumbnail":["https:\/\/meeplendice.net\/wp-content\/uploads\/2021\/03\/First_Martians-150x150.png",150,150,true],"medium":["https:\/\/meeplendice.net\/wp-content\/uploads\/2021\/03\/First_Martians-300x300.png",300,300,true],"large":["https:\/\/meeplendice.net\/wp-content\/uploads\/2021\/03\/First_Martians.png",350,350,false],"ug_big":["https:\/\/meeplendice.net\/wp-content\/uploads\/2021\/03\/First_Martians.png",350,350,false],"1536x1536":["https:\/\/meeplendice.net\/wp-content\/uploads\/2021\/03\/First_Martians.png",350,350,false],"2048x2048":["https:\/\/meeplendice.net\/wp-content\/uploads\/2021\/03\/First_Martians.png",350,350,false],"ashe-slider-grid-thumbnail":["https:\/\/meeplendice.net\/wp-content\/uploads\/2021\/03\/First_Martians.png",350,350,false],"ashe-full-thumbnail":["https:\/\/meeplendice.net\/wp-content\/uploads\/2021\/03\/First_Martians.png",350,350,false],"ashe-grid-thumbnail":["https:\/\/meeplendice.net\/wp-content\/uploads\/2021\/03\/First_Martians-350x330.png",350,330,true],"ashe-list-thumbnail":["https:\/\/meeplendice.net\/wp-content\/uploads\/2021\/03\/First_Martians-300x300.png",300,300,true],"ashe-single-navigation":["https:\/\/meeplendice.net\/wp-content\/uploads\/2021\/03\/First_Martians-75x75.png",75,75,true],"mailpoet_newsletter_max":["https:\/\/meeplendice.net\/wp-content\/uploads\/2021\/03\/First_Martians.png",350,350,false],"rpwe-thumbnail":["https:\/\/meeplendice.net\/wp-content\/uploads\/2021\/03\/First_Martians-45x45.png",45,45,true],"sow-carousel-default":["https:\/\/meeplendice.net\/wp-content\/uploads\/2021\/03\/First_Martians-272x182.png",272,182,true],"rt_custom":["https:\/\/meeplendice.net\/wp-content\/uploads\/2021\/03\/First_Martians.png",350,350,false]},"rttpg_author":{"display_name":"Karnby","author_link":"https:\/\/meeplendice.net\/?author=2"},"rttpg_comment":0,"rttpg_category":null,"rttpg_excerpt":"Nombre de joueurs : 1 - 4 Dur\u00e9e moyenne : 120 min Age : 14 ans et plus Auteur(s) : Ignacy Trzewiczek Illustrations : Katarzyna Kozaczkiewicz Piotr Foksowicz Aga Jakimiec Rafat Szyma \u00c9dition : Portal Games Edge Entertainement 2018 Version : Fran\u00e7aise","_links":{"self":[{"href":"https:\/\/meeplendice.net\/index.php?rest_route=\/wp\/v2\/pages\/8082","targetHints":{"allow":["GET"]}}],"collection":[{"href":"https:\/\/meeplendice.net\/index.php?rest_route=\/wp\/v2\/pages"}],"about":[{"href":"https:\/\/meeplendice.net\/index.php?rest_route=\/wp\/v2\/types\/page"}],"author":[{"embeddable":true,"href":"https:\/\/meeplendice.net\/index.php?rest_route=\/wp\/v2\/users\/2"}],"replies":[{"embeddable":true,"href":"https:\/\/meeplendice.net\/index.php?rest_route=%2Fwp%2Fv2%2Fcomments&post=8082"}],"version-history":[{"count":5,"href":"https:\/\/meeplendice.net\/index.php?rest_route=\/wp\/v2\/pages\/8082\/revisions"}],"predecessor-version":[{"id":8085,"href":"https:\/\/meeplendice.net\/index.php?rest_route=\/wp\/v2\/pages\/8082\/revisions\/8085"}],"wp:featuredmedia":[{"embeddable":true,"href":"https:\/\/meeplendice.net\/index.php?rest_route=\/wp\/v2\/media\/7987"}],"wp:attachment":[{"href":"https:\/\/meeplendice.net\/index.php?rest_route=%2Fwp%2Fv2%2Fmedia&parent=8082"}],"curies":[{"name":"wp","href":"https:\/\/api.w.org\/{rel}","templated":true}]}}