{"id":8114,"date":"2021-03-09T14:36:58","date_gmt":"2021-03-09T13:36:58","guid":{"rendered":"http:\/\/meeplendice.net\/?page_id=8114"},"modified":"2021-03-09T14:37:14","modified_gmt":"2021-03-09T13:37:14","slug":"france-80","status":"publish","type":"page","link":"https:\/\/meeplendice.net\/?page_id=8114","title":{"rendered":"France 80"},"content":{"rendered":"<p>Le succ\u00e8s de la campagne de financement participative de Novembre 2017 nous a permis de sortir le suppl\u00e9ment La France des Ann\u00e9es 80, une cr\u00e9ation fran\u00e7aise exclusive pour Tales from the Loop avec l\u2019aval de Fria Ligan, les cr\u00e9ateurs du jeu.<\/p>\n<p>Vous y d\u00e9couvrirez la r\u00e9gion d\u2019Aurorville, l\u2019histoire de la ville, de ses habitants ainsi que les rumeurs qui entourent le parc national de Haute-Pierre et le Loop fran\u00e7ais situ\u00e9 \u00e0 la fronti\u00e8re Suisse.<\/p>\n<p>Dans France 80 vous trouverez:<\/p>\n<p>\u25a0 Toutes les infos utiles sur la France des ann\u00e9es 80 de Tales from the Loop<\/p>\n<p>\u25a0 Une description compl\u00e8te d\u2019Auroreville ainsi que du Loop du CERES, ainsi que de nombreux PNJ et amorces de Myst\u00e8res.<\/p>\n<p>\u25a0 Deux environnements myst\u00e9rieux : le Bazar des Jeux et le refuge animalier des Saules.<\/p>\n<p>\u25a0 Quatre nouveaux arch\u00e9types d\u2019Enfants : le Combinard, le Frimeur, l\u2019Inventeur et le R\u00f4liste.<\/p>\n<p>\u25a0 5 nouveaux myst\u00e8res in\u00e9dits<\/p>\n","protected":false},"excerpt":{"rendered":"<p>Le succ\u00e8s de la campagne de financement participative de Novembre 2017 nous a permis de sortir le suppl\u00e9ment La France des Ann\u00e9es 80, une cr\u00e9ation fran\u00e7aise exclusive pour Tales from the Loop avec l\u2019aval de Fria Ligan, les cr\u00e9ateurs du jeu. Vous y d\u00e9couvrirez la r\u00e9gion d\u2019Aurorville, l\u2019histoire de la ville, de ses habitants ainsi que les rumeurs qui entourent le parc national de Haute-Pierre et le Loop fran\u00e7ais situ\u00e9 \u00e0 la fronti\u00e8re Suisse. Dans France 80 vous trouverez: \u25a0 Toutes les infos utiles sur la France des ann\u00e9es 80 de Tales from the Loop \u25a0 Une description compl\u00e8te d\u2019Auroreville ainsi que du Loop du CERES, ainsi que de nombreux PNJ et amorces de Myst\u00e8res. \u25a0 Deux environnements myst\u00e9rieux : le Bazar des Jeux et le refuge animalier des Saules. \u25a0 Quatre nouveaux arch\u00e9types d\u2019Enfants : le Combinard, le Frimeur, l\u2019Inventeur et le R\u00f4liste. \u25a0 5 nouveaux myst\u00e8res in\u00e9dits<\/p>\n","protected":false},"author":2,"featured_media":8112,"parent":7747,"menu_order":1,"comment_status":"closed","ping_status":"closed","template":"","meta":{"footnotes":""},"class_list":["post-8114","page","type-page","status-publish","has-post-thumbnail","hentry"],"acf":[],"rttpg_featured_image_url":{"full":["https:\/\/meeplendice.net\/wp-content\/uploads\/2021\/03\/TFTL_France80.png",350,350,false],"landscape":["https:\/\/meeplendice.net\/wp-content\/uploads\/2021\/03\/TFTL_France80.png",350,350,false],"portraits":["https:\/\/meeplendice.net\/wp-content\/uploads\/2021\/03\/TFTL_France80.png",350,350,false],"thumbnail":["https:\/\/meeplendice.net\/wp-content\/uploads\/2021\/03\/TFTL_France80-150x150.png",150,150,true],"medium":["https:\/\/meeplendice.net\/wp-content\/uploads\/2021\/03\/TFTL_France80-300x300.png",300,300,true],"large":["https:\/\/meeplendice.net\/wp-content\/uploads\/2021\/03\/TFTL_France80.png",350,350,false],"ug_big":["https:\/\/meeplendice.net\/wp-content\/uploads\/2021\/03\/TFTL_France80.png",350,350,false],"1536x1536":["https:\/\/meeplendice.net\/wp-content\/uploads\/2021\/03\/TFTL_France80.png",350,350,false],"2048x2048":["https:\/\/meeplendice.net\/wp-content\/uploads\/2021\/03\/TFTL_France80.png",350,350,false],"ashe-slider-grid-thumbnail":["https:\/\/meeplendice.net\/wp-content\/uploads\/2021\/03\/TFTL_France80.png",350,350,false],"ashe-full-thumbnail":["https:\/\/meeplendice.net\/wp-content\/uploads\/2021\/03\/TFTL_France80.png",350,350,false],"ashe-grid-thumbnail":["https:\/\/meeplendice.net\/wp-content\/uploads\/2021\/03\/TFTL_France80-350x330.png",350,330,true],"ashe-list-thumbnail":["https:\/\/meeplendice.net\/wp-content\/uploads\/2021\/03\/TFTL_France80-300x300.png",300,300,true],"ashe-single-navigation":["https:\/\/meeplendice.net\/wp-content\/uploads\/2021\/03\/TFTL_France80-75x75.png",75,75,true],"mailpoet_newsletter_max":["https:\/\/meeplendice.net\/wp-content\/uploads\/2021\/03\/TFTL_France80.png",350,350,false],"rpwe-thumbnail":["https:\/\/meeplendice.net\/wp-content\/uploads\/2021\/03\/TFTL_France80-45x45.png",45,45,true],"sow-carousel-default":["https:\/\/meeplendice.net\/wp-content\/uploads\/2021\/03\/TFTL_France80-272x182.png",272,182,true],"rt_custom":["https:\/\/meeplendice.net\/wp-content\/uploads\/2021\/03\/TFTL_France80.png",350,350,false]},"rttpg_author":{"display_name":"Karnby","author_link":"https:\/\/meeplendice.net\/?author=2"},"rttpg_comment":0,"rttpg_category":null,"rttpg_excerpt":"Le succ\u00e8s de la campagne de financement participative de Novembre 2017 nous a permis de sortir le suppl\u00e9ment La France des Ann\u00e9es 80, une cr\u00e9ation fran\u00e7aise exclusive pour Tales from the Loop avec l\u2019aval de Fria Ligan, les cr\u00e9ateurs du jeu. Vous y d\u00e9couvrirez la r\u00e9gion d\u2019Aurorville, l\u2019histoire de la ville, de ses habitants ainsi\u2026","_links":{"self":[{"href":"https:\/\/meeplendice.net\/index.php?rest_route=\/wp\/v2\/pages\/8114","targetHints":{"allow":["GET"]}}],"collection":[{"href":"https:\/\/meeplendice.net\/index.php?rest_route=\/wp\/v2\/pages"}],"about":[{"href":"https:\/\/meeplendice.net\/index.php?rest_route=\/wp\/v2\/types\/page"}],"author":[{"embeddable":true,"href":"https:\/\/meeplendice.net\/index.php?rest_route=\/wp\/v2\/users\/2"}],"replies":[{"embeddable":true,"href":"https:\/\/meeplendice.net\/index.php?rest_route=%2Fwp%2Fv2%2Fcomments&post=8114"}],"version-history":[{"count":2,"href":"https:\/\/meeplendice.net\/index.php?rest_route=\/wp\/v2\/pages\/8114\/revisions"}],"predecessor-version":[{"id":8116,"href":"https:\/\/meeplendice.net\/index.php?rest_route=\/wp\/v2\/pages\/8114\/revisions\/8116"}],"up":[{"embeddable":true,"href":"https:\/\/meeplendice.net\/index.php?rest_route=\/wp\/v2\/pages\/7747"}],"wp:featuredmedia":[{"embeddable":true,"href":"https:\/\/meeplendice.net\/index.php?rest_route=\/wp\/v2\/media\/8112"}],"wp:attachment":[{"href":"https:\/\/meeplendice.net\/index.php?rest_route=%2Fwp%2Fv2%2Fmedia&parent=8114"}],"curies":[{"name":"wp","href":"https:\/\/api.w.org\/{rel}","templated":true}]}}