{"id":8119,"date":"2021-03-09T14:41:10","date_gmt":"2021-03-09T13:41:10","guid":{"rendered":"http:\/\/meeplendice.net\/?page_id=8119"},"modified":"2021-03-09T14:42:35","modified_gmt":"2021-03-09T13:42:35","slug":"hors-du-temps","status":"publish","type":"page","link":"https:\/\/meeplendice.net\/?page_id=8119","title":{"rendered":"Hors du Temps"},"content":{"rendered":"<p>De nombreuses rumeurs \u00e9voquent d\u2019\u00e9tranges machines qui \u00e8rent dans les champ autour des petites communaut\u00e9s des \u00eeles M\u00e4laren. Pendant ce temps, les affiches d\u2019animaux perdus s\u2019accumulent sur le tableau d\u2019affichage de la sup\u00e9rette. A la t\u00e9l\u00e9, le pr\u00e9sentateur de la m\u00e9t\u00e9o parle de vents violents et d\u2019orages impr\u00e9visibles \u2013 A ce propos n\u2019a-t\u2019il pas fait un temps de chiotte ces derni\u00e8res nuits ?<\/p>\n<p>C\u2019est le d\u00e9but d\u2019une s\u00e9rie de myst\u00e8res qui am\u00e8neront les enfants \u00e0 explorer la r\u00e9gion sauvage qui entoure le Loop ainsi que ses tunnels secrets. Mais quel peut \u00eatre le rapport entre tout \u00e7a ainsi que le tr\u00e8s attendu camps d\u2019\u00e9t\u00e9, le vaisseau \u00e0 magn\u00e9trine Susi Talvi et l\u2019alunissage de 1969?<\/p>\n<p>Ce livre inclu:<\/p>\n<p>\u25a0 L\u2019arche des animaux: o\u00f9 les enfants rechercheront un animal disparu et seront pris dans un tr\u00e8s \u00e9trange orage.<\/p>\n<p>\u25a0 Le camp d\u2019\u00e9t\u00e9: C\u2019est enfin les vacances et les enfants sont envoy\u00e9s au camp d\u2019\u00e9t\u00e9. Mais amusements et nage deviendront rapidement terreur et incompr\u00e9hension quand les enfants se r\u00e9veilleront dans un \u00e9t\u00e9 totalement diff\u00e9rent \u2013 \u00e0 une autre \u00e9poque.<\/p>\n<p>\u25a0 L\u2019orage dans le sablier: Une exploration m\u00e8nera les enfants hors des sentier battus pour se retrouver dans des bulles de temps et d\u2019espaces dont les origines proviennent des profondeurs du Gravitron.<\/p>\n<p>\u25a0 Lieux secrets: Un nouveau paysage \u00e9trange empli d\u2019accroches et de personnages myst\u00e9rieux.<\/p>\n<p>\u25a0 La Machine myst\u00e9rieuse: Cr\u00e9ez de nouveaux myst\u00e8res ou prenez du recul sur votre cadre de campagne grandissant avec un g\u00e9n\u00e9rateur de sc\u00e9narios et de personnages.<\/p>\n<p>\u25a0 Le CD \u00ab Mix des Myst\u00e8res \u00bb: 7 myst\u00e8res express bas\u00e9s sur des hit des ann\u00e9es 90<\/p>\n","protected":false},"excerpt":{"rendered":"<p>De nombreuses rumeurs \u00e9voquent d\u2019\u00e9tranges machines qui \u00e8rent dans les champ autour des petites communaut\u00e9s des \u00eeles M\u00e4laren. Pendant ce temps, les affiches d\u2019animaux perdus s\u2019accumulent sur le tableau d\u2019affichage de la sup\u00e9rette. A la t\u00e9l\u00e9, le pr\u00e9sentateur de la m\u00e9t\u00e9o parle de vents violents et d\u2019orages impr\u00e9visibles \u2013 A ce propos n\u2019a-t\u2019il pas fait un temps de chiotte ces derni\u00e8res nuits ? C\u2019est le d\u00e9but d\u2019une s\u00e9rie de myst\u00e8res qui am\u00e8neront les enfants \u00e0 explorer la r\u00e9gion sauvage qui entoure le Loop ainsi que ses tunnels secrets. Mais quel peut \u00eatre le rapport entre tout \u00e7a ainsi que le tr\u00e8s attendu camps d\u2019\u00e9t\u00e9, le vaisseau \u00e0 magn\u00e9trine Susi Talvi et l\u2019alunissage de 1969? Ce livre inclu: \u25a0 L\u2019arche des animaux: o\u00f9 les enfants rechercheront un animal disparu et seront pris dans un tr\u00e8s \u00e9trange orage. \u25a0 Le camp d\u2019\u00e9t\u00e9: C\u2019est enfin les vacances et les enfants sont envoy\u00e9s au camp d\u2019\u00e9t\u00e9. Mais amusements et nage deviendront rapidement terreur et incompr\u00e9hension quand les enfants se r\u00e9veilleront dans un \u00e9t\u00e9 totalement diff\u00e9rent \u2013 \u00e0 une autre \u00e9poque. \u25a0 L\u2019orage dans le sablier: Une exploration m\u00e8nera les enfants hors des sentier battus pour se retrouver dans des bulles de temps et d\u2019espaces dont les origines proviennent des profondeurs du Gravitron. \u25a0 Lieux secrets: Un nouveau paysage \u00e9trange empli d\u2019accroches et de personnages myst\u00e9rieux. \u25a0 La Machine myst\u00e9rieuse: Cr\u00e9ez de nouveaux myst\u00e8res ou prenez du recul sur votre cadre de campagne grandissant avec un g\u00e9n\u00e9rateur de sc\u00e9narios et de personnages. \u25a0 Le CD \u00ab Mix des Myst\u00e8res \u00bb: 7 myst\u00e8res express bas\u00e9s sur des hit des ann\u00e9es 90<\/p>\n","protected":false},"author":2,"featured_media":8113,"parent":7747,"menu_order":3,"comment_status":"closed","ping_status":"closed","template":"","meta":{"footnotes":""},"class_list":["post-8119","page","type-page","status-publish","has-post-thumbnail","hentry"],"acf":[],"rttpg_featured_image_url":{"full":["https:\/\/meeplendice.net\/wp-content\/uploads\/2021\/03\/TFTL_Horsdutemps.png",350,350,false],"landscape":["https:\/\/meeplendice.net\/wp-content\/uploads\/2021\/03\/TFTL_Horsdutemps.png",350,350,false],"portraits":["https:\/\/meeplendice.net\/wp-content\/uploads\/2021\/03\/TFTL_Horsdutemps.png",350,350,false],"thumbnail":["https:\/\/meeplendice.net\/wp-content\/uploads\/2021\/03\/TFTL_Horsdutemps-150x150.png",150,150,true],"medium":["https:\/\/meeplendice.net\/wp-content\/uploads\/2021\/03\/TFTL_Horsdutemps-300x300.png",300,300,true],"large":["https:\/\/meeplendice.net\/wp-content\/uploads\/2021\/03\/TFTL_Horsdutemps.png",350,350,false],"ug_big":["https:\/\/meeplendice.net\/wp-content\/uploads\/2021\/03\/TFTL_Horsdutemps.png",350,350,false],"1536x1536":["https:\/\/meeplendice.net\/wp-content\/uploads\/2021\/03\/TFTL_Horsdutemps.png",350,350,false],"2048x2048":["https:\/\/meeplendice.net\/wp-content\/uploads\/2021\/03\/TFTL_Horsdutemps.png",350,350,false],"ashe-slider-grid-thumbnail":["https:\/\/meeplendice.net\/wp-content\/uploads\/2021\/03\/TFTL_Horsdutemps.png",350,350,false],"ashe-full-thumbnail":["https:\/\/meeplendice.net\/wp-content\/uploads\/2021\/03\/TFTL_Horsdutemps.png",350,350,false],"ashe-grid-thumbnail":["https:\/\/meeplendice.net\/wp-content\/uploads\/2021\/03\/TFTL_Horsdutemps-350x330.png",350,330,true],"ashe-list-thumbnail":["https:\/\/meeplendice.net\/wp-content\/uploads\/2021\/03\/TFTL_Horsdutemps-300x300.png",300,300,true],"ashe-single-navigation":["https:\/\/meeplendice.net\/wp-content\/uploads\/2021\/03\/TFTL_Horsdutemps-75x75.png",75,75,true],"mailpoet_newsletter_max":["https:\/\/meeplendice.net\/wp-content\/uploads\/2021\/03\/TFTL_Horsdutemps.png",350,350,false],"rpwe-thumbnail":["https:\/\/meeplendice.net\/wp-content\/uploads\/2021\/03\/TFTL_Horsdutemps-45x45.png",45,45,true],"sow-carousel-default":["https:\/\/meeplendice.net\/wp-content\/uploads\/2021\/03\/TFTL_Horsdutemps-272x182.png",272,182,true],"rt_custom":["https:\/\/meeplendice.net\/wp-content\/uploads\/2021\/03\/TFTL_Horsdutemps.png",350,350,false]},"rttpg_author":{"display_name":"Karnby","author_link":"https:\/\/meeplendice.net\/?author=2"},"rttpg_comment":0,"rttpg_category":null,"rttpg_excerpt":"De nombreuses rumeurs \u00e9voquent d\u2019\u00e9tranges machines qui \u00e8rent dans les champ autour des petites communaut\u00e9s des \u00eeles M\u00e4laren. Pendant ce temps, les affiches d\u2019animaux perdus s\u2019accumulent sur le tableau d\u2019affichage de la sup\u00e9rette. A la t\u00e9l\u00e9, le pr\u00e9sentateur de la m\u00e9t\u00e9o parle de vents violents et d\u2019orages impr\u00e9visibles \u2013 A ce propos n\u2019a-t\u2019il pas fait\u2026","_links":{"self":[{"href":"https:\/\/meeplendice.net\/index.php?rest_route=\/wp\/v2\/pages\/8119","targetHints":{"allow":["GET"]}}],"collection":[{"href":"https:\/\/meeplendice.net\/index.php?rest_route=\/wp\/v2\/pages"}],"about":[{"href":"https:\/\/meeplendice.net\/index.php?rest_route=\/wp\/v2\/types\/page"}],"author":[{"embeddable":true,"href":"https:\/\/meeplendice.net\/index.php?rest_route=\/wp\/v2\/users\/2"}],"replies":[{"embeddable":true,"href":"https:\/\/meeplendice.net\/index.php?rest_route=%2Fwp%2Fv2%2Fcomments&post=8119"}],"version-history":[{"count":2,"href":"https:\/\/meeplendice.net\/index.php?rest_route=\/wp\/v2\/pages\/8119\/revisions"}],"predecessor-version":[{"id":8121,"href":"https:\/\/meeplendice.net\/index.php?rest_route=\/wp\/v2\/pages\/8119\/revisions\/8121"}],"up":[{"embeddable":true,"href":"https:\/\/meeplendice.net\/index.php?rest_route=\/wp\/v2\/pages\/7747"}],"wp:featuredmedia":[{"embeddable":true,"href":"https:\/\/meeplendice.net\/index.php?rest_route=\/wp\/v2\/media\/8113"}],"wp:attachment":[{"href":"https:\/\/meeplendice.net\/index.php?rest_route=%2Fwp%2Fv2%2Fmedia&parent=8119"}],"curies":[{"name":"wp","href":"https:\/\/api.w.org\/{rel}","templated":true}]}}