{"id":8458,"date":"2021-07-06T14:55:12","date_gmt":"2021-07-06T13:55:12","guid":{"rendered":"http:\/\/meeplendice.net\/?page_id=8458"},"modified":"2021-07-06T14:55:12","modified_gmt":"2021-07-06T13:55:12","slug":"la-corneille-rouge","status":"publish","type":"page","link":"https:\/\/meeplendice.net\/?page_id=8458","title":{"rendered":"La Corneille Rouge"},"content":{"rendered":"<p>Tapie dans l&rsquo;ombre, elle est l\u00e0. Cette pr\u00e9sence oppressante que vous avez toujours sentie. Il est temps de l&rsquo;affronter, peut-\u00eatre m\u00eame de l&rsquo;utiliser, ou elle assombrira \u00e9ternellement vos r\u00eaves les plus doux.<\/p>\n","protected":false},"excerpt":{"rendered":"<p>Tapie dans l&rsquo;ombre, elle est l\u00e0. Cette pr\u00e9sence oppressante que vous avez toujours sentie. Il est temps de l&rsquo;affronter, peut-\u00eatre m\u00eame de l&rsquo;utiliser, ou elle assombrira \u00e9ternellement vos r\u00eaves les plus doux.<\/p>\n","protected":false},"author":2,"featured_media":8423,"parent":8450,"menu_order":2,"comment_status":"closed","ping_status":"closed","template":"","meta":{"footnotes":""},"class_list":["post-8458","page","type-page","status-publish","has-post-thumbnail","hentry"],"acf":[],"rttpg_featured_image_url":{"full":["https:\/\/meeplendice.net\/wp-content\/uploads\/2021\/07\/Dreamscape_Corneille.png",350,350,false],"landscape":["https:\/\/meeplendice.net\/wp-content\/uploads\/2021\/07\/Dreamscape_Corneille.png",350,350,false],"portraits":["https:\/\/meeplendice.net\/wp-content\/uploads\/2021\/07\/Dreamscape_Corneille.png",350,350,false],"thumbnail":["https:\/\/meeplendice.net\/wp-content\/uploads\/2021\/07\/Dreamscape_Corneille-150x150.png",150,150,true],"medium":["https:\/\/meeplendice.net\/wp-content\/uploads\/2021\/07\/Dreamscape_Corneille-300x300.png",300,300,true],"large":["https:\/\/meeplendice.net\/wp-content\/uploads\/2021\/07\/Dreamscape_Corneille.png",350,350,false],"ug_big":["https:\/\/meeplendice.net\/wp-content\/uploads\/2021\/07\/Dreamscape_Corneille.png",350,350,false],"1536x1536":["https:\/\/meeplendice.net\/wp-content\/uploads\/2021\/07\/Dreamscape_Corneille.png",350,350,false],"2048x2048":["https:\/\/meeplendice.net\/wp-content\/uploads\/2021\/07\/Dreamscape_Corneille.png",350,350,false],"ashe-slider-grid-thumbnail":["https:\/\/meeplendice.net\/wp-content\/uploads\/2021\/07\/Dreamscape_Corneille.png",350,350,false],"ashe-full-thumbnail":["https:\/\/meeplendice.net\/wp-content\/uploads\/2021\/07\/Dreamscape_Corneille.png",350,350,false],"ashe-grid-thumbnail":["https:\/\/meeplendice.net\/wp-content\/uploads\/2021\/07\/Dreamscape_Corneille-350x330.png",350,330,true],"ashe-list-thumbnail":["https:\/\/meeplendice.net\/wp-content\/uploads\/2021\/07\/Dreamscape_Corneille-300x300.png",300,300,true],"ashe-single-navigation":["https:\/\/meeplendice.net\/wp-content\/uploads\/2021\/07\/Dreamscape_Corneille-75x75.png",75,75,true],"mailpoet_newsletter_max":["https:\/\/meeplendice.net\/wp-content\/uploads\/2021\/07\/Dreamscape_Corneille.png",350,350,false],"rpwe-thumbnail":["https:\/\/meeplendice.net\/wp-content\/uploads\/2021\/07\/Dreamscape_Corneille-45x45.png",45,45,true],"sow-carousel-default":["https:\/\/meeplendice.net\/wp-content\/uploads\/2021\/07\/Dreamscape_Corneille-272x182.png",272,182,true],"rt_custom":["https:\/\/meeplendice.net\/wp-content\/uploads\/2021\/07\/Dreamscape_Corneille.png",350,350,false]},"rttpg_author":{"display_name":"Karnby","author_link":"https:\/\/meeplendice.net\/?author=2"},"rttpg_comment":0,"rttpg_category":null,"rttpg_excerpt":"Tapie dans l&rsquo;ombre, elle est l\u00e0. Cette pr\u00e9sence oppressante que vous avez toujours sentie. Il est temps de l&rsquo;affronter, peut-\u00eatre m\u00eame de l&rsquo;utiliser, ou elle assombrira \u00e9ternellement vos r\u00eaves les plus doux.","_links":{"self":[{"href":"https:\/\/meeplendice.net\/index.php?rest_route=\/wp\/v2\/pages\/8458","targetHints":{"allow":["GET"]}}],"collection":[{"href":"https:\/\/meeplendice.net\/index.php?rest_route=\/wp\/v2\/pages"}],"about":[{"href":"https:\/\/meeplendice.net\/index.php?rest_route=\/wp\/v2\/types\/page"}],"author":[{"embeddable":true,"href":"https:\/\/meeplendice.net\/index.php?rest_route=\/wp\/v2\/users\/2"}],"replies":[{"embeddable":true,"href":"https:\/\/meeplendice.net\/index.php?rest_route=%2Fwp%2Fv2%2Fcomments&post=8458"}],"version-history":[{"count":1,"href":"https:\/\/meeplendice.net\/index.php?rest_route=\/wp\/v2\/pages\/8458\/revisions"}],"predecessor-version":[{"id":8459,"href":"https:\/\/meeplendice.net\/index.php?rest_route=\/wp\/v2\/pages\/8458\/revisions\/8459"}],"up":[{"embeddable":true,"href":"https:\/\/meeplendice.net\/index.php?rest_route=\/wp\/v2\/pages\/8450"}],"wp:featuredmedia":[{"embeddable":true,"href":"https:\/\/meeplendice.net\/index.php?rest_route=\/wp\/v2\/media\/8423"}],"wp:attachment":[{"href":"https:\/\/meeplendice.net\/index.php?rest_route=%2Fwp%2Fv2%2Fmedia&parent=8458"}],"curies":[{"name":"wp","href":"https:\/\/api.w.org\/{rel}","templated":true}]}}