{"id":8555,"date":"2021-07-06T21:45:57","date_gmt":"2021-07-06T20:45:57","guid":{"rendered":"http:\/\/meeplendice.net\/?page_id=8555"},"modified":"2021-07-06T21:56:08","modified_gmt":"2021-07-06T20:56:08","slug":"cryo-2","status":"publish","type":"page","link":"https:\/\/meeplendice.net\/?page_id=8555","title":{"rendered":"Cryo"},"content":{"rendered":"<div id=\"pl-8555\"  class=\"panel-layout\" ><div id=\"pg-8555-0\"  class=\"panel-grid panel-no-style\" ><div id=\"pgc-8555-0-0\"  class=\"panel-grid-cell\" ><div id=\"panel-8555-0-0-0\" class=\"so-panel widget widget_sow-editor panel-first-child panel-last-child\" data-index=\"0\" ><div\n\t\t\t\n\t\t\tclass=\"so-widget-sow-editor so-widget-sow-editor-base\"\n\t\t\t\n\t\t>\n<div class=\"siteorigin-widget-tinymce textwidget\">\n\t<p style=\"text-align: center;\"><strong>Nombre de joueurs :<\/strong><br \/>\n2 - 4<\/p>\n<\/div>\n<\/div><\/div><\/div><div id=\"pgc-8555-0-1\"  class=\"panel-grid-cell\" ><div id=\"panel-8555-0-1-0\" class=\"so-panel widget widget_sow-editor panel-first-child panel-last-child\" data-index=\"1\" ><div\n\t\t\t\n\t\t\tclass=\"so-widget-sow-editor so-widget-sow-editor-base\"\n\t\t\t\n\t\t>\n<div class=\"siteorigin-widget-tinymce textwidget\">\n\t<p style=\"text-align: center;\"><strong>Dur\u00e9e moyenne :<\/strong><br \/>\n90 min<\/p>\n<\/div>\n<\/div><\/div><\/div><div id=\"pgc-8555-0-2\"  class=\"panel-grid-cell\" ><div id=\"panel-8555-0-2-0\" class=\"so-panel widget widget_sow-editor panel-first-child panel-last-child\" data-index=\"2\" ><div\n\t\t\t\n\t\t\tclass=\"so-widget-sow-editor so-widget-sow-editor-base\"\n\t\t\t\n\t\t>\n<div class=\"siteorigin-widget-tinymce textwidget\">\n\t<p style=\"text-align: center;\"><strong>Age :<\/strong><br \/>\n13 ans et plus<\/p>\n<\/div>\n<\/div><\/div><\/div><\/div><div id=\"pg-8555-1\"  class=\"panel-grid panel-no-style\" ><div id=\"pgc-8555-1-0\"  class=\"panel-grid-cell\" ><div id=\"panel-8555-1-0-0\" class=\"so-panel widget widget_sow-editor panel-first-child panel-last-child\" data-index=\"3\" ><div\n\t\t\t\n\t\t\tclass=\"so-widget-sow-editor so-widget-sow-editor-base\"\n\t\t\t\n\t\t>\n<div class=\"siteorigin-widget-tinymce textwidget\">\n\t<p style=\"text-align: center;\"><strong>Auteur(s) :<br \/>\n<\/strong>Tom Jolly<br \/>\nLuke Laurie<\/p>\n<\/div>\n<\/div><\/div><\/div><div id=\"pgc-8555-1-1\"  class=\"panel-grid-cell\" ><div id=\"panel-8555-1-1-0\" class=\"so-panel widget widget_sow-editor panel-first-child panel-last-child\" data-index=\"4\" ><div\n\t\t\t\n\t\t\tclass=\"so-widget-sow-editor so-widget-sow-editor-base\"\n\t\t\t\n\t\t>\n<div class=\"siteorigin-widget-tinymce textwidget\">\n\t<p style=\"text-align: center;\"><strong>Illustrations :<\/strong><br \/>\nBree Lindsoe<br \/>\nJasmine Radue<br \/>\nSamuel R. Shimota<\/p>\n<\/div>\n<\/div><\/div><\/div><div id=\"pgc-8555-1-2\"  class=\"panel-grid-cell\" ><div id=\"panel-8555-1-2-0\" class=\"so-panel widget widget_sow-editor panel-first-child panel-last-child\" data-index=\"5\" ><div\n\t\t\t\n\t\t\tclass=\"so-widget-sow-editor so-widget-sow-editor-base\"\n\t\t\t\n\t\t>\n<div class=\"siteorigin-widget-tinymce textwidget\">\n\t<p style=\"text-align: center;\"><strong>\u00c9dition :<\/strong><br \/>\nZ-Man Games<br \/>\n2020<\/p>\n<\/div>\n<\/div><\/div><\/div><div id=\"pgc-8555-1-3\"  class=\"panel-grid-cell\" ><div id=\"panel-8555-1-3-0\" class=\"so-panel widget widget_sow-editor panel-first-child panel-last-child\" data-index=\"6\" ><div\n\t\t\t\n\t\t\tclass=\"so-widget-sow-editor so-widget-sow-editor-base\"\n\t\t\t\n\t\t>\n<div class=\"siteorigin-widget-tinymce textwidget\">\n\t<p style=\"text-align: center;\"><strong>Version :<\/strong><br \/>\nFran\u00e7aise<\/p>\n<\/div>\n<\/div><\/div><\/div><\/div><div id=\"pg-8555-2\"  class=\"panel-grid panel-no-style\" ><div id=\"pgc-8555-2-0\"  class=\"panel-grid-cell\" ><div id=\"panel-8555-2-0-0\" class=\"so-panel widget widget_sow-editor panel-first-child panel-last-child\" data-index=\"7\" ><div\n\t\t\t\n\t\t\tclass=\"so-widget-sow-editor so-widget-sow-editor-base\"\n\t\t\t\n\t\t>\n<div class=\"siteorigin-widget-tinymce textwidget\">\n\t<hr \/>\n<p><em>La tension montait \u00e0 bord de votre vaisseau-colonie. Il a suffit d'un acte de sabotage anonyme pour que la situation d\u00e9g\u00e9n\u00e8re. Votre vaisseau s'est \u00e9cras\u00e9 sur une plan\u00e8te glaciale et inexplor\u00e9e, au fin fond de l'espace La temp\u00e9rature \u00e0 la surface est d'un froid plus qu'inhospitalier, mais il reste de l'espoir : vous avez d\u00e9couvert une s\u00e9rie de grottes souterraines o\u00f9 la temp\u00e9rature est supportable, car elles sont plus proches du noyau de la plan\u00e8te. Pourrez-vous sauver votre \u00e9quipage et vous installer sous terre avant que le soleil ne descende sous l'horizon ?<\/em><\/p>\n<p>Dans ce jeu de placement d'ouvriers innovant, le temps et les ressources vous sont compt\u00e9s. Vous devrez faire des choix avis\u00e9s entre les diff\u00e9rentes actions possible : D\u00e9ployer vos drones robotis\u00e9s, rappeler vos drones, jouer des cartes de construction \/ am\u00e9lioration et mettre vos \u00e9quipage \u00e0 l'abri...<\/p>\n<\/div>\n<\/div><\/div><\/div><\/div><div id=\"pg-8555-3\"  class=\"panel-grid panel-no-style\" ><div id=\"pgc-8555-3-0\"  class=\"panel-grid-cell\" ><div id=\"panel-8555-3-0-0\" class=\"so-panel widget widget_sow-editor panel-first-child panel-last-child\" data-index=\"8\" ><div\n\t\t\t\n\t\t\tclass=\"so-widget-sow-editor so-widget-sow-editor-base\"\n\t\t\t\n\t\t>\n<div class=\"siteorigin-widget-tinymce textwidget\">\n\t<hr \/>\n<p style=\"text-align: center;\"><strong>En vid\u00e9o<\/strong><\/p>\n<\/div>\n<\/div><\/div><\/div><\/div><div id=\"pg-8555-4\"  class=\"panel-grid panel-no-style\" ><div id=\"pgc-8555-4-0\"  class=\"panel-grid-cell\" ><div id=\"panel-8555-4-0-0\" class=\"so-panel widget widget_sow-editor panel-first-child panel-last-child\" data-index=\"9\" ><div\n\t\t\t\n\t\t\tclass=\"so-widget-sow-editor so-widget-sow-editor-base\"\n\t\t\t\n\t\t>\n<div class=\"siteorigin-widget-tinymce textwidget\">\n\t<hr \/>\n<p style=\"text-align: center;\"><strong>Pour aller plus loin<\/strong><\/p>\n<\/div>\n<\/div><\/div><\/div><\/div><\/div>","protected":false},"excerpt":{"rendered":"<p>Nombre de joueurs : 2 &#8211; 4 Dur\u00e9e moyenne : 90 min Age : 13 ans et plus Auteur(s) : Tom Jolly Luke Laurie Illustrations : Bree Lindsoe Jasmine Radue Samuel R. Shimota \u00c9dition : Z-Man Games 2020 Version : Fran\u00e7aise<\/p>\n","protected":false},"author":2,"featured_media":8435,"parent":0,"menu_order":0,"comment_status":"closed","ping_status":"closed","template":"","meta":{"footnotes":""},"class_list":["post-8555","page","type-page","status-publish","has-post-thumbnail","hentry"],"acf":[],"rttpg_featured_image_url":{"full":["https:\/\/meeplendice.net\/wp-content\/uploads\/2021\/07\/Cryo.png",350,350,false],"landscape":["https:\/\/meeplendice.net\/wp-content\/uploads\/2021\/07\/Cryo.png",350,350,false],"portraits":["https:\/\/meeplendice.net\/wp-content\/uploads\/2021\/07\/Cryo.png",350,350,false],"thumbnail":["https:\/\/meeplendice.net\/wp-content\/uploads\/2021\/07\/Cryo-150x150.png",150,150,true],"medium":["https:\/\/meeplendice.net\/wp-content\/uploads\/2021\/07\/Cryo-300x300.png",300,300,true],"large":["https:\/\/meeplendice.net\/wp-content\/uploads\/2021\/07\/Cryo.png",350,350,false],"ug_big":["https:\/\/meeplendice.net\/wp-content\/uploads\/2021\/07\/Cryo.png",350,350,false],"1536x1536":["https:\/\/meeplendice.net\/wp-content\/uploads\/2021\/07\/Cryo.png",350,350,false],"2048x2048":["https:\/\/meeplendice.net\/wp-content\/uploads\/2021\/07\/Cryo.png",350,350,false],"ashe-slider-grid-thumbnail":["https:\/\/meeplendice.net\/wp-content\/uploads\/2021\/07\/Cryo.png",350,350,false],"ashe-full-thumbnail":["https:\/\/meeplendice.net\/wp-content\/uploads\/2021\/07\/Cryo.png",350,350,false],"ashe-grid-thumbnail":["https:\/\/meeplendice.net\/wp-content\/uploads\/2021\/07\/Cryo-350x330.png",350,330,true],"ashe-list-thumbnail":["https:\/\/meeplendice.net\/wp-content\/uploads\/2021\/07\/Cryo-300x300.png",300,300,true],"ashe-single-navigation":["https:\/\/meeplendice.net\/wp-content\/uploads\/2021\/07\/Cryo-75x75.png",75,75,true],"mailpoet_newsletter_max":["https:\/\/meeplendice.net\/wp-content\/uploads\/2021\/07\/Cryo.png",350,350,false],"rpwe-thumbnail":["https:\/\/meeplendice.net\/wp-content\/uploads\/2021\/07\/Cryo-45x45.png",45,45,true],"sow-carousel-default":["https:\/\/meeplendice.net\/wp-content\/uploads\/2021\/07\/Cryo-272x182.png",272,182,true],"rt_custom":["https:\/\/meeplendice.net\/wp-content\/uploads\/2021\/07\/Cryo.png",350,350,false]},"rttpg_author":{"display_name":"Karnby","author_link":"https:\/\/meeplendice.net\/?author=2"},"rttpg_comment":0,"rttpg_category":null,"rttpg_excerpt":"Nombre de joueurs : 2 - 4 Dur\u00e9e moyenne : 90 min Age : 13 ans et plus Auteur(s) : Tom Jolly Luke Laurie Illustrations : Bree Lindsoe Jasmine Radue Samuel R. Shimota \u00c9dition : Z-Man Games 2020 Version : Fran\u00e7aise","_links":{"self":[{"href":"https:\/\/meeplendice.net\/index.php?rest_route=\/wp\/v2\/pages\/8555","targetHints":{"allow":["GET"]}}],"collection":[{"href":"https:\/\/meeplendice.net\/index.php?rest_route=\/wp\/v2\/pages"}],"about":[{"href":"https:\/\/meeplendice.net\/index.php?rest_route=\/wp\/v2\/types\/page"}],"author":[{"embeddable":true,"href":"https:\/\/meeplendice.net\/index.php?rest_route=\/wp\/v2\/users\/2"}],"replies":[{"embeddable":true,"href":"https:\/\/meeplendice.net\/index.php?rest_route=%2Fwp%2Fv2%2Fcomments&post=8555"}],"version-history":[{"count":4,"href":"https:\/\/meeplendice.net\/index.php?rest_route=\/wp\/v2\/pages\/8555\/revisions"}],"predecessor-version":[{"id":8559,"href":"https:\/\/meeplendice.net\/index.php?rest_route=\/wp\/v2\/pages\/8555\/revisions\/8559"}],"wp:featuredmedia":[{"embeddable":true,"href":"https:\/\/meeplendice.net\/index.php?rest_route=\/wp\/v2\/media\/8435"}],"wp:attachment":[{"href":"https:\/\/meeplendice.net\/index.php?rest_route=%2Fwp%2Fv2%2Fmedia&parent=8555"}],"curies":[{"name":"wp","href":"https:\/\/api.w.org\/{rel}","templated":true}]}}