{"id":8612,"date":"2021-07-08T12:40:48","date_gmt":"2021-07-08T11:40:48","guid":{"rendered":"http:\/\/meeplendice.net\/?page_id=8612"},"modified":"2021-07-08T12:50:23","modified_gmt":"2021-07-08T11:50:23","slug":"lequilibre-des-forces","status":"publish","type":"page","link":"https:\/\/meeplendice.net\/?page_id=8612","title":{"rendered":"L&rsquo;\u00e9quilibre des forces"},"content":{"rendered":"<div class=\"p_collection\">\n<div class=\"p_collection\">Apportez l&rsquo;\u00e9quilibre dans Cerebria.<\/div>\n<div><\/div>\n<\/div>\n<div>Une nouvelle force se joint \u00e0 la lutte \u00e9ternelle fa\u00e7onnant l&rsquo;Identit\u00e9 de Cerebria. prenez le contr\u00f4le de deux nouveaux Esprits &#8211; l&rsquo;Intuition, toujours impr\u00e9visible, et la Raison, pleine de sagesse &#8211; et remettez le Bonheur et la Tristesse sur un pie d&rsquo;\u00e9quilibre gr\u00e2ce \u00e0 cette extension des plus innovantes !<\/div>\n<div>Le camp de l\u2019\u00c9quilibre offre une toute nouvelle fa\u00e7on de jouer et permet des parties jusqu\u2019\u00e0 6 joueurs, en vous proposant des modes de jeux pour 3 \u00e0 6 joueurs.<\/div>\n<div><\/div>\n<div>Cette extension inclut \u00e9galement 10 grandes figurines Esprit,\u00a0 finement sculpt\u00e9es, venant se substituer ainsi aux figurines cartonn\u00e9es du jeu de base, vous plongeant ainsi pleinement dans l&rsquo;exp\u00e9rience Cerebria !<span id=\"result_box\" class=\"\" lang=\"fr\"><\/span><\/div>\n","protected":false},"excerpt":{"rendered":"<p>Apportez l&rsquo;\u00e9quilibre dans Cerebria. Une nouvelle force se joint \u00e0 la lutte \u00e9ternelle fa\u00e7onnant l&rsquo;Identit\u00e9 de Cerebria. prenez le contr\u00f4le de deux nouveaux Esprits &#8211; l&rsquo;Intuition, toujours impr\u00e9visible, et la Raison, pleine de sagesse &#8211; et remettez le Bonheur et la Tristesse sur un pie d&rsquo;\u00e9quilibre gr\u00e2ce \u00e0 cette extension des plus innovantes ! Le camp de l\u2019\u00c9quilibre offre une toute nouvelle fa\u00e7on de jouer et permet des parties jusqu\u2019\u00e0 6 joueurs, en vous proposant des modes de jeux pour 3 \u00e0 6 joueurs. Cette extension inclut \u00e9galement 10 grandes figurines Esprit,\u00a0 finement sculpt\u00e9es, venant se substituer ainsi aux figurines cartonn\u00e9es du jeu de base, vous plongeant ainsi pleinement dans l&rsquo;exp\u00e9rience Cerebria !<\/p>\n","protected":false},"author":2,"featured_media":8613,"parent":8599,"menu_order":1,"comment_status":"closed","ping_status":"closed","template":"","meta":{"footnotes":""},"class_list":["post-8612","page","type-page","status-publish","has-post-thumbnail","hentry"],"acf":[],"rttpg_featured_image_url":{"full":["https:\/\/meeplendice.net\/wp-content\/uploads\/2021\/07\/Cerebria_equilibre.png",350,350,false],"landscape":["https:\/\/meeplendice.net\/wp-content\/uploads\/2021\/07\/Cerebria_equilibre.png",350,350,false],"portraits":["https:\/\/meeplendice.net\/wp-content\/uploads\/2021\/07\/Cerebria_equilibre.png",350,350,false],"thumbnail":["https:\/\/meeplendice.net\/wp-content\/uploads\/2021\/07\/Cerebria_equilibre-150x150.png",150,150,true],"medium":["https:\/\/meeplendice.net\/wp-content\/uploads\/2021\/07\/Cerebria_equilibre-300x300.png",300,300,true],"large":["https:\/\/meeplendice.net\/wp-content\/uploads\/2021\/07\/Cerebria_equilibre.png",350,350,false],"ug_big":["https:\/\/meeplendice.net\/wp-content\/uploads\/2021\/07\/Cerebria_equilibre.png",350,350,false],"1536x1536":["https:\/\/meeplendice.net\/wp-content\/uploads\/2021\/07\/Cerebria_equilibre.png",350,350,false],"2048x2048":["https:\/\/meeplendice.net\/wp-content\/uploads\/2021\/07\/Cerebria_equilibre.png",350,350,false],"ashe-slider-grid-thumbnail":["https:\/\/meeplendice.net\/wp-content\/uploads\/2021\/07\/Cerebria_equilibre.png",350,350,false],"ashe-full-thumbnail":["https:\/\/meeplendice.net\/wp-content\/uploads\/2021\/07\/Cerebria_equilibre.png",350,350,false],"ashe-grid-thumbnail":["https:\/\/meeplendice.net\/wp-content\/uploads\/2021\/07\/Cerebria_equilibre-350x330.png",350,330,true],"ashe-list-thumbnail":["https:\/\/meeplendice.net\/wp-content\/uploads\/2021\/07\/Cerebria_equilibre-300x300.png",300,300,true],"ashe-single-navigation":["https:\/\/meeplendice.net\/wp-content\/uploads\/2021\/07\/Cerebria_equilibre-75x75.png",75,75,true],"mailpoet_newsletter_max":["https:\/\/meeplendice.net\/wp-content\/uploads\/2021\/07\/Cerebria_equilibre.png",350,350,false],"rpwe-thumbnail":["https:\/\/meeplendice.net\/wp-content\/uploads\/2021\/07\/Cerebria_equilibre-45x45.png",45,45,true],"sow-carousel-default":["https:\/\/meeplendice.net\/wp-content\/uploads\/2021\/07\/Cerebria_equilibre-272x182.png",272,182,true],"rt_custom":["https:\/\/meeplendice.net\/wp-content\/uploads\/2021\/07\/Cerebria_equilibre.png",350,350,false]},"rttpg_author":{"display_name":"Karnby","author_link":"https:\/\/meeplendice.net\/?author=2"},"rttpg_comment":0,"rttpg_category":null,"rttpg_excerpt":"Apportez l&rsquo;\u00e9quilibre dans Cerebria. Une nouvelle force se joint \u00e0 la lutte \u00e9ternelle fa\u00e7onnant l&rsquo;Identit\u00e9 de Cerebria. prenez le contr\u00f4le de deux nouveaux Esprits &#8211; l&rsquo;Intuition, toujours impr\u00e9visible, et la Raison, pleine de sagesse &#8211; et remettez le Bonheur et la Tristesse sur un pie d&rsquo;\u00e9quilibre gr\u00e2ce \u00e0 cette extension des plus innovantes ! Le\u2026","_links":{"self":[{"href":"https:\/\/meeplendice.net\/index.php?rest_route=\/wp\/v2\/pages\/8612","targetHints":{"allow":["GET"]}}],"collection":[{"href":"https:\/\/meeplendice.net\/index.php?rest_route=\/wp\/v2\/pages"}],"about":[{"href":"https:\/\/meeplendice.net\/index.php?rest_route=\/wp\/v2\/types\/page"}],"author":[{"embeddable":true,"href":"https:\/\/meeplendice.net\/index.php?rest_route=\/wp\/v2\/users\/2"}],"replies":[{"embeddable":true,"href":"https:\/\/meeplendice.net\/index.php?rest_route=%2Fwp%2Fv2%2Fcomments&post=8612"}],"version-history":[{"count":4,"href":"https:\/\/meeplendice.net\/index.php?rest_route=\/wp\/v2\/pages\/8612\/revisions"}],"predecessor-version":[{"id":8616,"href":"https:\/\/meeplendice.net\/index.php?rest_route=\/wp\/v2\/pages\/8612\/revisions\/8616"}],"up":[{"embeddable":true,"href":"https:\/\/meeplendice.net\/index.php?rest_route=\/wp\/v2\/pages\/8599"}],"wp:featuredmedia":[{"embeddable":true,"href":"https:\/\/meeplendice.net\/index.php?rest_route=\/wp\/v2\/media\/8613"}],"wp:attachment":[{"href":"https:\/\/meeplendice.net\/index.php?rest_route=%2Fwp%2Fv2%2Fmedia&parent=8612"}],"curies":[{"name":"wp","href":"https:\/\/api.w.org\/{rel}","templated":true}]}}