{"id":8620,"date":"2021-07-08T13:10:42","date_gmt":"2021-07-08T12:10:42","guid":{"rendered":"http:\/\/meeplendice.net\/?page_id=8620"},"modified":"2022-01-24T14:50:07","modified_gmt":"2022-01-24T13:50:07","slug":"atheneum-2","status":"publish","type":"page","link":"https:\/\/meeplendice.net\/?page_id=8620","title":{"rendered":"Atheneum"},"content":{"rendered":"<div id=\"pl-8620\"  class=\"panel-layout\" ><div id=\"pg-8620-0\"  class=\"panel-grid panel-no-style\" ><div id=\"pgc-8620-0-0\"  class=\"panel-grid-cell\" ><div id=\"panel-8620-0-0-0\" class=\"so-panel widget widget_sow-editor panel-first-child panel-last-child\" data-index=\"0\" ><div\n\t\t\t\n\t\t\tclass=\"so-widget-sow-editor so-widget-sow-editor-base\"\n\t\t\t\n\t\t>\n<div class=\"siteorigin-widget-tinymce textwidget\">\n\t<p style=\"text-align: center;\"><strong>Nombre de joueurs :<\/strong><br \/>\n2 - 5<\/p>\n<\/div>\n<\/div><\/div><\/div><div id=\"pgc-8620-0-1\"  class=\"panel-grid-cell\" ><div id=\"panel-8620-0-1-0\" class=\"so-panel widget widget_sow-editor panel-first-child panel-last-child\" data-index=\"1\" ><div\n\t\t\t\n\t\t\tclass=\"so-widget-sow-editor so-widget-sow-editor-base\"\n\t\t\t\n\t\t>\n<div class=\"siteorigin-widget-tinymce textwidget\">\n\t<p style=\"text-align: center;\"><strong>Dur\u00e9e moyenne :<\/strong><br \/>\n45 min<\/p>\n<\/div>\n<\/div><\/div><\/div><div id=\"pgc-8620-0-2\"  class=\"panel-grid-cell\" ><div id=\"panel-8620-0-2-0\" class=\"so-panel widget widget_sow-editor panel-first-child panel-last-child\" data-index=\"2\" ><div\n\t\t\t\n\t\t\tclass=\"so-widget-sow-editor so-widget-sow-editor-base\"\n\t\t\t\n\t\t>\n<div class=\"siteorigin-widget-tinymce textwidget\">\n\t<p style=\"text-align: center;\"><strong>Age :<\/strong><br \/>\n10 ans et plus<\/p>\n<\/div>\n<\/div><\/div><\/div><\/div><div id=\"pg-8620-1\"  class=\"panel-grid panel-no-style\" ><div id=\"pgc-8620-1-0\"  class=\"panel-grid-cell\" ><div id=\"panel-8620-1-0-0\" class=\"so-panel widget widget_sow-editor panel-first-child panel-last-child\" data-index=\"3\" ><div\n\t\t\t\n\t\t\tclass=\"so-widget-sow-editor so-widget-sow-editor-base\"\n\t\t\t\n\t\t>\n<div class=\"siteorigin-widget-tinymce textwidget\">\n\t<p style=\"text-align: center;\"><strong>Auteur(s) :<br \/>\n<\/strong>L'Atelier<\/p>\n<\/div>\n<\/div><\/div><\/div><div id=\"pgc-8620-1-1\"  class=\"panel-grid-cell\" ><div id=\"panel-8620-1-1-0\" class=\"so-panel widget widget_sow-editor panel-first-child panel-last-child\" data-index=\"4\" ><div\n\t\t\t\n\t\t\tclass=\"so-widget-sow-editor so-widget-sow-editor-base\"\n\t\t\t\n\t\t>\n<div class=\"siteorigin-widget-tinymce textwidget\">\n\t<p style=\"text-align: center;\"><strong>Illustrations :<\/strong><br \/>\nVeronika Fedorova<\/p>\n<\/div>\n<\/div><\/div><\/div><div id=\"pgc-8620-1-2\"  class=\"panel-grid-cell\" ><div id=\"panel-8620-1-2-0\" class=\"so-panel widget widget_sow-editor panel-first-child panel-last-child\" data-index=\"5\" ><div\n\t\t\t\n\t\t\tclass=\"so-widget-sow-editor so-widget-sow-editor-base\"\n\t\t\t\n\t\t>\n<div class=\"siteorigin-widget-tinymce textwidget\">\n\t<p style=\"text-align: center;\"><strong>\u00c9dition :<\/strong><br \/>\nRenegade Game Studio<br \/>\n2021<\/p>\n<\/div>\n<\/div><\/div><\/div><div id=\"pgc-8620-1-3\"  class=\"panel-grid-cell\" ><div id=\"panel-8620-1-3-0\" class=\"so-panel widget widget_sow-editor panel-first-child panel-last-child\" data-index=\"6\" ><div\n\t\t\t\n\t\t\tclass=\"so-widget-sow-editor so-widget-sow-editor-base\"\n\t\t\t\n\t\t>\n<div class=\"siteorigin-widget-tinymce textwidget\">\n\t<p style=\"text-align: center;\"><strong>Version :<\/strong><br \/>\nFran\u00e7aise<\/p>\n<\/div>\n<\/div><\/div><\/div><\/div><div id=\"pg-8620-2\"  class=\"panel-grid panel-no-style\" ><div id=\"pgc-8620-2-0\"  class=\"panel-grid-cell\" ><div id=\"panel-8620-2-0-0\" class=\"so-panel widget widget_sow-editor panel-first-child panel-last-child\" data-index=\"7\" ><div\n\t\t\t\n\t\t\tclass=\"so-widget-sow-editor so-widget-sow-editor-base\"\n\t\t\t\n\t\t>\n<div class=\"siteorigin-widget-tinymce textwidget\">\n\t<hr \/>\n<p><em>L'\u00e9preuve de magie a lieu demain. Avec cos camarades de classe, vous vous rendez \u00e0 la biblioth\u00e8que pour r\u00e9viser. D'un coup de baguette sur une pile pr\u00e9cise de livre - tada ! - vous pouvez, en instant, tout connaitre d'un sujet. Cependant, en \u00e9change de cette intrusion en degors des heures d'\u00e9tude, le gardien vous a demand\u00e9 de tout nettoyer et de ranger les ouvrages dans les \u00e9tag\u00e8res de la biblioth\u00e8que. Alors retroussez-vous les manches et mettez-vous au travail !<\/em><\/p>\n<p>Atheneum est un jeu de draft et de placement. Agencez au mieux les livres sur les \u00e9tag\u00e8res de la biblioth\u00e8que de l'\u00e9cole de magie !<br \/>\nVous choisissez 10 cartes en tout au cours d'une partie, lors des phases de draft. Chaque carte vous apporte des ressources, mais en fournit \u00e9galement \u00e0 vos adversaires ! Choisissez judicieusement ce que vous prenez mais aussi ce que vous leur offrez ! Marquez des points de victoire en r\u00e9alisant des objectifs fugaces, en compl\u00e9tant un rayonnage, en collectionnant vos livres de pr\u00e9dilection, en disposant des bougies, et en \u00e9conomisant vos baguettes magiques !<\/p>\n<\/div>\n<\/div><\/div><\/div><\/div><div id=\"pg-8620-3\"  class=\"panel-grid panel-no-style\" ><div id=\"pgc-8620-3-0\"  class=\"panel-grid-cell\" ><div id=\"panel-8620-3-0-0\" class=\"so-panel widget widget_sow-editor panel-first-child panel-last-child\" data-index=\"8\" ><div\n\t\t\t\n\t\t\tclass=\"so-widget-sow-editor so-widget-sow-editor-base\"\n\t\t\t\n\t\t>\n<div class=\"siteorigin-widget-tinymce textwidget\">\n\t<hr \/>\n<h3 style=\"text-align: center;\">En vid\u00e9o<\/h3>\n<\/div>\n<\/div><\/div><\/div><\/div><div id=\"pg-8620-4\"  class=\"panel-grid panel-no-style\" ><div id=\"pgc-8620-4-0\"  class=\"panel-grid-cell\" ><div id=\"panel-8620-4-0-0\" class=\"so-panel widget widget_sow-editor panel-first-child panel-last-child\" data-index=\"9\" ><div\n\t\t\t\n\t\t\tclass=\"so-widget-sow-editor so-widget-sow-editor-base\"\n\t\t\t\n\t\t>\n<div class=\"siteorigin-widget-tinymce textwidget\">\n\t<hr \/>\n<h3 style=\"text-align: center;\">Pour aller plus loin<\/h3>\n<\/div>\n<\/div><\/div><\/div><\/div><\/div>","protected":false},"excerpt":{"rendered":"<p>Nombre de joueurs : 2 &#8211; 5 Dur\u00e9e moyenne : 45 min Age : 10 ans et plus Auteur(s) : L&rsquo;Atelier Illustrations : Veronika Fedorova \u00c9dition : Renegade Game Studio 2021 Version : Fran\u00e7aise<\/p>\n","protected":false},"author":2,"featured_media":8592,"parent":0,"menu_order":0,"comment_status":"closed","ping_status":"closed","template":"","meta":{"footnotes":""},"class_list":["post-8620","page","type-page","status-publish","has-post-thumbnail","hentry"],"acf":[],"rttpg_featured_image_url":{"full":["https:\/\/meeplendice.net\/wp-content\/uploads\/2021\/07\/Atheneum.png",350,350,false],"landscape":["https:\/\/meeplendice.net\/wp-content\/uploads\/2021\/07\/Atheneum.png",350,350,false],"portraits":["https:\/\/meeplendice.net\/wp-content\/uploads\/2021\/07\/Atheneum.png",350,350,false],"thumbnail":["https:\/\/meeplendice.net\/wp-content\/uploads\/2021\/07\/Atheneum-150x150.png",150,150,true],"medium":["https:\/\/meeplendice.net\/wp-content\/uploads\/2021\/07\/Atheneum-300x300.png",300,300,true],"large":["https:\/\/meeplendice.net\/wp-content\/uploads\/2021\/07\/Atheneum.png",350,350,false],"ug_big":["https:\/\/meeplendice.net\/wp-content\/uploads\/2021\/07\/Atheneum.png",350,350,false],"1536x1536":["https:\/\/meeplendice.net\/wp-content\/uploads\/2021\/07\/Atheneum.png",350,350,false],"2048x2048":["https:\/\/meeplendice.net\/wp-content\/uploads\/2021\/07\/Atheneum.png",350,350,false],"ashe-slider-grid-thumbnail":["https:\/\/meeplendice.net\/wp-content\/uploads\/2021\/07\/Atheneum.png",350,350,false],"ashe-full-thumbnail":["https:\/\/meeplendice.net\/wp-content\/uploads\/2021\/07\/Atheneum.png",350,350,false],"ashe-grid-thumbnail":["https:\/\/meeplendice.net\/wp-content\/uploads\/2021\/07\/Atheneum-350x330.png",350,330,true],"ashe-list-thumbnail":["https:\/\/meeplendice.net\/wp-content\/uploads\/2021\/07\/Atheneum-300x300.png",300,300,true],"ashe-single-navigation":["https:\/\/meeplendice.net\/wp-content\/uploads\/2021\/07\/Atheneum-75x75.png",75,75,true],"mailpoet_newsletter_max":["https:\/\/meeplendice.net\/wp-content\/uploads\/2021\/07\/Atheneum.png",350,350,false],"rpwe-thumbnail":["https:\/\/meeplendice.net\/wp-content\/uploads\/2021\/07\/Atheneum-45x45.png",45,45,true],"sow-carousel-default":["https:\/\/meeplendice.net\/wp-content\/uploads\/2021\/07\/Atheneum-272x182.png",272,182,true],"rt_custom":["https:\/\/meeplendice.net\/wp-content\/uploads\/2021\/07\/Atheneum.png",350,350,false]},"rttpg_author":{"display_name":"Karnby","author_link":"https:\/\/meeplendice.net\/?author=2"},"rttpg_comment":0,"rttpg_category":null,"rttpg_excerpt":"Nombre de joueurs : 2 - 5 Dur\u00e9e moyenne : 45 min Age : 10 ans et plus Auteur(s) : L'Atelier Illustrations : Veronika Fedorova \u00c9dition : Renegade Game Studio 2021 Version : Fran\u00e7aise","_links":{"self":[{"href":"https:\/\/meeplendice.net\/index.php?rest_route=\/wp\/v2\/pages\/8620","targetHints":{"allow":["GET"]}}],"collection":[{"href":"https:\/\/meeplendice.net\/index.php?rest_route=\/wp\/v2\/pages"}],"about":[{"href":"https:\/\/meeplendice.net\/index.php?rest_route=\/wp\/v2\/types\/page"}],"author":[{"embeddable":true,"href":"https:\/\/meeplendice.net\/index.php?rest_route=\/wp\/v2\/users\/2"}],"replies":[{"embeddable":true,"href":"https:\/\/meeplendice.net\/index.php?rest_route=%2Fwp%2Fv2%2Fcomments&post=8620"}],"version-history":[{"count":6,"href":"https:\/\/meeplendice.net\/index.php?rest_route=\/wp\/v2\/pages\/8620\/revisions"}],"predecessor-version":[{"id":9500,"href":"https:\/\/meeplendice.net\/index.php?rest_route=\/wp\/v2\/pages\/8620\/revisions\/9500"}],"wp:featuredmedia":[{"embeddable":true,"href":"https:\/\/meeplendice.net\/index.php?rest_route=\/wp\/v2\/media\/8592"}],"wp:attachment":[{"href":"https:\/\/meeplendice.net\/index.php?rest_route=%2Fwp%2Fv2%2Fmedia&parent=8620"}],"curies":[{"name":"wp","href":"https:\/\/api.w.org\/{rel}","templated":true}]}}