{"id":8663,"date":"2021-07-09T18:55:57","date_gmt":"2021-07-09T17:55:57","guid":{"rendered":"http:\/\/meeplendice.net\/?page_id=8663"},"modified":"2021-07-09T18:56:26","modified_gmt":"2021-07-09T17:56:26","slug":"crashing-waves","status":"publish","type":"page","link":"https:\/\/meeplendice.net\/?page_id=8663","title":{"rendered":"Crashing Waves"},"content":{"rendered":"<p>Crashing Waves est l&rsquo;extension final de Dicetopia, qui offre i,e r\u00e9\u00e9quilibrage du jeu et une nouvelle zone de Docks, avec 3 nouveaux lieux \u00e0 visiter, pour plus de strat\u00e9gie et de possibilit\u00e9s ! Vous d\u00e9couvrirez \u00e9galement de nouvelles factions, ainsi que le mat\u00e9riel pour un joueur suppl\u00e9mentaire, permettant ainsi de joueur jusqu\u2019\u00e0 6 joueurs avec l&rsquo;extension Roll with the Punches !<\/p>\n","protected":false},"excerpt":{"rendered":"<p>Crashing Waves est l&rsquo;extension final de Dicetopia, qui offre i,e r\u00e9\u00e9quilibrage du jeu et une nouvelle zone de Docks, avec 3 nouveaux lieux \u00e0 visiter, pour plus de strat\u00e9gie et de possibilit\u00e9s ! Vous d\u00e9couvrirez \u00e9galement de nouvelles factions, ainsi que le mat\u00e9riel pour un joueur suppl\u00e9mentaire, permettant ainsi de joueur jusqu\u2019\u00e0 6 joueurs avec l&rsquo;extension Roll with the Punches !<\/p>\n","protected":false},"author":2,"featured_media":8428,"parent":4541,"menu_order":7,"comment_status":"closed","ping_status":"closed","template":"","meta":{"footnotes":""},"class_list":["post-8663","page","type-page","status-publish","has-post-thumbnail","hentry"],"acf":[],"rttpg_featured_image_url":{"full":["https:\/\/meeplendice.net\/wp-content\/uploads\/2021\/07\/Dicetopia_Crashing_Waves.png",350,350,false],"landscape":["https:\/\/meeplendice.net\/wp-content\/uploads\/2021\/07\/Dicetopia_Crashing_Waves.png",350,350,false],"portraits":["https:\/\/meeplendice.net\/wp-content\/uploads\/2021\/07\/Dicetopia_Crashing_Waves.png",350,350,false],"thumbnail":["https:\/\/meeplendice.net\/wp-content\/uploads\/2021\/07\/Dicetopia_Crashing_Waves-150x150.png",150,150,true],"medium":["https:\/\/meeplendice.net\/wp-content\/uploads\/2021\/07\/Dicetopia_Crashing_Waves-300x300.png",300,300,true],"large":["https:\/\/meeplendice.net\/wp-content\/uploads\/2021\/07\/Dicetopia_Crashing_Waves.png",350,350,false],"ug_big":["https:\/\/meeplendice.net\/wp-content\/uploads\/2021\/07\/Dicetopia_Crashing_Waves.png",350,350,false],"1536x1536":["https:\/\/meeplendice.net\/wp-content\/uploads\/2021\/07\/Dicetopia_Crashing_Waves.png",350,350,false],"2048x2048":["https:\/\/meeplendice.net\/wp-content\/uploads\/2021\/07\/Dicetopia_Crashing_Waves.png",350,350,false],"ashe-slider-grid-thumbnail":["https:\/\/meeplendice.net\/wp-content\/uploads\/2021\/07\/Dicetopia_Crashing_Waves.png",350,350,false],"ashe-full-thumbnail":["https:\/\/meeplendice.net\/wp-content\/uploads\/2021\/07\/Dicetopia_Crashing_Waves.png",350,350,false],"ashe-grid-thumbnail":["https:\/\/meeplendice.net\/wp-content\/uploads\/2021\/07\/Dicetopia_Crashing_Waves-350x330.png",350,330,true],"ashe-list-thumbnail":["https:\/\/meeplendice.net\/wp-content\/uploads\/2021\/07\/Dicetopia_Crashing_Waves-300x300.png",300,300,true],"ashe-single-navigation":["https:\/\/meeplendice.net\/wp-content\/uploads\/2021\/07\/Dicetopia_Crashing_Waves-75x75.png",75,75,true],"mailpoet_newsletter_max":["https:\/\/meeplendice.net\/wp-content\/uploads\/2021\/07\/Dicetopia_Crashing_Waves.png",350,350,false],"rpwe-thumbnail":["https:\/\/meeplendice.net\/wp-content\/uploads\/2021\/07\/Dicetopia_Crashing_Waves-45x45.png",45,45,true],"sow-carousel-default":["https:\/\/meeplendice.net\/wp-content\/uploads\/2021\/07\/Dicetopia_Crashing_Waves-272x182.png",272,182,true],"rt_custom":["https:\/\/meeplendice.net\/wp-content\/uploads\/2021\/07\/Dicetopia_Crashing_Waves.png",350,350,false]},"rttpg_author":{"display_name":"Karnby","author_link":"https:\/\/meeplendice.net\/?author=2"},"rttpg_comment":0,"rttpg_category":null,"rttpg_excerpt":"Crashing Waves est l&rsquo;extension final de Dicetopia, qui offre i,e r\u00e9\u00e9quilibrage du jeu et une nouvelle zone de Docks, avec 3 nouveaux lieux \u00e0 visiter, pour plus de strat\u00e9gie et de possibilit\u00e9s ! Vous d\u00e9couvrirez \u00e9galement de nouvelles factions, ainsi que le mat\u00e9riel pour un joueur suppl\u00e9mentaire, permettant ainsi de joueur jusqu\u2019\u00e0 6 joueurs avec\u2026","_links":{"self":[{"href":"https:\/\/meeplendice.net\/index.php?rest_route=\/wp\/v2\/pages\/8663","targetHints":{"allow":["GET"]}}],"collection":[{"href":"https:\/\/meeplendice.net\/index.php?rest_route=\/wp\/v2\/pages"}],"about":[{"href":"https:\/\/meeplendice.net\/index.php?rest_route=\/wp\/v2\/types\/page"}],"author":[{"embeddable":true,"href":"https:\/\/meeplendice.net\/index.php?rest_route=\/wp\/v2\/users\/2"}],"replies":[{"embeddable":true,"href":"https:\/\/meeplendice.net\/index.php?rest_route=%2Fwp%2Fv2%2Fcomments&post=8663"}],"version-history":[{"count":2,"href":"https:\/\/meeplendice.net\/index.php?rest_route=\/wp\/v2\/pages\/8663\/revisions"}],"predecessor-version":[{"id":8665,"href":"https:\/\/meeplendice.net\/index.php?rest_route=\/wp\/v2\/pages\/8663\/revisions\/8665"}],"up":[{"embeddable":true,"href":"https:\/\/meeplendice.net\/index.php?rest_route=\/wp\/v2\/pages\/4541"}],"wp:featuredmedia":[{"embeddable":true,"href":"https:\/\/meeplendice.net\/index.php?rest_route=\/wp\/v2\/media\/8428"}],"wp:attachment":[{"href":"https:\/\/meeplendice.net\/index.php?rest_route=%2Fwp%2Fv2%2Fmedia&parent=8663"}],"curies":[{"name":"wp","href":"https:\/\/api.w.org\/{rel}","templated":true}]}}