{"id":870,"date":"2016-09-16T10:13:38","date_gmt":"2016-09-16T09:13:38","guid":{"rendered":"http:\/\/meeplendice.net\/?page_id=870"},"modified":"2020-08-31T12:05:15","modified_gmt":"2020-08-31T11:05:15","slug":"hero-hassan","status":"publish","type":"page","link":"https:\/\/meeplendice.net\/?page_id=870","title":{"rendered":"H\u00e9ro : Hassan"},"content":{"rendered":"<p><em>\u00ab Le Temps et la Destin\u00e9e n&rsquo;ont aucun secret pour moi \u00bb &#8211; Hassan<\/em><\/p>\n<p style=\"text-align: justify;\">Prince hors du commun d\u2019une contr\u00e9e lointaine, c\u2019est \u00e0 sa chance insolente qu\u2019Hassan doit la plupart de ses prouesses martiales. Lui pr\u00e9tend que c\u2019est gr\u00e2ce \u00e0 son imparable strat\u00e9gie de combat et \u00e0 sa lame mystique, la Dague de Rhee-Do.<\/p>\n<p style=\"text-align: justify;\">Des adversaires qui auraient d\u00fb le vaincre \u00e0 coup s\u00fbr se retrouvaient d\u00e9pass\u00e9s, saignant de nombreuses petites entailles (remplies de sable, rien que \u00e7a\u00a0!). En tant que Prince du d\u00e9sert, Hassan ait entam\u00e9 son p\u00e9riple peu apr\u00e8s le d\u00e9but de la nuit \u00e9ternelle. Si \u00e9chapper \u00e0 la chaleur du d\u00e9sert s\u2019est av\u00e9r\u00e9 r\u00e9confortant pour un temps, le fond de l\u2019air s\u2019est consid\u00e9rablement rafra\u00eechi.<\/p>\n<p style=\"text-align: justify;\">Et il est de notori\u00e9t\u00e9 publique qu\u2019il est difficile de trouver du bois de chauffage au milieu des dunes.<\/p>\n<p>&nbsp;<\/p>\n","protected":false},"excerpt":{"rendered":"<p>\u00ab Le Temps et la Destin\u00e9e n&rsquo;ont aucun secret pour moi \u00bb &#8211; Hassan Prince hors du commun d\u2019une contr\u00e9e lointaine, c\u2019est \u00e0 sa chance insolente qu\u2019Hassan doit la plupart de ses prouesses martiales. Lui pr\u00e9tend que c\u2019est gr\u00e2ce \u00e0 son imparable strat\u00e9gie de combat et \u00e0 sa lame mystique, la Dague de Rhee-Do. Des adversaires qui auraient d\u00fb le vaincre \u00e0 coup s\u00fbr se retrouvaient d\u00e9pass\u00e9s, saignant de nombreuses petites entailles (remplies de sable, rien que \u00e7a\u00a0!). En tant que Prince du d\u00e9sert, Hassan ait entam\u00e9 son p\u00e9riple peu apr\u00e8s le d\u00e9but de la nuit \u00e9ternelle. Si \u00e9chapper \u00e0 la chaleur du d\u00e9sert s\u2019est av\u00e9r\u00e9 r\u00e9confortant pour un temps, le fond de l\u2019air s\u2019est consid\u00e9rablement rafra\u00eechi. Et il est de notori\u00e9t\u00e9 publique qu\u2019il est difficile de trouver du bois de chauffage au milieu des dunes. &nbsp;<\/p>\n","protected":false},"author":2,"featured_media":874,"parent":96,"menu_order":0,"comment_status":"closed","ping_status":"closed","template":"","meta":{"footnotes":""},"class_list":["post-870","page","type-page","status-publish","has-post-thumbnail","hentry"],"acf":[],"rttpg_featured_image_url":{"full":["https:\/\/meeplendice.net\/wp-content\/uploads\/2016\/09\/AQ_Hassan.png",350,350,false],"landscape":["https:\/\/meeplendice.net\/wp-content\/uploads\/2016\/09\/AQ_Hassan.png",350,350,false],"portraits":["https:\/\/meeplendice.net\/wp-content\/uploads\/2016\/09\/AQ_Hassan.png",350,350,false],"thumbnail":["https:\/\/meeplendice.net\/wp-content\/uploads\/2016\/09\/AQ_Hassan-150x150.png",150,150,true],"medium":["https:\/\/meeplendice.net\/wp-content\/uploads\/2016\/09\/AQ_Hassan-300x300.png",300,300,true],"large":["https:\/\/meeplendice.net\/wp-content\/uploads\/2016\/09\/AQ_Hassan.png",350,350,false],"ug_big":["https:\/\/meeplendice.net\/wp-content\/uploads\/2016\/09\/AQ_Hassan.png",350,350,false],"1536x1536":["https:\/\/meeplendice.net\/wp-content\/uploads\/2016\/09\/AQ_Hassan.png",350,350,false],"2048x2048":["https:\/\/meeplendice.net\/wp-content\/uploads\/2016\/09\/AQ_Hassan.png",350,350,false],"ashe-slider-grid-thumbnail":["https:\/\/meeplendice.net\/wp-content\/uploads\/2016\/09\/AQ_Hassan.png",350,350,false],"ashe-full-thumbnail":["https:\/\/meeplendice.net\/wp-content\/uploads\/2016\/09\/AQ_Hassan.png",350,350,false],"ashe-grid-thumbnail":["https:\/\/meeplendice.net\/wp-content\/uploads\/2016\/09\/AQ_Hassan-350x330.png",350,330,true],"ashe-list-thumbnail":["https:\/\/meeplendice.net\/wp-content\/uploads\/2016\/09\/AQ_Hassan-300x300.png",300,300,true],"ashe-single-navigation":["https:\/\/meeplendice.net\/wp-content\/uploads\/2016\/09\/AQ_Hassan-75x75.png",75,75,true],"mailpoet_newsletter_max":["https:\/\/meeplendice.net\/wp-content\/uploads\/2016\/09\/AQ_Hassan.png",350,350,false],"rpwe-thumbnail":["https:\/\/meeplendice.net\/wp-content\/uploads\/2016\/09\/AQ_Hassan-45x45.png",45,45,true],"sow-carousel-default":["https:\/\/meeplendice.net\/wp-content\/uploads\/2016\/09\/AQ_Hassan-272x182.png",272,182,true],"rt_custom":["https:\/\/meeplendice.net\/wp-content\/uploads\/2016\/09\/AQ_Hassan.png",350,350,false]},"rttpg_author":{"display_name":"Karnby","author_link":"https:\/\/meeplendice.net\/?author=2"},"rttpg_comment":0,"rttpg_category":null,"rttpg_excerpt":"\u00ab Le Temps et la Destin\u00e9e n&rsquo;ont aucun secret pour moi \u00bb &#8211; Hassan Prince hors du commun d\u2019une contr\u00e9e lointaine, c\u2019est \u00e0 sa chance insolente qu\u2019Hassan doit la plupart de ses prouesses martiales. Lui pr\u00e9tend que c\u2019est gr\u00e2ce \u00e0 son imparable strat\u00e9gie de combat et \u00e0 sa lame mystique, la Dague de Rhee-Do. Des\u2026","_links":{"self":[{"href":"https:\/\/meeplendice.net\/index.php?rest_route=\/wp\/v2\/pages\/870","targetHints":{"allow":["GET"]}}],"collection":[{"href":"https:\/\/meeplendice.net\/index.php?rest_route=\/wp\/v2\/pages"}],"about":[{"href":"https:\/\/meeplendice.net\/index.php?rest_route=\/wp\/v2\/types\/page"}],"author":[{"embeddable":true,"href":"https:\/\/meeplendice.net\/index.php?rest_route=\/wp\/v2\/users\/2"}],"replies":[{"embeddable":true,"href":"https:\/\/meeplendice.net\/index.php?rest_route=%2Fwp%2Fv2%2Fcomments&post=870"}],"version-history":[{"count":9,"href":"https:\/\/meeplendice.net\/index.php?rest_route=\/wp\/v2\/pages\/870\/revisions"}],"predecessor-version":[{"id":6183,"href":"https:\/\/meeplendice.net\/index.php?rest_route=\/wp\/v2\/pages\/870\/revisions\/6183"}],"up":[{"embeddable":true,"href":"https:\/\/meeplendice.net\/index.php?rest_route=\/wp\/v2\/pages\/96"}],"wp:featuredmedia":[{"embeddable":true,"href":"https:\/\/meeplendice.net\/index.php?rest_route=\/wp\/v2\/media\/874"}],"wp:attachment":[{"href":"https:\/\/meeplendice.net\/index.php?rest_route=%2Fwp%2Fv2%2Fmedia&parent=870"}],"curies":[{"name":"wp","href":"https:\/\/api.w.org\/{rel}","templated":true}]}}