{"id":8716,"date":"2021-08-30T09:41:43","date_gmt":"2021-08-30T08:41:43","guid":{"rendered":"https:\/\/meeplendice.net\/?page_id=8716"},"modified":"2025-12-15T17:20:32","modified_gmt":"2025-12-15T15:20:32","slug":"unlock-legendary-adventures","status":"publish","type":"page","link":"https:\/\/meeplendice.net\/?page_id=8716","title":{"rendered":"Legendary Adventures"},"content":{"rendered":"<div id=\"pl-8716\"  class=\"panel-layout\" ><div id=\"pg-8716-0\"  class=\"panel-grid panel-no-style\" ><div id=\"pgc-8716-0-0\"  class=\"panel-grid-cell\" ><div id=\"panel-8716-0-0-0\" class=\"so-panel widget widget_sow-editor panel-first-child panel-last-child\" data-index=\"0\" ><div\n\t\t\t\n\t\t\tclass=\"so-widget-sow-editor so-widget-sow-editor-base\"\n\t\t\t\n\t\t>\n<div class=\"siteorigin-widget-tinymce textwidget\">\n\t<p style=\"text-align: center;\"><strong>Auteur(s) :<br \/>\n<\/strong>Cyril Demaegd<strong><br \/>\n<\/strong>Mathieu Casnin<br \/>\nMarion du Faou\u00ebt<br \/>\nDave Neale<\/p>\n<\/div>\n<\/div><\/div><\/div><div id=\"pgc-8716-0-1\"  class=\"panel-grid-cell\" ><div id=\"panel-8716-0-1-0\" class=\"so-panel widget widget_sow-editor panel-first-child panel-last-child\" data-index=\"1\" ><div\n\t\t\t\n\t\t\tclass=\"so-widget-sow-editor so-widget-sow-editor-base\"\n\t\t\t\n\t\t>\n<div class=\"siteorigin-widget-tinymce textwidget\">\n\t<p style=\"text-align: center;\"><strong>Illustrations :<br \/>\n<\/strong>Olivier Danchin<br \/>\nLooky<br \/>\nCyrille Bertin<br \/>\nArnaud Demaegd<\/p>\n<\/div>\n<\/div><\/div><\/div><div id=\"pgc-8716-0-2\"  class=\"panel-grid-cell\" ><div id=\"panel-8716-0-2-0\" class=\"so-panel widget widget_sow-editor panel-first-child panel-last-child\" data-index=\"2\" ><div\n\t\t\t\n\t\t\tclass=\"so-widget-sow-editor so-widget-sow-editor-base\"\n\t\t\t\n\t\t>\n<div class=\"siteorigin-widget-tinymce textwidget\">\n\t<p style=\"text-align: center;\"><strong>\u00c9dition :<br \/>\n<\/strong>Space Cowboys<br \/>\n2021<\/p>\n<\/div>\n<\/div><\/div><\/div><div id=\"pgc-8716-0-3\"  class=\"panel-grid-cell\" ><div id=\"panel-8716-0-3-0\" class=\"so-panel widget widget_sow-editor panel-first-child panel-last-child\" data-index=\"3\" ><div\n\t\t\t\n\t\t\tclass=\"so-widget-sow-editor so-widget-sow-editor-base\"\n\t\t\t\n\t\t>\n<div class=\"siteorigin-widget-tinymce textwidget\">\n\t<p style=\"text-align: center;\"><strong>Version :<\/strong><br \/>\nFran\u00e7aise<\/p>\n<\/div>\n<\/div><\/div><\/div><\/div><div id=\"pg-8716-1\"  class=\"panel-grid panel-no-style\" ><div id=\"pgc-8716-1-0\"  class=\"panel-grid-cell\" ><div id=\"panel-8716-1-0-0\" class=\"so-panel widget widget_sow-editor panel-first-child panel-last-child\" data-index=\"4\" ><div\n\t\t\t\n\t\t\tclass=\"so-widget-sow-editor so-widget-sow-editor-base\"\n\t\t\t\n\t\t>\n<div class=\"siteorigin-widget-tinymce textwidget\">\n\t<p>La bo\u00eete <em>Unlock! Legendary Adventures<\/em> contient trois aventures :<\/p>\n<p><strong><em>Action Story<\/em><\/strong><br \/>\nL'insaisissable Stella s'est empar\u00e9e du joyau le plus cher du monde ! Arr\u00eatez-l\u00e0 et r\u00e9cup\u00e9rez son pr\u00e9cieux butin !<\/p>\n<p><strong><em>Robin des Bois : mort ou vif !<br \/>\n<\/em><\/strong>Robin est entre les griffes du Sh\u00e9rif de Nottingham. Rassemblez ses compagnons et d\u00e9livrez-le de son cachot !<\/p>\n<p><em><strong>Sherlock Holmes - L'Affaire des Anges Br\u00fbl\u00e9s<\/strong><br \/>\n<\/em>Le plus c\u00e9l\u00e8bre des d\u00e9tectives a besoin de votre aide pour r\u00e9soudre une \u00e9trange affaire de meurtre !<\/p>\n<\/div>\n<\/div><\/div><\/div><\/div><\/div>","protected":false},"excerpt":{"rendered":"<p>Auteur(s) : Cyril Demaegd Mathieu Casnin Marion du Faou\u00ebt Dave Neale Illustrations : Olivier Danchin Looky Cyrille Bertin Arnaud Demaegd \u00c9dition : Space Cowboys 2021 Version : Fran\u00e7aise La bo\u00eete Unlock! Legendary Adventures contient trois aventures : Action Story L&rsquo;insaisissable Stella s&rsquo;est empar\u00e9e du joyau le plus cher du monde ! Arr\u00eatez-l\u00e0 et r\u00e9cup\u00e9rez son pr\u00e9cieux butin ! Robin des Bois : mort ou vif ! Robin est entre les griffes du Sh\u00e9rif de Nottingham. Rassemblez ses compagnons et d\u00e9livrez-le de son cachot ! Sherlock Holmes &#8211; L&rsquo;Affaire des Anges Br\u00fbl\u00e9s Le plus c\u00e9l\u00e8bre des d\u00e9tectives a besoin de votre aide pour r\u00e9soudre une \u00e9trange affaire de meurtre !<\/p>\n","protected":false},"author":2,"featured_media":13781,"parent":2446,"menu_order":9,"comment_status":"closed","ping_status":"closed","template":"","meta":{"footnotes":""},"class_list":["post-8716","page","type-page","status-publish","has-post-thumbnail","hentry"],"acf":[],"rttpg_featured_image_url":{"full":["https:\/\/meeplendice.net\/wp-content\/uploads\/2025\/12\/Unlock_Legendary.png",350,350,false],"landscape":["https:\/\/meeplendice.net\/wp-content\/uploads\/2025\/12\/Unlock_Legendary.png",350,350,false],"portraits":["https:\/\/meeplendice.net\/wp-content\/uploads\/2025\/12\/Unlock_Legendary.png",350,350,false],"thumbnail":["https:\/\/meeplendice.net\/wp-content\/uploads\/2025\/12\/Unlock_Legendary-150x150.png",150,150,true],"medium":["https:\/\/meeplendice.net\/wp-content\/uploads\/2025\/12\/Unlock_Legendary-300x300.png",300,300,true],"large":["https:\/\/meeplendice.net\/wp-content\/uploads\/2025\/12\/Unlock_Legendary.png",350,350,false],"ug_big":["https:\/\/meeplendice.net\/wp-content\/uploads\/2025\/12\/Unlock_Legendary.png",350,350,false],"1536x1536":["https:\/\/meeplendice.net\/wp-content\/uploads\/2025\/12\/Unlock_Legendary.png",350,350,false],"2048x2048":["https:\/\/meeplendice.net\/wp-content\/uploads\/2025\/12\/Unlock_Legendary.png",350,350,false],"ashe-slider-grid-thumbnail":["https:\/\/meeplendice.net\/wp-content\/uploads\/2025\/12\/Unlock_Legendary.png",350,350,false],"ashe-full-thumbnail":["https:\/\/meeplendice.net\/wp-content\/uploads\/2025\/12\/Unlock_Legendary.png",350,350,false],"ashe-grid-thumbnail":["https:\/\/meeplendice.net\/wp-content\/uploads\/2025\/12\/Unlock_Legendary-350x330.png",350,330,true],"ashe-list-thumbnail":["https:\/\/meeplendice.net\/wp-content\/uploads\/2025\/12\/Unlock_Legendary-300x300.png",300,300,true],"ashe-single-navigation":["https:\/\/meeplendice.net\/wp-content\/uploads\/2025\/12\/Unlock_Legendary-75x75.png",75,75,true],"mailpoet_newsletter_max":["https:\/\/meeplendice.net\/wp-content\/uploads\/2025\/12\/Unlock_Legendary.png",350,350,false],"rpwe-thumbnail":["https:\/\/meeplendice.net\/wp-content\/uploads\/2025\/12\/Unlock_Legendary-45x45.png",45,45,true],"sow-carousel-default":["https:\/\/meeplendice.net\/wp-content\/uploads\/2025\/12\/Unlock_Legendary-272x182.png",272,182,true],"rt_custom":["https:\/\/meeplendice.net\/wp-content\/uploads\/2025\/12\/Unlock_Legendary.png",350,350,false]},"rttpg_author":{"display_name":"Karnby","author_link":"https:\/\/meeplendice.net\/?author=2"},"rttpg_comment":0,"rttpg_category":null,"rttpg_excerpt":"Auteur(s) : Cyril Demaegd Mathieu Casnin Marion du Faou\u00ebt Dave Neale Illustrations : Olivier Danchin Looky Cyrille Bertin Arnaud Demaegd \u00c9dition : Space Cowboys 2021 Version : Fran\u00e7aise La bo\u00eete Unlock! Legendary Adventures contient trois aventures : Action Story L'insaisissable Stella s'est empar\u00e9e du joyau le plus cher du monde ! Arr\u00eatez-l\u00e0 et r\u00e9cup\u00e9rez son\u2026","_links":{"self":[{"href":"https:\/\/meeplendice.net\/index.php?rest_route=\/wp\/v2\/pages\/8716","targetHints":{"allow":["GET"]}}],"collection":[{"href":"https:\/\/meeplendice.net\/index.php?rest_route=\/wp\/v2\/pages"}],"about":[{"href":"https:\/\/meeplendice.net\/index.php?rest_route=\/wp\/v2\/types\/page"}],"author":[{"embeddable":true,"href":"https:\/\/meeplendice.net\/index.php?rest_route=\/wp\/v2\/users\/2"}],"replies":[{"embeddable":true,"href":"https:\/\/meeplendice.net\/index.php?rest_route=%2Fwp%2Fv2%2Fcomments&post=8716"}],"version-history":[{"count":7,"href":"https:\/\/meeplendice.net\/index.php?rest_route=\/wp\/v2\/pages\/8716\/revisions"}],"predecessor-version":[{"id":13817,"href":"https:\/\/meeplendice.net\/index.php?rest_route=\/wp\/v2\/pages\/8716\/revisions\/13817"}],"up":[{"embeddable":true,"href":"https:\/\/meeplendice.net\/index.php?rest_route=\/wp\/v2\/pages\/2446"}],"wp:featuredmedia":[{"embeddable":true,"href":"https:\/\/meeplendice.net\/index.php?rest_route=\/wp\/v2\/media\/13781"}],"wp:attachment":[{"href":"https:\/\/meeplendice.net\/index.php?rest_route=%2Fwp%2Fv2%2Fmedia&parent=8716"}],"curies":[{"name":"wp","href":"https:\/\/api.w.org\/{rel}","templated":true}]}}