{"id":8895,"date":"2021-12-16T15:16:37","date_gmt":"2021-12-16T14:16:37","guid":{"rendered":"https:\/\/meeplendice.net\/?page_id=8895"},"modified":"2021-12-16T15:17:23","modified_gmt":"2021-12-16T14:17:23","slug":"arcade","status":"publish","type":"page","link":"https:\/\/meeplendice.net\/?page_id=8895","title":{"rendered":"Arcade"},"content":{"rendered":"<p>Utilisez les 4 d\u00e9s sp\u00e9ciaux du pack d&rsquo;extension Arcade en plus de vos d\u00e9s habituels et trouvez de nouvelles fa\u00e7ons de marquer des points :<\/p>\n<ul>\n<li>\u00a0\u00a0\u00a0 Pluck-Man (1 d\u00e9) : nourrissez Pluck-Man avec suffisamment de fruits pour qu&rsquo;il puisse manger ces satan\u00e9s fant\u00f4mes !<\/li>\n<li>\u00a0\u00a0\u00a0 Tetromino (1 d\u00e9) : respectez votre engagement en mati\u00e8re d&rsquo;urbanisme pour gagner de pr\u00e9cieux points !<\/li>\n<li>\u00a0\u00a0\u00a0 Galactic Invaders (1 d\u00e9) : envoyez des Aliens pour attaquer vos adversaires tout en essayant de vous d\u00e9fendre contre ceux qui vous envahissent !<\/li>\n<li>\u00a0\u00a0\u00a0 Arc-en-ciel (1 d\u00e9) : peuplez votre plateau d&rsquo;arcs-en-ciel color\u00e9s et envoyez des nuages inqui\u00e9tants \u00e0 vos adversaires !<\/li>\n<\/ul>\n","protected":false},"excerpt":{"rendered":"<p>Utilisez les 4 d\u00e9s sp\u00e9ciaux du pack d&rsquo;extension Arcade en plus de vos d\u00e9s habituels et trouvez de nouvelles fa\u00e7ons de marquer des points : \u00a0\u00a0\u00a0 Pluck-Man (1 d\u00e9) : nourrissez Pluck-Man avec suffisamment de fruits pour qu&rsquo;il puisse manger ces satan\u00e9s fant\u00f4mes ! \u00a0\u00a0\u00a0 Tetromino (1 d\u00e9) : respectez votre engagement en mati\u00e8re d&rsquo;urbanisme pour gagner de pr\u00e9cieux points ! \u00a0\u00a0\u00a0 Galactic Invaders (1 d\u00e9) : envoyez des Aliens pour attaquer vos adversaires tout en essayant de vous d\u00e9fendre contre ceux qui vous envahissent ! \u00a0\u00a0\u00a0 Arc-en-ciel (1 d\u00e9) : peuplez votre plateau d&rsquo;arcs-en-ciel color\u00e9s et envoyez des nuages inqui\u00e9tants \u00e0 vos adversaires !<\/p>\n","protected":false},"author":2,"featured_media":8888,"parent":4920,"menu_order":1,"comment_status":"closed","ping_status":"closed","template":"","meta":{"footnotes":""},"class_list":["post-8895","page","type-page","status-publish","has-post-thumbnail","hentry"],"acf":[],"rttpg_featured_image_url":{"full":["https:\/\/meeplendice.net\/wp-content\/uploads\/2021\/12\/Railroadink_Arcade.png",350,350,false],"landscape":["https:\/\/meeplendice.net\/wp-content\/uploads\/2021\/12\/Railroadink_Arcade.png",350,350,false],"portraits":["https:\/\/meeplendice.net\/wp-content\/uploads\/2021\/12\/Railroadink_Arcade.png",350,350,false],"thumbnail":["https:\/\/meeplendice.net\/wp-content\/uploads\/2021\/12\/Railroadink_Arcade-150x150.png",150,150,true],"medium":["https:\/\/meeplendice.net\/wp-content\/uploads\/2021\/12\/Railroadink_Arcade-300x300.png",300,300,true],"large":["https:\/\/meeplendice.net\/wp-content\/uploads\/2021\/12\/Railroadink_Arcade.png",350,350,false],"ug_big":["https:\/\/meeplendice.net\/wp-content\/uploads\/2021\/12\/Railroadink_Arcade.png",350,350,false],"1536x1536":["https:\/\/meeplendice.net\/wp-content\/uploads\/2021\/12\/Railroadink_Arcade.png",350,350,false],"2048x2048":["https:\/\/meeplendice.net\/wp-content\/uploads\/2021\/12\/Railroadink_Arcade.png",350,350,false],"ashe-slider-grid-thumbnail":["https:\/\/meeplendice.net\/wp-content\/uploads\/2021\/12\/Railroadink_Arcade.png",350,350,false],"ashe-full-thumbnail":["https:\/\/meeplendice.net\/wp-content\/uploads\/2021\/12\/Railroadink_Arcade.png",350,350,false],"ashe-grid-thumbnail":["https:\/\/meeplendice.net\/wp-content\/uploads\/2021\/12\/Railroadink_Arcade-350x330.png",350,330,true],"ashe-list-thumbnail":["https:\/\/meeplendice.net\/wp-content\/uploads\/2021\/12\/Railroadink_Arcade-300x300.png",300,300,true],"ashe-single-navigation":["https:\/\/meeplendice.net\/wp-content\/uploads\/2021\/12\/Railroadink_Arcade-75x75.png",75,75,true],"mailpoet_newsletter_max":["https:\/\/meeplendice.net\/wp-content\/uploads\/2021\/12\/Railroadink_Arcade.png",350,350,false],"rpwe-thumbnail":["https:\/\/meeplendice.net\/wp-content\/uploads\/2021\/12\/Railroadink_Arcade-45x45.png",45,45,true],"sow-carousel-default":["https:\/\/meeplendice.net\/wp-content\/uploads\/2021\/12\/Railroadink_Arcade-272x182.png",272,182,true],"rt_custom":["https:\/\/meeplendice.net\/wp-content\/uploads\/2021\/12\/Railroadink_Arcade.png",350,350,false]},"rttpg_author":{"display_name":"Karnby","author_link":"https:\/\/meeplendice.net\/?author=2"},"rttpg_comment":0,"rttpg_category":null,"rttpg_excerpt":"Utilisez les 4 d\u00e9s sp\u00e9ciaux du pack d&rsquo;extension Arcade en plus de vos d\u00e9s habituels et trouvez de nouvelles fa\u00e7ons de marquer des points : \u00a0\u00a0\u00a0 Pluck-Man (1 d\u00e9) : nourrissez Pluck-Man avec suffisamment de fruits pour qu&rsquo;il puisse manger ces satan\u00e9s fant\u00f4mes ! \u00a0\u00a0\u00a0 Tetromino (1 d\u00e9) : respectez votre engagement en mati\u00e8re d&rsquo;urbanisme\u2026","_links":{"self":[{"href":"https:\/\/meeplendice.net\/index.php?rest_route=\/wp\/v2\/pages\/8895","targetHints":{"allow":["GET"]}}],"collection":[{"href":"https:\/\/meeplendice.net\/index.php?rest_route=\/wp\/v2\/pages"}],"about":[{"href":"https:\/\/meeplendice.net\/index.php?rest_route=\/wp\/v2\/types\/page"}],"author":[{"embeddable":true,"href":"https:\/\/meeplendice.net\/index.php?rest_route=\/wp\/v2\/users\/2"}],"replies":[{"embeddable":true,"href":"https:\/\/meeplendice.net\/index.php?rest_route=%2Fwp%2Fv2%2Fcomments&post=8895"}],"version-history":[{"count":1,"href":"https:\/\/meeplendice.net\/index.php?rest_route=\/wp\/v2\/pages\/8895\/revisions"}],"predecessor-version":[{"id":8896,"href":"https:\/\/meeplendice.net\/index.php?rest_route=\/wp\/v2\/pages\/8895\/revisions\/8896"}],"up":[{"embeddable":true,"href":"https:\/\/meeplendice.net\/index.php?rest_route=\/wp\/v2\/pages\/4920"}],"wp:featuredmedia":[{"embeddable":true,"href":"https:\/\/meeplendice.net\/index.php?rest_route=\/wp\/v2\/media\/8888"}],"wp:attachment":[{"href":"https:\/\/meeplendice.net\/index.php?rest_route=%2Fwp%2Fv2%2Fmedia&parent=8895"}],"curies":[{"name":"wp","href":"https:\/\/api.w.org\/{rel}","templated":true}]}}