{"id":9176,"date":"2022-01-18T21:40:53","date_gmt":"2022-01-18T20:40:53","guid":{"rendered":"https:\/\/meeplendice.net\/?page_id=9176"},"modified":"2022-01-18T21:57:55","modified_gmt":"2022-01-18T20:57:55","slug":"dinner-in-paris","status":"publish","type":"page","link":"https:\/\/meeplendice.net\/?page_id=9176","title":{"rendered":"Dinner in Paris"},"content":{"rendered":"<div id=\"pl-9176\"  class=\"panel-layout\" ><div id=\"pg-9176-0\"  class=\"panel-grid panel-no-style\" ><div id=\"pgc-9176-0-0\"  class=\"panel-grid-cell\" ><div id=\"panel-9176-0-0-0\" class=\"so-panel widget widget_sow-editor panel-first-child panel-last-child\" data-index=\"0\" ><div\n\t\t\t\n\t\t\tclass=\"so-widget-sow-editor so-widget-sow-editor-base\"\n\t\t\t\n\t\t>\n<div class=\"siteorigin-widget-tinymce textwidget\">\n\t<p style=\"text-align: center;\"><strong>Nombre de joueurs :<\/strong><br \/>\n2 - 4<\/p>\n<\/div>\n<\/div><\/div><\/div><div id=\"pgc-9176-0-1\"  class=\"panel-grid-cell\" ><div id=\"panel-9176-0-1-0\" class=\"so-panel widget widget_sow-editor panel-first-child panel-last-child\" data-index=\"1\" ><div\n\t\t\t\n\t\t\tclass=\"so-widget-sow-editor so-widget-sow-editor-base\"\n\t\t\t\n\t\t>\n<div class=\"siteorigin-widget-tinymce textwidget\">\n\t<p style=\"text-align: center;\"><strong>Dur\u00e9e moyenne :<\/strong><br \/>\n40 min<\/p>\n<\/div>\n<\/div><\/div><\/div><div id=\"pgc-9176-0-2\"  class=\"panel-grid-cell\" ><div id=\"panel-9176-0-2-0\" class=\"so-panel widget widget_sow-editor panel-first-child panel-last-child\" data-index=\"2\" ><div\n\t\t\t\n\t\t\tclass=\"so-widget-sow-editor so-widget-sow-editor-base\"\n\t\t\t\n\t\t>\n<div class=\"siteorigin-widget-tinymce textwidget\">\n\t<p style=\"text-align: center;\"><strong>Age :<\/strong><br \/>\n10 ans et plus<\/p>\n<\/div>\n<\/div><\/div><\/div><\/div><div id=\"pg-9176-1\"  class=\"panel-grid panel-no-style\" ><div id=\"pgc-9176-1-0\"  class=\"panel-grid-cell\" ><div id=\"panel-9176-1-0-0\" class=\"so-panel widget widget_sow-editor panel-first-child panel-last-child\" data-index=\"3\" ><div\n\t\t\t\n\t\t\tclass=\"so-widget-sow-editor so-widget-sow-editor-base\"\n\t\t\t\n\t\t>\n<div class=\"siteorigin-widget-tinymce textwidget\">\n\t<p style=\"text-align: center;\"><strong>Auteur(s) :<br \/>\n<\/strong>Les Trolls Associ\u00e9s<\/p>\n<\/div>\n<\/div><\/div><\/div><div id=\"pgc-9176-1-1\"  class=\"panel-grid-cell\" ><div id=\"panel-9176-1-1-0\" class=\"so-panel widget widget_sow-editor panel-first-child panel-last-child\" data-index=\"4\" ><div\n\t\t\t\n\t\t\tclass=\"so-widget-sow-editor so-widget-sow-editor-base\"\n\t\t\t\n\t\t>\n<div class=\"siteorigin-widget-tinymce textwidget\">\n\t<p style=\"text-align: center;\"><strong>Illustrations :<\/strong><br \/>\nAlain Boyer<\/p>\n<\/div>\n<\/div><\/div><\/div><div id=\"pgc-9176-1-2\"  class=\"panel-grid-cell\" ><div id=\"panel-9176-1-2-0\" class=\"so-panel widget widget_sow-editor panel-first-child panel-last-child\" data-index=\"5\" ><div\n\t\t\t\n\t\t\tclass=\"so-widget-sow-editor so-widget-sow-editor-base\"\n\t\t\t\n\t\t>\n<div class=\"siteorigin-widget-tinymce textwidget\">\n\t<p style=\"text-align: center;\"><strong>\u00c9dition :<\/strong><br \/>\nFunnyfox<br \/>\n2020<\/p>\n<\/div>\n<\/div><\/div><\/div><div id=\"pgc-9176-1-3\"  class=\"panel-grid-cell\" ><div id=\"panel-9176-1-3-0\" class=\"so-panel widget widget_sow-editor panel-first-child panel-last-child\" data-index=\"6\" ><div\n\t\t\t\n\t\t\tclass=\"so-widget-sow-editor so-widget-sow-editor-base\"\n\t\t\t\n\t\t>\n<div class=\"siteorigin-widget-tinymce textwidget\">\n\t<p style=\"text-align: center;\"><strong>Version :<\/strong><br \/>\nFran\u00e7aise<\/p>\n<\/div>\n<\/div><\/div><\/div><\/div><div id=\"pg-9176-2\"  class=\"panel-grid panel-no-style\" ><div id=\"pgc-9176-2-0\"  class=\"panel-grid-cell\" ><div id=\"panel-9176-2-0-0\" class=\"so-panel widget widget_sow-editor panel-first-child panel-last-child\" data-index=\"7\" ><div\n\t\t\t\n\t\t\tclass=\"so-widget-sow-editor so-widget-sow-editor-base\"\n\t\t\t\n\t\t>\n<div class=\"siteorigin-widget-tinymce textwidget\">\n\t<hr \/>\n<p><em>Le milieu de la restauration \u00e0 Paris est en pleine effervescence \u00e0 la suite de l'inauguration d'une nouvelle place pi\u00e9tonne dans un quartier pris\u00e9 des Parisiens et des touristes du monde entier. L'occasion r\u00eav\u00e9e pour vous, restaurateurs, d'ouvrir l'une des adresses qui participeront \u00e0 la diversit\u00e9 culinaire et la renomm\u00e9e de la capitale fran\u00e7aise.<br \/>\nCependant, il n'y aura pas de place pour tout le monde et vos adversaires pourraient bien vous mettre des b\u00e2tons dans les roues !<\/em><\/p>\n<p><em>La course aux terrasses est lanc\u00e9es !<\/em><\/p>\n<p>Ouvrez des restaurants... Construises des terrasses... R\u00e9alises des objectifs... Remportez des majorit\u00e9s... Pour gagner des points de victoires et remporter la partie !<\/p>\n<\/div>\n<\/div><\/div><\/div><\/div><div id=\"pg-9176-3\"  class=\"panel-grid panel-no-style\" ><div id=\"pgc-9176-3-0\"  class=\"panel-grid-cell\" ><div id=\"panel-9176-3-0-0\" class=\"so-panel widget widget_sow-editor panel-first-child panel-last-child\" data-index=\"8\" ><div\n\t\t\t\n\t\t\tclass=\"so-widget-sow-editor so-widget-sow-editor-base\"\n\t\t\t\n\t\t>\n<div class=\"siteorigin-widget-tinymce textwidget\">\n\t<hr \/>\n<h3 style=\"text-align: center;\">En vid\u00e9o<\/h3>\n<p><a href=\"https:\/\/www.youtube.com\/embed\/Py2Rk4I-z_I\" target=\"_blank\" rel=\"noopener\"><img loading=\"lazy\" decoding=\"async\" class=\"alignnone size-full wp-image-9090\" src=\"https:\/\/meeplendice.net\/wp-content\/uploads\/2022\/01\/Link_CJ_v2.png\" alt=\"\" width=\"200\" height=\"170\" \/><\/a><\/p>\n<\/div>\n<\/div><\/div><\/div><\/div><div id=\"pg-9176-4\"  class=\"panel-grid panel-no-style\" ><div id=\"pgc-9176-4-0\"  class=\"panel-grid-cell\" ><div id=\"panel-9176-4-0-0\" class=\"so-panel widget widget_sow-editor panel-first-child panel-last-child\" data-index=\"9\" ><div\n\t\t\t\n\t\t\tclass=\"so-widget-sow-editor so-widget-sow-editor-base\"\n\t\t\t\n\t\t>\n<div class=\"siteorigin-widget-tinymce textwidget\">\n\t<hr \/>\n<h3 style=\"text-align: center;\">Extension(s)<\/h3>\n<p style=\"text-align: center;\"><style type='text\/css' media='all'>#rt-tpg-container-2921971439 .read-more a{border-radius:px;}#rt-tpg-container-2921971439 .rt-img-holder img.rt-img-responsive,#rt-tpg-container-2921971439 .rt-img-holder,\n\t\t\t\t\t#rt-tpg-container-2921971439 .rt-post-overlay .post-img,\n\t\t\t\t\t#rt-tpg-container-2921971439 .post-sm .post-img,\n\t\t\t\t\t#rt-tpg-container-2921971439 .rt-post-grid .post-img,\n\t\t\t\t\t#rt-tpg-container-2921971439 .post-img img {border-radius:px;}#rt-tpg-container-2921971439 .layout9 .rt-holder h2.entry-title,\n\t\t\t\t\t#rt-tpg-container-2921971439 .layout9 .rt-holder h3.entry-title,\n\t\t\t\t\t#rt-tpg-container-2921971439 .layout9 .rt-holder h4.entry-title,\n\t\t\t\t\t#rt-tpg-container-2921971439 .layout9 .rt-holder h2.entry-title a,\n\t\t\t\t\t#rt-tpg-container-2921971439 .layout9 .rt-holder h3.entry-title a,\n\t\t\t\t\t#rt-tpg-container-2921971439 .layout9 .rt-holder h4.entry-title a,\n\t\t\t\t\t#rt-tpg-container-2921971439 .rt-holder .rt-woo-info h2 a,\n\t\t\t\t\t#rt-tpg-container-2921971439 .rt-holder .rt-woo-info h3 a,\n\t\t\t\t\t#rt-tpg-container-2921971439 .rt-holder .rt-woo-info h4 a,\n\t\t\t\t\t#rt-tpg-container-2921971439 .post-content .post-title,\n\t\t\t\t\t#rt-tpg-container-2921971439 .rt-post-grid .post-title,\n\t\t\t\t\t#rt-tpg-container-2921971439 .rt-post-grid .post-title a,\n\t\t\t\t\t#rt-tpg-container-2921971439 .post-content .post-title a,\n\t\t\t\t\t#rt-tpg-container-2921971439 .rt-holder .rt-woo-info h2,\n\t\t\t\t\t#rt-tpg-container-2921971439 .rt-holder .rt-woo-info h3,\n\t\t\t\t\t#rt-tpg-container-2921971439 .rt-holder .rt-woo-info h4{font-size:16px;line-height:26px;font-weight:normal;text-align:center;}#rt-tpg-container-2921971439 .post-grid-lg-style-1 .post-title,\n\t\t\t\t\t\t#rt-tpg-container-2921971439 .post-grid-lg-style-1 .post-title a,\n\t\t\t\t\t\t#rt-tpg-container-2921971439 .big-layout .post-title,\n\t\t\t\t\t\t#rt-tpg-container-2921971439 .big-layout .post-title a,\n\t\t\t\t\t\t#rt-tpg-container-2921971439 .post-grid-lg-style-1 .post-title,\n\t\t\t\t\t\t#rt-tpg-container-2921971439 .post-grid-lg-style-1 .post-title a {font-size:24px;line-height:34px;}<\/style><div class='rt-container-fluid rt-tpg-container tpg-shortcode-main-wrapper ' id='rt-tpg-container-2921971439'   data-layout='layout9' data-grid-style='even' data-desktop-col='3'  data-tab-col='2'  data-mobile-col='1' data-sc-id='9182'><div data-title='Loading ...' class='rt-row rt-content-loader   layout9 tpg-even '><div class=\"rt-col-md-4 rt-col-sm-6 rt-col-xs-12 even-grid-item rt-grid-item img_zoom_in\" data-id=\"9180\"><div class=\"rt-holder\"><div class='overlay'><a data-id='9180' class=' tpg-single-popup' href='https:\/\/meeplendice.net\/?page_id=9180'><img loading=\"lazy\" decoding=\"async\" width=\"350\" height=\"350\" src=\"https:\/\/meeplendice.net\/wp-content\/uploads\/2022\/01\/DiP_Combatchef.png\" class=\"rt-img-responsive \" alt=\"\" \/><\/a><\/div><div class='post-info'><h3 class=\"entry-title\"><a data-id=\"9180\" class=\" tpg-single-popup\" href=\"https:\/\/meeplendice.net\/?page_id=9180\">Le combat des chefs<\/a><\/h3><div class='post-meta-user '><\/div><\/div><\/div><\/div><\/div><div class='rt-pagination-wrap' data-total-pages='1' data-posts-per-page='3' data-type='pagination_ajax'  ><div class='rt-page-numbers'><\/div><\/div><\/div><\/p>\n<\/div>\n<\/div><\/div><\/div><\/div><div id=\"pg-9176-5\"  class=\"panel-grid panel-no-style\" ><div id=\"pgc-9176-5-0\"  class=\"panel-grid-cell\" ><div id=\"panel-9176-5-0-0\" class=\"so-panel widget widget_sow-editor panel-first-child panel-last-child\" data-index=\"10\" ><div\n\t\t\t\n\t\t\tclass=\"so-widget-sow-editor so-widget-sow-editor-base\"\n\t\t\t\n\t\t>\n<div class=\"siteorigin-widget-tinymce textwidget\">\n\t<hr \/>\n<h3 style=\"text-align: center;\">Pour aller plus loin<\/h3>\n<\/div>\n<\/div><\/div><\/div><\/div><\/div>","protected":false},"excerpt":{"rendered":"<p>Nombre de joueurs : 2 &#8211; 4 Dur\u00e9e moyenne : 40 min Age : 10 ans et plus Auteur(s) : Les Trolls Associ\u00e9s Illustrations : Alain Boyer \u00c9dition : Funnyfox 2020 Version : Fran\u00e7aise<\/p>\n","protected":false},"author":2,"featured_media":9014,"parent":0,"menu_order":0,"comment_status":"closed","ping_status":"closed","template":"","meta":{"footnotes":""},"class_list":["post-9176","page","type-page","status-publish","has-post-thumbnail","hentry"],"acf":[],"rttpg_featured_image_url":{"full":["https:\/\/meeplendice.net\/wp-content\/uploads\/2022\/01\/Dinnerinparis.png",350,350,false],"landscape":["https:\/\/meeplendice.net\/wp-content\/uploads\/2022\/01\/Dinnerinparis.png",350,350,false],"portraits":["https:\/\/meeplendice.net\/wp-content\/uploads\/2022\/01\/Dinnerinparis.png",350,350,false],"thumbnail":["https:\/\/meeplendice.net\/wp-content\/uploads\/2022\/01\/Dinnerinparis-150x150.png",150,150,true],"medium":["https:\/\/meeplendice.net\/wp-content\/uploads\/2022\/01\/Dinnerinparis-300x300.png",300,300,true],"large":["https:\/\/meeplendice.net\/wp-content\/uploads\/2022\/01\/Dinnerinparis.png",350,350,false],"ug_big":["https:\/\/meeplendice.net\/wp-content\/uploads\/2022\/01\/Dinnerinparis.png",350,350,false],"1536x1536":["https:\/\/meeplendice.net\/wp-content\/uploads\/2022\/01\/Dinnerinparis.png",350,350,false],"2048x2048":["https:\/\/meeplendice.net\/wp-content\/uploads\/2022\/01\/Dinnerinparis.png",350,350,false],"ashe-slider-grid-thumbnail":["https:\/\/meeplendice.net\/wp-content\/uploads\/2022\/01\/Dinnerinparis.png",350,350,false],"ashe-full-thumbnail":["https:\/\/meeplendice.net\/wp-content\/uploads\/2022\/01\/Dinnerinparis.png",350,350,false],"ashe-grid-thumbnail":["https:\/\/meeplendice.net\/wp-content\/uploads\/2022\/01\/Dinnerinparis-350x330.png",350,330,true],"ashe-list-thumbnail":["https:\/\/meeplendice.net\/wp-content\/uploads\/2022\/01\/Dinnerinparis-300x300.png",300,300,true],"ashe-single-navigation":["https:\/\/meeplendice.net\/wp-content\/uploads\/2022\/01\/Dinnerinparis-75x75.png",75,75,true],"mailpoet_newsletter_max":["https:\/\/meeplendice.net\/wp-content\/uploads\/2022\/01\/Dinnerinparis.png",350,350,false],"rpwe-thumbnail":["https:\/\/meeplendice.net\/wp-content\/uploads\/2022\/01\/Dinnerinparis-45x45.png",45,45,true],"sow-carousel-default":["https:\/\/meeplendice.net\/wp-content\/uploads\/2022\/01\/Dinnerinparis-272x182.png",272,182,true],"rt_custom":["https:\/\/meeplendice.net\/wp-content\/uploads\/2022\/01\/Dinnerinparis.png",350,350,false]},"rttpg_author":{"display_name":"Karnby","author_link":"https:\/\/meeplendice.net\/?author=2"},"rttpg_comment":0,"rttpg_category":null,"rttpg_excerpt":"Nombre de joueurs : 2 - 4 Dur\u00e9e moyenne : 40 min Age : 10 ans et plus Auteur(s) : Les Trolls Associ\u00e9s Illustrations : Alain Boyer \u00c9dition : Funnyfox 2020 Version : Fran\u00e7aise","_links":{"self":[{"href":"https:\/\/meeplendice.net\/index.php?rest_route=\/wp\/v2\/pages\/9176","targetHints":{"allow":["GET"]}}],"collection":[{"href":"https:\/\/meeplendice.net\/index.php?rest_route=\/wp\/v2\/pages"}],"about":[{"href":"https:\/\/meeplendice.net\/index.php?rest_route=\/wp\/v2\/types\/page"}],"author":[{"embeddable":true,"href":"https:\/\/meeplendice.net\/index.php?rest_route=\/wp\/v2\/users\/2"}],"replies":[{"embeddable":true,"href":"https:\/\/meeplendice.net\/index.php?rest_route=%2Fwp%2Fv2%2Fcomments&post=9176"}],"version-history":[{"count":5,"href":"https:\/\/meeplendice.net\/index.php?rest_route=\/wp\/v2\/pages\/9176\/revisions"}],"predecessor-version":[{"id":9185,"href":"https:\/\/meeplendice.net\/index.php?rest_route=\/wp\/v2\/pages\/9176\/revisions\/9185"}],"wp:featuredmedia":[{"embeddable":true,"href":"https:\/\/meeplendice.net\/index.php?rest_route=\/wp\/v2\/media\/9014"}],"wp:attachment":[{"href":"https:\/\/meeplendice.net\/index.php?rest_route=%2Fwp%2Fv2%2Fmedia&parent=9176"}],"curies":[{"name":"wp","href":"https:\/\/api.w.org\/{rel}","templated":true}]}}