{"id":9180,"date":"2022-01-18T21:55:20","date_gmt":"2022-01-18T20:55:20","guid":{"rendered":"https:\/\/meeplendice.net\/?page_id=9180"},"modified":"2022-02-24T10:53:20","modified_gmt":"2022-02-24T09:53:20","slug":"le-combat-des-chefs","status":"publish","type":"page","link":"https:\/\/meeplendice.net\/?page_id=9180","title":{"rendered":"Le combat des chefs"},"content":{"rendered":"<p>Sur la place parisienne, la concurrence entre les restaurants ne faiblit pas et l\u2019animosit\u00e9 est mont\u00e9e d\u2019un cran : vol d\u2019ingr\u00e9dients, nuisances sonores, d\u00e9gradation de terrasses&#8230;<\/p>\n<p>Sur cette place en perp\u00e9tuelle \u00e9bullition, vous pourrez d\u00e9sormais compter sur votre food truck pour \u00e9tendre votre influence et surprendre vos adversaires. D\u00e9sormais, tous les coups sont permis pour devenir le meilleur restaurateur de Paris !<\/p>\n","protected":false},"excerpt":{"rendered":"<p>Sur la place parisienne, la concurrence entre les restaurants ne faiblit pas et l\u2019animosit\u00e9 est mont\u00e9e d\u2019un cran : vol d\u2019ingr\u00e9dients, nuisances sonores, d\u00e9gradation de terrasses&#8230; Sur cette place en perp\u00e9tuelle \u00e9bullition, vous pourrez d\u00e9sormais compter sur votre food truck pour \u00e9tendre votre influence et surprendre vos adversaires. D\u00e9sormais, tous les coups sont permis pour devenir le meilleur restaurateur de Paris !<\/p>\n","protected":false},"author":2,"featured_media":8932,"parent":9176,"menu_order":1,"comment_status":"closed","ping_status":"closed","template":"","meta":{"footnotes":""},"class_list":["post-9180","page","type-page","status-publish","has-post-thumbnail","hentry"],"acf":[],"rttpg_featured_image_url":{"full":["https:\/\/meeplendice.net\/wp-content\/uploads\/2022\/01\/DiP_Combatchef.png",350,350,false],"landscape":["https:\/\/meeplendice.net\/wp-content\/uploads\/2022\/01\/DiP_Combatchef.png",350,350,false],"portraits":["https:\/\/meeplendice.net\/wp-content\/uploads\/2022\/01\/DiP_Combatchef.png",350,350,false],"thumbnail":["https:\/\/meeplendice.net\/wp-content\/uploads\/2022\/01\/DiP_Combatchef-150x150.png",150,150,true],"medium":["https:\/\/meeplendice.net\/wp-content\/uploads\/2022\/01\/DiP_Combatchef-300x300.png",300,300,true],"large":["https:\/\/meeplendice.net\/wp-content\/uploads\/2022\/01\/DiP_Combatchef.png",350,350,false],"ug_big":["https:\/\/meeplendice.net\/wp-content\/uploads\/2022\/01\/DiP_Combatchef.png",350,350,false],"1536x1536":["https:\/\/meeplendice.net\/wp-content\/uploads\/2022\/01\/DiP_Combatchef.png",350,350,false],"2048x2048":["https:\/\/meeplendice.net\/wp-content\/uploads\/2022\/01\/DiP_Combatchef.png",350,350,false],"ashe-slider-grid-thumbnail":["https:\/\/meeplendice.net\/wp-content\/uploads\/2022\/01\/DiP_Combatchef.png",350,350,false],"ashe-full-thumbnail":["https:\/\/meeplendice.net\/wp-content\/uploads\/2022\/01\/DiP_Combatchef.png",350,350,false],"ashe-grid-thumbnail":["https:\/\/meeplendice.net\/wp-content\/uploads\/2022\/01\/DiP_Combatchef-350x330.png",350,330,true],"ashe-list-thumbnail":["https:\/\/meeplendice.net\/wp-content\/uploads\/2022\/01\/DiP_Combatchef-300x300.png",300,300,true],"ashe-single-navigation":["https:\/\/meeplendice.net\/wp-content\/uploads\/2022\/01\/DiP_Combatchef-75x75.png",75,75,true],"mailpoet_newsletter_max":["https:\/\/meeplendice.net\/wp-content\/uploads\/2022\/01\/DiP_Combatchef.png",350,350,false],"rpwe-thumbnail":["https:\/\/meeplendice.net\/wp-content\/uploads\/2022\/01\/DiP_Combatchef-45x45.png",45,45,true],"sow-carousel-default":["https:\/\/meeplendice.net\/wp-content\/uploads\/2022\/01\/DiP_Combatchef-272x182.png",272,182,true],"rt_custom":["https:\/\/meeplendice.net\/wp-content\/uploads\/2022\/01\/DiP_Combatchef.png",350,350,false]},"rttpg_author":{"display_name":"Karnby","author_link":"https:\/\/meeplendice.net\/?author=2"},"rttpg_comment":0,"rttpg_category":null,"rttpg_excerpt":"Sur la place parisienne, la concurrence entre les restaurants ne faiblit pas et l\u2019animosit\u00e9 est mont\u00e9e d\u2019un cran : vol d\u2019ingr\u00e9dients, nuisances sonores, d\u00e9gradation de terrasses&#8230; Sur cette place en perp\u00e9tuelle \u00e9bullition, vous pourrez d\u00e9sormais compter sur votre food truck pour \u00e9tendre votre influence et surprendre vos adversaires. D\u00e9sormais, tous les coups sont permis pour\u2026","_links":{"self":[{"href":"https:\/\/meeplendice.net\/index.php?rest_route=\/wp\/v2\/pages\/9180","targetHints":{"allow":["GET"]}}],"collection":[{"href":"https:\/\/meeplendice.net\/index.php?rest_route=\/wp\/v2\/pages"}],"about":[{"href":"https:\/\/meeplendice.net\/index.php?rest_route=\/wp\/v2\/types\/page"}],"author":[{"embeddable":true,"href":"https:\/\/meeplendice.net\/index.php?rest_route=\/wp\/v2\/users\/2"}],"replies":[{"embeddable":true,"href":"https:\/\/meeplendice.net\/index.php?rest_route=%2Fwp%2Fv2%2Fcomments&post=9180"}],"version-history":[{"count":1,"href":"https:\/\/meeplendice.net\/index.php?rest_route=\/wp\/v2\/pages\/9180\/revisions"}],"predecessor-version":[{"id":9181,"href":"https:\/\/meeplendice.net\/index.php?rest_route=\/wp\/v2\/pages\/9180\/revisions\/9181"}],"up":[{"embeddable":true,"href":"https:\/\/meeplendice.net\/index.php?rest_route=\/wp\/v2\/pages\/9176"}],"wp:featuredmedia":[{"embeddable":true,"href":"https:\/\/meeplendice.net\/index.php?rest_route=\/wp\/v2\/media\/8932"}],"wp:attachment":[{"href":"https:\/\/meeplendice.net\/index.php?rest_route=%2Fwp%2Fv2%2Fmedia&parent=9180"}],"curies":[{"name":"wp","href":"https:\/\/api.w.org\/{rel}","templated":true}]}}