{"id":9439,"date":"2022-01-23T21:51:33","date_gmt":"2022-01-23T20:51:33","guid":{"rendered":"https:\/\/meeplendice.net\/?page_id=9439"},"modified":"2024-03-31T18:07:51","modified_gmt":"2024-03-31T17:07:51","slug":"tiny-epic-pirates","status":"publish","type":"page","link":"https:\/\/meeplendice.net\/?page_id=9439","title":{"rendered":"Tiny Epic Pirates"},"content":{"rendered":"<div id=\"pl-9439\"  class=\"panel-layout\" ><div id=\"pg-9439-0\"  class=\"panel-grid panel-no-style\" ><div id=\"pgc-9439-0-0\"  class=\"panel-grid-cell\" ><div id=\"panel-9439-0-0-0\" class=\"so-panel widget widget_sow-editor panel-first-child panel-last-child\" data-index=\"0\" ><div\n\t\t\t\n\t\t\tclass=\"so-widget-sow-editor so-widget-sow-editor-base\"\n\t\t\t\n\t\t>\n<div class=\"siteorigin-widget-tinymce textwidget\">\n\t<p style=\"text-align: center;\"><strong>Nombre de joueurs :<\/strong><br \/>\n1 - 4<\/p>\n<\/div>\n<\/div><\/div><\/div><div id=\"pgc-9439-0-1\"  class=\"panel-grid-cell\" ><div id=\"panel-9439-0-1-0\" class=\"so-panel widget widget_sow-editor panel-first-child panel-last-child\" data-index=\"1\" ><div\n\t\t\t\n\t\t\tclass=\"so-widget-sow-editor so-widget-sow-editor-base\"\n\t\t\t\n\t\t>\n<div class=\"siteorigin-widget-tinymce textwidget\">\n\t<p style=\"text-align: center;\"><strong>Dur\u00e9e moyenne :<\/strong><br \/>\n45 min<\/p>\n<\/div>\n<\/div><\/div><\/div><div id=\"pgc-9439-0-2\"  class=\"panel-grid-cell\" ><div id=\"panel-9439-0-2-0\" class=\"so-panel widget widget_sow-editor panel-first-child panel-last-child\" data-index=\"2\" ><div\n\t\t\t\n\t\t\tclass=\"so-widget-sow-editor so-widget-sow-editor-base\"\n\t\t\t\n\t\t>\n<div class=\"siteorigin-widget-tinymce textwidget\">\n\t<p style=\"text-align: center;\"><strong>Age :<\/strong><br \/>\n14 ans et plus<\/p>\n<\/div>\n<\/div><\/div><\/div><\/div><div id=\"pg-9439-1\"  class=\"panel-grid panel-no-style\" ><div id=\"pgc-9439-1-0\"  class=\"panel-grid-cell\" ><div id=\"panel-9439-1-0-0\" class=\"so-panel widget widget_sow-editor panel-first-child panel-last-child\" data-index=\"3\" ><div\n\t\t\t\n\t\t\tclass=\"so-widget-sow-editor so-widget-sow-editor-base\"\n\t\t\t\n\t\t>\n<div class=\"siteorigin-widget-tinymce textwidget\">\n\t<p style=\"text-align: center;\"><strong>Auteur(s) :<br \/>\n<\/strong>Scott Almes<\/p>\n<\/div>\n<\/div><\/div><\/div><div id=\"pgc-9439-1-1\"  class=\"panel-grid-cell\" ><div id=\"panel-9439-1-1-0\" class=\"so-panel widget widget_sow-editor panel-first-child panel-last-child\" data-index=\"4\" ><div\n\t\t\t\n\t\t\tclass=\"so-widget-sow-editor so-widget-sow-editor-base\"\n\t\t\t\n\t\t>\n<div class=\"siteorigin-widget-tinymce textwidget\">\n\t<p style=\"text-align: center;\"><strong>Illustrations :<\/strong><br \/>\nFelix Wermke<br \/>\nNikoletta Vaszi<br \/>\nIan Rosenthaler<br \/>\nChip Cole<\/p>\n<\/div>\n<\/div><\/div><\/div><div id=\"pgc-9439-1-2\"  class=\"panel-grid-cell\" ><div id=\"panel-9439-1-2-0\" class=\"so-panel widget widget_sow-editor panel-first-child panel-last-child\" data-index=\"5\" ><div\n\t\t\t\n\t\t\tclass=\"so-widget-sow-editor so-widget-sow-editor-base\"\n\t\t\t\n\t\t>\n<div class=\"siteorigin-widget-tinymce textwidget\">\n\t<p style=\"text-align: center;\"><strong>\u00c9dition :<\/strong><br \/>\nPixie Games<br \/>\n2021<\/p>\n<\/div>\n<\/div><\/div><\/div><div id=\"pgc-9439-1-3\"  class=\"panel-grid-cell\" ><div id=\"panel-9439-1-3-0\" class=\"so-panel widget widget_sow-editor panel-first-child panel-last-child\" data-index=\"6\" ><div\n\t\t\t\n\t\t\tclass=\"so-widget-sow-editor so-widget-sow-editor-base\"\n\t\t\t\n\t\t>\n<div class=\"siteorigin-widget-tinymce textwidget\">\n\t<p style=\"text-align: center;\"><strong>Version :<\/strong><br \/>\nFran\u00e7aise<\/p>\n<\/div>\n<\/div><\/div><\/div><\/div><div id=\"pg-9439-2\"  class=\"panel-grid panel-no-style\" ><div id=\"pgc-9439-2-0\"  class=\"panel-grid-cell\" ><div id=\"panel-9439-2-0-0\" class=\"so-panel widget widget_sow-editor panel-first-child panel-last-child\" data-index=\"7\" ><div\n\t\t\t\n\t\t\tclass=\"so-widget-sow-editor so-widget-sow-editor-base\"\n\t\t\t\n\t\t>\n<div class=\"siteorigin-widget-tinymce textwidget\">\n\t<hr \/>\n<p>Vous voici \u00e0 la barre d'un c\u00e9l\u00e8bre navire pirate \u00e0 la grande \u00e9poque o\u00f9 de tels vaisseaux sillonnaient les oc\u00e9ans.<br \/>\nMenez votre galion et son \u00e9quipage au travers des mers d\u00e9cha\u00een\u00e9es en qu\u00eate de gloire et de fortune. Pillez les colonies, n\u00e9gociez votre butin au march\u00e9 noir, recrutez des forbans pour votre \u00e9quipage et prenez soin d'\u00e9viter la Fr\u00e9gate Royale toujours aux aguets.<br \/>\nSoyez le premier \u00e0 enterrer 3 tr\u00e9sors et vous pourrez vous autoproclamer pirate le plus inf\u00e2me et le plus redout\u00e9 des 7 mers !<\/p>\n<\/div>\n<\/div><\/div><\/div><\/div><div id=\"pg-9439-3\"  class=\"panel-grid panel-no-style\" ><div id=\"pgc-9439-3-0\"  class=\"panel-grid-cell\" ><div id=\"panel-9439-3-0-0\" class=\"so-panel widget widget_sow-editor panel-first-child panel-last-child\" data-index=\"8\" ><div\n\t\t\t\n\t\t\tclass=\"so-widget-sow-editor so-widget-sow-editor-base\"\n\t\t\t\n\t\t>\n<div class=\"siteorigin-widget-tinymce textwidget\">\n\t<hr \/>\n<h3 style=\"text-align: center;\">En vid\u00e9o<\/h3>\n<\/div>\n<\/div><\/div><\/div><\/div><div id=\"pg-9439-4\"  class=\"panel-grid panel-no-style\" ><div id=\"pgc-9439-4-0\"  class=\"panel-grid-cell\" ><div id=\"panel-9439-4-0-0\" class=\"so-panel widget widget_sow-editor panel-first-child panel-last-child\" data-index=\"9\" ><div\n\t\t\t\n\t\t\tclass=\"so-widget-sow-editor so-widget-sow-editor-base\"\n\t\t\t\n\t\t>\n<div class=\"siteorigin-widget-tinymce textwidget\">\n\t<hr \/>\n<h3 style=\"text-align: center;\">Extension(s)<\/h3>\n<p style=\"text-align: center;\"><style type='text\/css' media='all'>#rt-tpg-container-2837818550 .read-more a{border-radius:px;}#rt-tpg-container-2837818550 .rt-img-holder img.rt-img-responsive,#rt-tpg-container-2837818550 .rt-img-holder,\n\t\t\t\t\t#rt-tpg-container-2837818550 .rt-post-overlay .post-img,\n\t\t\t\t\t#rt-tpg-container-2837818550 .post-sm .post-img,\n\t\t\t\t\t#rt-tpg-container-2837818550 .rt-post-grid .post-img,\n\t\t\t\t\t#rt-tpg-container-2837818550 .post-img img {border-radius:px;}#rt-tpg-container-2837818550 .layout9 .rt-holder h2.entry-title,\n\t\t\t\t\t#rt-tpg-container-2837818550 .layout9 .rt-holder h3.entry-title,\n\t\t\t\t\t#rt-tpg-container-2837818550 .layout9 .rt-holder h4.entry-title,\n\t\t\t\t\t#rt-tpg-container-2837818550 .layout9 .rt-holder h2.entry-title a,\n\t\t\t\t\t#rt-tpg-container-2837818550 .layout9 .rt-holder h3.entry-title a,\n\t\t\t\t\t#rt-tpg-container-2837818550 .layout9 .rt-holder h4.entry-title a,\n\t\t\t\t\t#rt-tpg-container-2837818550 .rt-holder .rt-woo-info h2 a,\n\t\t\t\t\t#rt-tpg-container-2837818550 .rt-holder .rt-woo-info h3 a,\n\t\t\t\t\t#rt-tpg-container-2837818550 .rt-holder .rt-woo-info h4 a,\n\t\t\t\t\t#rt-tpg-container-2837818550 .post-content .post-title,\n\t\t\t\t\t#rt-tpg-container-2837818550 .rt-post-grid .post-title,\n\t\t\t\t\t#rt-tpg-container-2837818550 .rt-post-grid .post-title a,\n\t\t\t\t\t#rt-tpg-container-2837818550 .post-content .post-title a,\n\t\t\t\t\t#rt-tpg-container-2837818550 .rt-holder .rt-woo-info h2,\n\t\t\t\t\t#rt-tpg-container-2837818550 .rt-holder .rt-woo-info h3,\n\t\t\t\t\t#rt-tpg-container-2837818550 .rt-holder .rt-woo-info h4{font-size:16px;line-height:26px;font-weight:normal;text-align:center;}#rt-tpg-container-2837818550 .post-grid-lg-style-1 .post-title,\n\t\t\t\t\t\t#rt-tpg-container-2837818550 .post-grid-lg-style-1 .post-title a,\n\t\t\t\t\t\t#rt-tpg-container-2837818550 .big-layout .post-title,\n\t\t\t\t\t\t#rt-tpg-container-2837818550 .big-layout .post-title a,\n\t\t\t\t\t\t#rt-tpg-container-2837818550 .post-grid-lg-style-1 .post-title,\n\t\t\t\t\t\t#rt-tpg-container-2837818550 .post-grid-lg-style-1 .post-title a {font-size:24px;line-height:34px;}<\/style><div class='rt-container-fluid rt-tpg-container tpg-shortcode-main-wrapper ' id='rt-tpg-container-2837818550'   data-layout='layout9' data-grid-style='even' data-desktop-col='3'  data-tab-col='2'  data-mobile-col='1' data-sc-id='9438'><div data-title='Loading ...' class='rt-row rt-content-loader   layout9 tpg-even '><div class=\"rt-col-md-4 rt-col-sm-6 rt-col-xs-12 even-grid-item rt-grid-item img_zoom_in\" data-id=\"9443\"><div class=\"rt-holder\"><div class='overlay'><a data-id='9443' class=' tpg-single-popup' href='https:\/\/meeplendice.net\/?page_id=9443'><img loading=\"lazy\" decoding=\"async\" width=\"350\" height=\"350\" src=\"https:\/\/meeplendice.net\/wp-content\/uploads\/2022\/01\/TEP_Amdiak.png\" class=\"rt-img-responsive \" alt=\"\" \/><\/a><\/div><div class='post-info'><h3 class=\"entry-title\"><a data-id=\"9443\" class=\" tpg-single-popup\" href=\"https:\/\/meeplendice.net\/?page_id=9443\">Curse of Amdiak<\/a><\/h3><div class='post-meta-user '><\/div><\/div><\/div><\/div><\/div><div class='rt-pagination-wrap' data-total-pages='1' data-posts-per-page='3' data-type='pagination_ajax'  ><div class='rt-page-numbers'><\/div><\/div><\/div><\/p>\n<\/div>\n<\/div><\/div><\/div><\/div><div id=\"pg-9439-5\"  class=\"panel-grid panel-no-style\" ><div id=\"pgc-9439-5-0\"  class=\"panel-grid-cell\" ><div id=\"panel-9439-5-0-0\" class=\"so-panel widget widget_sow-editor panel-first-child panel-last-child\" data-index=\"10\" ><div\n\t\t\t\n\t\t\tclass=\"so-widget-sow-editor so-widget-sow-editor-base\"\n\t\t\t\n\t\t>\n<div class=\"siteorigin-widget-tinymce textwidget\">\n\t<hr \/>\n<h3 style=\"text-align: center;\">Pour aller plus loin<\/h3>\n<p style=\"text-align: center;\">\n<\/div>\n<\/div><\/div><\/div><\/div><\/div>","protected":false},"excerpt":{"rendered":"<p>Nombre de joueurs : 1 &#8211; 4 Dur\u00e9e moyenne : 45 min Age : 14 ans et plus Auteur(s) : Scott Almes Illustrations : Felix Wermke Nikoletta Vaszi Ian Rosenthaler Chip Cole \u00c9dition : Pixie Games 2021 Version : Fran\u00e7aise<\/p>\n","protected":false},"author":2,"featured_media":9019,"parent":0,"menu_order":0,"comment_status":"closed","ping_status":"closed","template":"","meta":{"footnotes":""},"class_list":["post-9439","page","type-page","status-publish","has-post-thumbnail","hentry"],"acf":[],"rttpg_featured_image_url":{"full":["https:\/\/meeplendice.net\/wp-content\/uploads\/2022\/01\/Tinyepicpirates.png",350,350,false],"landscape":["https:\/\/meeplendice.net\/wp-content\/uploads\/2022\/01\/Tinyepicpirates.png",350,350,false],"portraits":["https:\/\/meeplendice.net\/wp-content\/uploads\/2022\/01\/Tinyepicpirates.png",350,350,false],"thumbnail":["https:\/\/meeplendice.net\/wp-content\/uploads\/2022\/01\/Tinyepicpirates-150x150.png",150,150,true],"medium":["https:\/\/meeplendice.net\/wp-content\/uploads\/2022\/01\/Tinyepicpirates-300x300.png",300,300,true],"large":["https:\/\/meeplendice.net\/wp-content\/uploads\/2022\/01\/Tinyepicpirates.png",350,350,false],"ug_big":["https:\/\/meeplendice.net\/wp-content\/uploads\/2022\/01\/Tinyepicpirates.png",350,350,false],"1536x1536":["https:\/\/meeplendice.net\/wp-content\/uploads\/2022\/01\/Tinyepicpirates.png",350,350,false],"2048x2048":["https:\/\/meeplendice.net\/wp-content\/uploads\/2022\/01\/Tinyepicpirates.png",350,350,false],"ashe-slider-grid-thumbnail":["https:\/\/meeplendice.net\/wp-content\/uploads\/2022\/01\/Tinyepicpirates.png",350,350,false],"ashe-full-thumbnail":["https:\/\/meeplendice.net\/wp-content\/uploads\/2022\/01\/Tinyepicpirates.png",350,350,false],"ashe-grid-thumbnail":["https:\/\/meeplendice.net\/wp-content\/uploads\/2022\/01\/Tinyepicpirates-350x330.png",350,330,true],"ashe-list-thumbnail":["https:\/\/meeplendice.net\/wp-content\/uploads\/2022\/01\/Tinyepicpirates-300x300.png",300,300,true],"ashe-single-navigation":["https:\/\/meeplendice.net\/wp-content\/uploads\/2022\/01\/Tinyepicpirates-75x75.png",75,75,true],"mailpoet_newsletter_max":["https:\/\/meeplendice.net\/wp-content\/uploads\/2022\/01\/Tinyepicpirates.png",350,350,false],"rpwe-thumbnail":["https:\/\/meeplendice.net\/wp-content\/uploads\/2022\/01\/Tinyepicpirates-45x45.png",45,45,true],"sow-carousel-default":["https:\/\/meeplendice.net\/wp-content\/uploads\/2022\/01\/Tinyepicpirates-272x182.png",272,182,true],"rt_custom":["https:\/\/meeplendice.net\/wp-content\/uploads\/2022\/01\/Tinyepicpirates.png",350,350,false]},"rttpg_author":{"display_name":"Karnby","author_link":"https:\/\/meeplendice.net\/?author=2"},"rttpg_comment":0,"rttpg_category":null,"rttpg_excerpt":"Nombre de joueurs : 1 - 4 Dur\u00e9e moyenne : 45 min Age : 14 ans et plus Auteur(s) : Scott Almes Illustrations : Felix Wermke Nikoletta Vaszi Ian Rosenthaler Chip Cole \u00c9dition : Pixie Games 2021 Version : Fran\u00e7aise","_links":{"self":[{"href":"https:\/\/meeplendice.net\/index.php?rest_route=\/wp\/v2\/pages\/9439","targetHints":{"allow":["GET"]}}],"collection":[{"href":"https:\/\/meeplendice.net\/index.php?rest_route=\/wp\/v2\/pages"}],"about":[{"href":"https:\/\/meeplendice.net\/index.php?rest_route=\/wp\/v2\/types\/page"}],"author":[{"embeddable":true,"href":"https:\/\/meeplendice.net\/index.php?rest_route=\/wp\/v2\/users\/2"}],"replies":[{"embeddable":true,"href":"https:\/\/meeplendice.net\/index.php?rest_route=%2Fwp%2Fv2%2Fcomments&post=9439"}],"version-history":[{"count":5,"href":"https:\/\/meeplendice.net\/index.php?rest_route=\/wp\/v2\/pages\/9439\/revisions"}],"predecessor-version":[{"id":11970,"href":"https:\/\/meeplendice.net\/index.php?rest_route=\/wp\/v2\/pages\/9439\/revisions\/11970"}],"wp:featuredmedia":[{"embeddable":true,"href":"https:\/\/meeplendice.net\/index.php?rest_route=\/wp\/v2\/media\/9019"}],"wp:attachment":[{"href":"https:\/\/meeplendice.net\/index.php?rest_route=%2Fwp%2Fv2%2Fmedia&parent=9439"}],"curies":[{"name":"wp","href":"https:\/\/api.w.org\/{rel}","templated":true}]}}