{"id":9761,"date":"2022-05-24T15:50:36","date_gmt":"2022-05-24T14:50:36","guid":{"rendered":"https:\/\/meeplendice.net\/?page_id=9761"},"modified":"2022-05-30T22:44:18","modified_gmt":"2022-05-30T21:44:18","slug":"bellfaire","status":"publish","type":"page","link":"https:\/\/meeplendice.net\/?page_id=9761","title":{"rendered":"Bellfaire"},"content":{"rendered":"<div>\n<p><em>Le roi organise un \u00e9v\u00e9nement d&rsquo;une ann\u00e9e sans pr\u00e9c\u00e9dent pour comm\u00e9morer le 100e anniversaire de la fondation d&rsquo;Everdell. Venez, venez tous \u00e0 Bellfaire !<\/em><\/p>\n<\/div>\n<p>Avec Bellfaire, vous pouvez inclure \u00e0 vos parties d\u2019Everdell de nombreux modules et \u00e9l\u00e9ments de jeu tels qu\u2019un plateau pour remplacer l\u2019Arbre \u00c9ternel, de nouveaux \u00c9v\u00e8nements Sp\u00e9ciaux, des couronnes de laurier comme r\u00e9compenses de fin de partie, des pouvoirs de joueurs uniques selon le type de Cr\u00e9ature, des r\u00e8gles pour 5-6 joueurs et bien plus encore !<\/p>\n","protected":false},"excerpt":{"rendered":"<p>Le roi organise un \u00e9v\u00e9nement d&rsquo;une ann\u00e9e sans pr\u00e9c\u00e9dent pour comm\u00e9morer le 100e anniversaire de la fondation d&rsquo;Everdell. Venez, venez tous \u00e0 Bellfaire ! Avec Bellfaire, vous pouvez inclure \u00e0 vos parties d\u2019Everdell de nombreux modules et \u00e9l\u00e9ments de jeu tels qu\u2019un plateau pour remplacer l\u2019Arbre \u00c9ternel, de nouveaux \u00c9v\u00e8nements Sp\u00e9ciaux, des couronnes de laurier comme r\u00e9compenses de fin de partie, des pouvoirs de joueurs uniques selon le type de Cr\u00e9ature, des r\u00e8gles pour 5-6 joueurs et bien plus encore !<\/p>\n","protected":false},"author":2,"featured_media":9732,"parent":8568,"menu_order":2,"comment_status":"closed","ping_status":"closed","template":"","meta":{"footnotes":""},"class_list":["post-9761","page","type-page","status-publish","has-post-thumbnail","hentry"],"acf":[],"rttpg_featured_image_url":{"full":["https:\/\/meeplendice.net\/wp-content\/uploads\/2022\/05\/Everdell_Bellfaire.png",350,350,false],"landscape":["https:\/\/meeplendice.net\/wp-content\/uploads\/2022\/05\/Everdell_Bellfaire.png",350,350,false],"portraits":["https:\/\/meeplendice.net\/wp-content\/uploads\/2022\/05\/Everdell_Bellfaire.png",350,350,false],"thumbnail":["https:\/\/meeplendice.net\/wp-content\/uploads\/2022\/05\/Everdell_Bellfaire-150x150.png",150,150,true],"medium":["https:\/\/meeplendice.net\/wp-content\/uploads\/2022\/05\/Everdell_Bellfaire-300x300.png",300,300,true],"large":["https:\/\/meeplendice.net\/wp-content\/uploads\/2022\/05\/Everdell_Bellfaire.png",350,350,false],"ug_big":["https:\/\/meeplendice.net\/wp-content\/uploads\/2022\/05\/Everdell_Bellfaire.png",350,350,false],"1536x1536":["https:\/\/meeplendice.net\/wp-content\/uploads\/2022\/05\/Everdell_Bellfaire.png",350,350,false],"2048x2048":["https:\/\/meeplendice.net\/wp-content\/uploads\/2022\/05\/Everdell_Bellfaire.png",350,350,false],"ashe-slider-grid-thumbnail":["https:\/\/meeplendice.net\/wp-content\/uploads\/2022\/05\/Everdell_Bellfaire.png",350,350,false],"ashe-full-thumbnail":["https:\/\/meeplendice.net\/wp-content\/uploads\/2022\/05\/Everdell_Bellfaire.png",350,350,false],"ashe-grid-thumbnail":["https:\/\/meeplendice.net\/wp-content\/uploads\/2022\/05\/Everdell_Bellfaire-350x330.png",350,330,true],"ashe-list-thumbnail":["https:\/\/meeplendice.net\/wp-content\/uploads\/2022\/05\/Everdell_Bellfaire-300x300.png",300,300,true],"ashe-single-navigation":["https:\/\/meeplendice.net\/wp-content\/uploads\/2022\/05\/Everdell_Bellfaire-75x75.png",75,75,true],"mailpoet_newsletter_max":["https:\/\/meeplendice.net\/wp-content\/uploads\/2022\/05\/Everdell_Bellfaire.png",350,350,false],"rpwe-thumbnail":["https:\/\/meeplendice.net\/wp-content\/uploads\/2022\/05\/Everdell_Bellfaire-45x45.png",45,45,true],"sow-carousel-default":["https:\/\/meeplendice.net\/wp-content\/uploads\/2022\/05\/Everdell_Bellfaire-272x182.png",272,182,true],"rt_custom":["https:\/\/meeplendice.net\/wp-content\/uploads\/2022\/05\/Everdell_Bellfaire.png",350,350,false]},"rttpg_author":{"display_name":"Karnby","author_link":"https:\/\/meeplendice.net\/?author=2"},"rttpg_comment":0,"rttpg_category":null,"rttpg_excerpt":"Le roi organise un \u00e9v\u00e9nement d&rsquo;une ann\u00e9e sans pr\u00e9c\u00e9dent pour comm\u00e9morer le 100e anniversaire de la fondation d&rsquo;Everdell. Venez, venez tous \u00e0 Bellfaire ! Avec Bellfaire, vous pouvez inclure \u00e0 vos parties d\u2019Everdell de nombreux modules et \u00e9l\u00e9ments de jeu tels qu\u2019un plateau pour remplacer l\u2019Arbre \u00c9ternel, de nouveaux \u00c9v\u00e8nements Sp\u00e9ciaux, des couronnes de laurier\u2026","_links":{"self":[{"href":"https:\/\/meeplendice.net\/index.php?rest_route=\/wp\/v2\/pages\/9761","targetHints":{"allow":["GET"]}}],"collection":[{"href":"https:\/\/meeplendice.net\/index.php?rest_route=\/wp\/v2\/pages"}],"about":[{"href":"https:\/\/meeplendice.net\/index.php?rest_route=\/wp\/v2\/types\/page"}],"author":[{"embeddable":true,"href":"https:\/\/meeplendice.net\/index.php?rest_route=\/wp\/v2\/users\/2"}],"replies":[{"embeddable":true,"href":"https:\/\/meeplendice.net\/index.php?rest_route=%2Fwp%2Fv2%2Fcomments&post=9761"}],"version-history":[{"count":3,"href":"https:\/\/meeplendice.net\/index.php?rest_route=\/wp\/v2\/pages\/9761\/revisions"}],"predecessor-version":[{"id":9907,"href":"https:\/\/meeplendice.net\/index.php?rest_route=\/wp\/v2\/pages\/9761\/revisions\/9907"}],"up":[{"embeddable":true,"href":"https:\/\/meeplendice.net\/index.php?rest_route=\/wp\/v2\/pages\/8568"}],"wp:featuredmedia":[{"embeddable":true,"href":"https:\/\/meeplendice.net\/index.php?rest_route=\/wp\/v2\/media\/9732"}],"wp:attachment":[{"href":"https:\/\/meeplendice.net\/index.php?rest_route=%2Fwp%2Fv2%2Fmedia&parent=9761"}],"curies":[{"name":"wp","href":"https:\/\/api.w.org\/{rel}","templated":true}]}}