{"id":9860,"date":"2022-05-30T14:07:22","date_gmt":"2022-05-30T13:07:22","guid":{"rendered":"https:\/\/meeplendice.net\/?page_id=9860"},"modified":"2022-07-22T10:38:42","modified_gmt":"2022-07-22T09:38:42","slug":"champ-dhonneur","status":"publish","type":"page","link":"https:\/\/meeplendice.net\/?page_id=9860","title":{"rendered":"Champ d&rsquo;Honneur"},"content":{"rendered":"<div id=\"pl-9860\"  class=\"panel-layout\" ><div id=\"pg-9860-0\"  class=\"panel-grid panel-no-style\" ><div id=\"pgc-9860-0-0\"  class=\"panel-grid-cell\" ><div id=\"panel-9860-0-0-0\" class=\"so-panel widget widget_sow-editor panel-first-child panel-last-child\" data-index=\"0\" ><div\n\t\t\t\n\t\t\tclass=\"so-widget-sow-editor so-widget-sow-editor-base\"\n\t\t\t\n\t\t>\n<div class=\"siteorigin-widget-tinymce textwidget\">\n\t<p style=\"text-align: center;\"><strong>Nombre de joueurs :<\/strong><br \/>\n2 - 4<\/p>\n<\/div>\n<\/div><\/div><\/div><div id=\"pgc-9860-0-1\"  class=\"panel-grid-cell\" ><div id=\"panel-9860-0-1-0\" class=\"so-panel widget widget_sow-editor panel-first-child panel-last-child\" data-index=\"1\" ><div\n\t\t\t\n\t\t\tclass=\"so-widget-sow-editor so-widget-sow-editor-base\"\n\t\t\t\n\t\t>\n<div class=\"siteorigin-widget-tinymce textwidget\">\n\t<p style=\"text-align: center;\"><strong>Dur\u00e9e moyenne :<\/strong><br \/>\n45 min<\/p>\n<\/div>\n<\/div><\/div><\/div><div id=\"pgc-9860-0-2\"  class=\"panel-grid-cell\" ><div id=\"panel-9860-0-2-0\" class=\"so-panel widget widget_sow-editor panel-first-child panel-last-child\" data-index=\"2\" ><div\n\t\t\t\n\t\t\tclass=\"so-widget-sow-editor so-widget-sow-editor-base\"\n\t\t\t\n\t\t>\n<div class=\"siteorigin-widget-tinymce textwidget\">\n\t<p style=\"text-align: center;\"><strong>Age :<\/strong><br \/>\n14 ans et plus<\/p>\n<\/div>\n<\/div><\/div><\/div><\/div><div id=\"pg-9860-1\"  class=\"panel-grid panel-no-style\" ><div id=\"pgc-9860-1-0\"  class=\"panel-grid-cell\" ><div id=\"panel-9860-1-0-0\" class=\"so-panel widget widget_sow-editor panel-first-child panel-last-child\" data-index=\"3\" ><div\n\t\t\t\n\t\t\tclass=\"so-widget-sow-editor so-widget-sow-editor-base\"\n\t\t\t\n\t\t>\n<div class=\"siteorigin-widget-tinymce textwidget\">\n\t<p style=\"text-align: center;\"><strong>Auteur(s) :<br \/>\n<\/strong>Trevor Benjamin<br \/>\nDavid Thompson<\/p>\n<\/div>\n<\/div><\/div><\/div><div id=\"pgc-9860-1-1\"  class=\"panel-grid-cell\" ><div id=\"panel-9860-1-1-0\" class=\"so-panel widget widget_sow-editor panel-first-child panel-last-child\" data-index=\"4\" ><div\n\t\t\t\n\t\t\tclass=\"so-widget-sow-editor so-widget-sow-editor-base\"\n\t\t\t\n\t\t>\n<div class=\"siteorigin-widget-tinymce textwidget\">\n\t<p style=\"text-align: center;\"><strong>Illustrations :<\/strong><br \/>\nTodd Rowland<br \/>\nBrigette Indelicato<\/p>\n<\/div>\n<\/div><\/div><\/div><div id=\"pgc-9860-1-2\"  class=\"panel-grid-cell\" ><div id=\"panel-9860-1-2-0\" class=\"so-panel widget widget_sow-editor panel-first-child panel-last-child\" data-index=\"5\" ><div\n\t\t\t\n\t\t\tclass=\"so-widget-sow-editor so-widget-sow-editor-base\"\n\t\t\t\n\t\t>\n<div class=\"siteorigin-widget-tinymce textwidget\">\n\t<p style=\"text-align: center;\"><strong>\u00c9dition :<br \/>\n<\/strong>Gigamic<br \/>\n2020<\/p>\n<\/div>\n<\/div><\/div><\/div><div id=\"pgc-9860-1-3\"  class=\"panel-grid-cell\" ><div id=\"panel-9860-1-3-0\" class=\"so-panel widget widget_sow-editor panel-first-child panel-last-child\" data-index=\"6\" ><div\n\t\t\t\n\t\t\tclass=\"so-widget-sow-editor so-widget-sow-editor-base\"\n\t\t\t\n\t\t>\n<div class=\"siteorigin-widget-tinymce textwidget\">\n\t<p style=\"text-align: center;\"><strong>Version :<\/strong><br \/>\nFran\u00e7aise<\/p>\n<\/div>\n<\/div><\/div><\/div><\/div><div id=\"pg-9860-2\"  class=\"panel-grid panel-no-style\" ><div id=\"pgc-9860-2-0\"  class=\"panel-grid-cell\" ><div id=\"panel-9860-2-0-0\" class=\"so-panel widget widget_sow-editor panel-first-child panel-last-child\" data-index=\"7\" ><div\n\t\t\t\n\t\t\tclass=\"so-widget-sow-editor so-widget-sow-editor-base\"\n\t\t\t\n\t\t>\n<div class=\"siteorigin-widget-tinymce textwidget\">\n\t<hr \/>\n<p><em>Vous incarnez un chef de guerre m\u00e9di\u00e9val qui cherche \u00e0 prendre le contr\u00f4le de territoires convoit\u00e9s.<\/em><\/p>\n<p>Pour y parvenir, vous devez non seulement diriger au mieux votre arm\u00e9e sur le terrain, mais aussi g\u00e9rer vos unit\u00e9s de r\u00e9serve. Lors de chaque manche, vous piochez 3 pi\u00e8ces Unit\u00e9 dans votre sac. Chaque pi\u00e8ce repr\u00e9sente une unit\u00e9 militaire c\u00f4t\u00e9 face et vous permet d''effectuer l'une des nombreuses actions possibles. La partie s'arr\u00eate d\u00e8s qu'un joueur, ou une \u00e9quipe lors d'une partie \u00e0 4 joueurs, a plac\u00e9 tous ses marqueurs Contr\u00f4le.<br \/>\nCe joueur ou cette \u00e9quipe remporte la victoire !<\/p>\n<\/div>\n<\/div><\/div><\/div><\/div><div id=\"pg-9860-3\"  class=\"panel-grid panel-no-style\" ><div id=\"pgc-9860-3-0\"  class=\"panel-grid-cell\" ><div id=\"panel-9860-3-0-0\" class=\"so-panel widget widget_sow-editor panel-first-child panel-last-child\" data-index=\"8\" ><div\n\t\t\t\n\t\t\tclass=\"so-widget-sow-editor so-widget-sow-editor-base\"\n\t\t\t\n\t\t>\n<div class=\"siteorigin-widget-tinymce textwidget\">\n\t<hr \/>\n<h3 style=\"text-align: center;\">En vid\u00e9o<\/h3>\n<p><a href=\"https:\/\/www.youtube.com\/embed\/OYxpPOuGe6o\" target=\"_blank\" rel=\"noopener\"><img loading=\"lazy\" decoding=\"async\" class=\"alignnone size-full wp-image-9090\" src=\"https:\/\/meeplendice.net\/wp-content\/uploads\/2022\/01\/Link_CJ_v2.png\" alt=\"\" width=\"200\" height=\"170\" \/><\/a><\/p>\n<\/div>\n<\/div><\/div><\/div><\/div><div id=\"pg-9860-4\"  class=\"panel-grid panel-no-style\" ><div id=\"pgc-9860-4-0\"  class=\"panel-grid-cell\" ><div id=\"panel-9860-4-0-0\" class=\"so-panel widget widget_sow-editor panel-first-child panel-last-child\" data-index=\"9\" ><div\n\t\t\t\n\t\t\tclass=\"so-widget-sow-editor so-widget-sow-editor-base\"\n\t\t\t\n\t\t>\n<div class=\"siteorigin-widget-tinymce textwidget\">\n\t<hr \/>\n<h3 style=\"text-align: center;\">Extension(s)<\/h3>\n<style type='text\/css' media='all'>#rt-tpg-container-791211602 .read-more a{border-radius:px;}#rt-tpg-container-791211602 .rt-img-holder img.rt-img-responsive,#rt-tpg-container-791211602 .rt-img-holder,\n\t\t\t\t\t#rt-tpg-container-791211602 .rt-post-overlay .post-img,\n\t\t\t\t\t#rt-tpg-container-791211602 .post-sm .post-img,\n\t\t\t\t\t#rt-tpg-container-791211602 .rt-post-grid .post-img,\n\t\t\t\t\t#rt-tpg-container-791211602 .post-img img {border-radius:px;}#rt-tpg-container-791211602 .layout9 .rt-holder h2.entry-title,\n\t\t\t\t\t#rt-tpg-container-791211602 .layout9 .rt-holder h3.entry-title,\n\t\t\t\t\t#rt-tpg-container-791211602 .layout9 .rt-holder h4.entry-title,\n\t\t\t\t\t#rt-tpg-container-791211602 .layout9 .rt-holder h2.entry-title a,\n\t\t\t\t\t#rt-tpg-container-791211602 .layout9 .rt-holder h3.entry-title a,\n\t\t\t\t\t#rt-tpg-container-791211602 .layout9 .rt-holder h4.entry-title a,\n\t\t\t\t\t#rt-tpg-container-791211602 .rt-holder .rt-woo-info h2 a,\n\t\t\t\t\t#rt-tpg-container-791211602 .rt-holder .rt-woo-info h3 a,\n\t\t\t\t\t#rt-tpg-container-791211602 .rt-holder .rt-woo-info h4 a,\n\t\t\t\t\t#rt-tpg-container-791211602 .post-content .post-title,\n\t\t\t\t\t#rt-tpg-container-791211602 .rt-post-grid .post-title,\n\t\t\t\t\t#rt-tpg-container-791211602 .rt-post-grid .post-title a,\n\t\t\t\t\t#rt-tpg-container-791211602 .post-content .post-title a,\n\t\t\t\t\t#rt-tpg-container-791211602 .rt-holder .rt-woo-info h2,\n\t\t\t\t\t#rt-tpg-container-791211602 .rt-holder .rt-woo-info h3,\n\t\t\t\t\t#rt-tpg-container-791211602 .rt-holder .rt-woo-info h4{font-size:16px;line-height:26px;font-weight:normal;text-align:center;}#rt-tpg-container-791211602 .post-grid-lg-style-1 .post-title,\n\t\t\t\t\t\t#rt-tpg-container-791211602 .post-grid-lg-style-1 .post-title a,\n\t\t\t\t\t\t#rt-tpg-container-791211602 .big-layout .post-title,\n\t\t\t\t\t\t#rt-tpg-container-791211602 .big-layout .post-title a,\n\t\t\t\t\t\t#rt-tpg-container-791211602 .post-grid-lg-style-1 .post-title,\n\t\t\t\t\t\t#rt-tpg-container-791211602 .post-grid-lg-style-1 .post-title a {font-size:24px;line-height:34px;}<\/style><div class='rt-container-fluid rt-tpg-container tpg-shortcode-main-wrapper ' id='rt-tpg-container-791211602'   data-layout='layout9' data-grid-style='masonry' data-desktop-col='3'  data-tab-col='2'  data-mobile-col='1' data-sc-id='9888'><div data-title='Loading ...' class='rt-row rt-content-loader   layout9 tpg-masonry '><div class=\"rt-col-md-4 rt-col-sm-6 rt-col-xs-12 masonry-grid-item rt-grid-item img_zoom_in\" data-id=\"9885\"><div class=\"rt-holder\"><div class='overlay'><a data-id='9885' class=' tpg-single-popup' href='https:\/\/meeplendice.net\/?page_id=9885'><img loading=\"lazy\" decoding=\"async\" width=\"350\" height=\"350\" src=\"https:\/\/meeplendice.net\/wp-content\/uploads\/2022\/05\/CH_Noblesse.png\" class=\"rt-img-responsive \" alt=\"\" \/><\/a><\/div><div class='post-info'><h3 class=\"entry-title\"><a data-id=\"9885\" class=\" tpg-single-popup\" href=\"https:\/\/meeplendice.net\/?page_id=9885\">Noblesse<\/a><\/h3><div class='post-meta-user '><\/div><\/div><\/div><\/div><div class=\"rt-col-md-4 rt-col-sm-6 rt-col-xs-12 masonry-grid-item rt-grid-item img_zoom_in\" data-id=\"9890\"><div class=\"rt-holder\"><div class='overlay'><a data-id='9890' class=' tpg-single-popup' href='https:\/\/meeplendice.net\/?page_id=9890'><img loading=\"lazy\" decoding=\"async\" width=\"350\" height=\"350\" src=\"https:\/\/meeplendice.net\/wp-content\/uploads\/2022\/05\/CH_Siege.png\" class=\"rt-img-responsive \" alt=\"\" \/><\/a><\/div><div class='post-info'><h3 class=\"entry-title\"><a data-id=\"9890\" class=\" tpg-single-popup\" href=\"https:\/\/meeplendice.net\/?page_id=9890\">Si\u00e8ge<\/a><\/h3><div class='post-meta-user '><\/div><\/div><\/div><\/div><div class=\"rt-col-md-4 rt-col-sm-6 rt-col-xs-12 masonry-grid-item rt-grid-item img_zoom_in\" data-id=\"12427\"><div class=\"rt-holder\"><div class='overlay'><a data-id='12427' class=' tpg-single-popup' href='https:\/\/meeplendice.net\/?page_id=12427'><img loading=\"lazy\" decoding=\"async\" width=\"350\" height=\"350\" src=\"https:\/\/meeplendice.net\/wp-content\/uploads\/2024\/07\/CH_Felonie.png\" class=\"rt-img-responsive \" alt=\"\" \/><\/a><\/div><div class='post-info'><h3 class=\"entry-title\"><a data-id=\"12427\" class=\" tpg-single-popup\" href=\"https:\/\/meeplendice.net\/?page_id=12427\">F\u00e9lonie<\/a><\/h3><div class='post-meta-user '><\/div><\/div><\/div><\/div><\/div><div class='rt-pagination-wrap' data-total-pages='1' data-posts-per-page='3' data-type='pagination_ajax'  ><div class='rt-page-numbers'><\/div><\/div><\/div>\n<\/div>\n<\/div><\/div><\/div><\/div><div id=\"pg-9860-5\"  class=\"panel-grid panel-no-style\" ><div id=\"pgc-9860-5-0\"  class=\"panel-grid-cell\" ><div id=\"panel-9860-5-0-0\" class=\"so-panel widget widget_sow-editor panel-first-child panel-last-child\" data-index=\"10\" ><div\n\t\t\t\n\t\t\tclass=\"so-widget-sow-editor so-widget-sow-editor-base\"\n\t\t\t\n\t\t>\n<div class=\"siteorigin-widget-tinymce textwidget\">\n\t<hr \/>\n<h3 style=\"text-align: center;\">Pour aller plus loin<\/h3>\n<\/div>\n<\/div><\/div><\/div><\/div><\/div>","protected":false},"excerpt":{"rendered":"<p>Nombre de joueurs : 2 &#8211; 4 Dur\u00e9e moyenne : 45 min Age : 14 ans et plus Auteur(s) : Trevor Benjamin David Thompson Illustrations : Todd Rowland Brigette Indelicato \u00c9dition : Gigamic 2020 Version : Fran\u00e7aise<\/p>\n","protected":false},"author":2,"featured_media":10109,"parent":0,"menu_order":0,"comment_status":"closed","ping_status":"closed","template":"","meta":{"footnotes":""},"class_list":["post-9860","page","type-page","status-publish","has-post-thumbnail","hentry"],"acf":[],"rttpg_featured_image_url":{"full":["https:\/\/meeplendice.net\/wp-content\/uploads\/2022\/07\/ChampHonneur.png",350,350,false],"landscape":["https:\/\/meeplendice.net\/wp-content\/uploads\/2022\/07\/ChampHonneur.png",350,350,false],"portraits":["https:\/\/meeplendice.net\/wp-content\/uploads\/2022\/07\/ChampHonneur.png",350,350,false],"thumbnail":["https:\/\/meeplendice.net\/wp-content\/uploads\/2022\/07\/ChampHonneur-150x150.png",150,150,true],"medium":["https:\/\/meeplendice.net\/wp-content\/uploads\/2022\/07\/ChampHonneur-300x300.png",300,300,true],"large":["https:\/\/meeplendice.net\/wp-content\/uploads\/2022\/07\/ChampHonneur.png",350,350,false],"ug_big":["https:\/\/meeplendice.net\/wp-content\/uploads\/2022\/07\/ChampHonneur.png",350,350,false],"1536x1536":["https:\/\/meeplendice.net\/wp-content\/uploads\/2022\/07\/ChampHonneur.png",350,350,false],"2048x2048":["https:\/\/meeplendice.net\/wp-content\/uploads\/2022\/07\/ChampHonneur.png",350,350,false],"ashe-slider-grid-thumbnail":["https:\/\/meeplendice.net\/wp-content\/uploads\/2022\/07\/ChampHonneur.png",350,350,false],"ashe-full-thumbnail":["https:\/\/meeplendice.net\/wp-content\/uploads\/2022\/07\/ChampHonneur.png",350,350,false],"ashe-grid-thumbnail":["https:\/\/meeplendice.net\/wp-content\/uploads\/2022\/07\/ChampHonneur-350x330.png",350,330,true],"ashe-list-thumbnail":["https:\/\/meeplendice.net\/wp-content\/uploads\/2022\/07\/ChampHonneur-300x300.png",300,300,true],"ashe-single-navigation":["https:\/\/meeplendice.net\/wp-content\/uploads\/2022\/07\/ChampHonneur-75x75.png",75,75,true],"mailpoet_newsletter_max":["https:\/\/meeplendice.net\/wp-content\/uploads\/2022\/07\/ChampHonneur.png",350,350,false],"rpwe-thumbnail":["https:\/\/meeplendice.net\/wp-content\/uploads\/2022\/07\/ChampHonneur-45x45.png",45,45,true],"sow-carousel-default":["https:\/\/meeplendice.net\/wp-content\/uploads\/2022\/07\/ChampHonneur-272x182.png",272,182,true],"rt_custom":["https:\/\/meeplendice.net\/wp-content\/uploads\/2022\/07\/ChampHonneur.png",350,350,false]},"rttpg_author":{"display_name":"Karnby","author_link":"https:\/\/meeplendice.net\/?author=2"},"rttpg_comment":0,"rttpg_category":null,"rttpg_excerpt":"Nombre de joueurs : 2 - 4 Dur\u00e9e moyenne : 45 min Age : 14 ans et plus Auteur(s) : Trevor Benjamin David Thompson Illustrations : Todd Rowland Brigette Indelicato \u00c9dition : Gigamic 2020 Version : Fran\u00e7aise","_links":{"self":[{"href":"https:\/\/meeplendice.net\/index.php?rest_route=\/wp\/v2\/pages\/9860","targetHints":{"allow":["GET"]}}],"collection":[{"href":"https:\/\/meeplendice.net\/index.php?rest_route=\/wp\/v2\/pages"}],"about":[{"href":"https:\/\/meeplendice.net\/index.php?rest_route=\/wp\/v2\/types\/page"}],"author":[{"embeddable":true,"href":"https:\/\/meeplendice.net\/index.php?rest_route=\/wp\/v2\/users\/2"}],"replies":[{"embeddable":true,"href":"https:\/\/meeplendice.net\/index.php?rest_route=%2Fwp%2Fv2%2Fcomments&post=9860"}],"version-history":[{"count":9,"href":"https:\/\/meeplendice.net\/index.php?rest_route=\/wp\/v2\/pages\/9860\/revisions"}],"predecessor-version":[{"id":10110,"href":"https:\/\/meeplendice.net\/index.php?rest_route=\/wp\/v2\/pages\/9860\/revisions\/10110"}],"wp:featuredmedia":[{"embeddable":true,"href":"https:\/\/meeplendice.net\/index.php?rest_route=\/wp\/v2\/media\/10109"}],"wp:attachment":[{"href":"https:\/\/meeplendice.net\/index.php?rest_route=%2Fwp%2Fv2%2Fmedia&parent=9860"}],"curies":[{"name":"wp","href":"https:\/\/api.w.org\/{rel}","templated":true}]}}