{"id":9926,"date":"2022-05-31T14:01:30","date_gmt":"2022-05-31T13:01:30","guid":{"rendered":"https:\/\/meeplendice.net\/?page_id=9926"},"modified":"2022-05-31T20:21:22","modified_gmt":"2022-05-31T19:21:22","slug":"dune-betrayal","status":"publish","type":"page","link":"https:\/\/meeplendice.net\/?page_id=9926","title":{"rendered":"Dune : Betrayal"},"content":{"rendered":"<div id=\"pl-9926\"  class=\"panel-layout\" ><div id=\"pg-9926-0\"  class=\"panel-grid panel-no-style\" ><div id=\"pgc-9926-0-0\"  class=\"panel-grid-cell\" ><div id=\"panel-9926-0-0-0\" class=\"so-panel widget widget_sow-editor panel-first-child panel-last-child\" data-index=\"0\" ><div\n\t\t\t\n\t\t\tclass=\"so-widget-sow-editor so-widget-sow-editor-base\"\n\t\t\t\n\t\t>\n<div class=\"siteorigin-widget-tinymce textwidget\">\n\t<p style=\"text-align: center;\"><strong>Nombre de joueurs :<\/strong><br \/>\n4 - 8<\/p>\n<\/div>\n<\/div><\/div><\/div><div id=\"pgc-9926-0-1\"  class=\"panel-grid-cell\" ><div id=\"panel-9926-0-1-0\" class=\"so-panel widget widget_sow-editor panel-first-child panel-last-child\" data-index=\"1\" ><div\n\t\t\t\n\t\t\tclass=\"so-widget-sow-editor so-widget-sow-editor-base\"\n\t\t\t\n\t\t>\n<div class=\"siteorigin-widget-tinymce textwidget\">\n\t<p style=\"text-align: center;\"><strong>Dur\u00e9e moyenne :<\/strong><br \/>\n40 min<\/p>\n<\/div>\n<\/div><\/div><\/div><div id=\"pgc-9926-0-2\"  class=\"panel-grid-cell\" ><div id=\"panel-9926-0-2-0\" class=\"so-panel widget widget_sow-editor panel-first-child panel-last-child\" data-index=\"2\" ><div\n\t\t\t\n\t\t\tclass=\"so-widget-sow-editor so-widget-sow-editor-base\"\n\t\t\t\n\t\t>\n<div class=\"siteorigin-widget-tinymce textwidget\">\n\t<p style=\"text-align: center;\"><strong>Age :<\/strong><br \/>\n14 ans et plus<\/p>\n<\/div>\n<\/div><\/div><\/div><\/div><div id=\"pg-9926-1\"  class=\"panel-grid panel-no-style\" ><div id=\"pgc-9926-1-0\"  class=\"panel-grid-cell\" ><div id=\"panel-9926-1-0-0\" class=\"so-panel widget widget_sow-editor panel-first-child panel-last-child\" data-index=\"3\" ><div\n\t\t\t\n\t\t\tclass=\"so-widget-sow-editor so-widget-sow-editor-base\"\n\t\t\t\n\t\t>\n<div class=\"siteorigin-widget-tinymce textwidget\">\n\t<p style=\"text-align: center;\"><strong>Auteur(s) :<br \/>\n<\/strong>Don Eskridge<strong><br \/>\n<\/strong><\/p>\n<\/div>\n<\/div><\/div><\/div><div id=\"pgc-9926-1-1\"  class=\"panel-grid-cell\" ><div id=\"panel-9926-1-1-0\" class=\"so-panel widget widget_sow-editor panel-first-child panel-last-child\" data-index=\"4\" ><div\n\t\t\t\n\t\t\tclass=\"so-widget-sow-editor so-widget-sow-editor-base\"\n\t\t\t\n\t\t>\n<div class=\"siteorigin-widget-tinymce textwidget\">\n\t<p style=\"text-align: center;\"><strong>Illustrations :<\/strong><br \/>\nCasey Davies<\/p>\n<\/div>\n<\/div><\/div><\/div><div id=\"pgc-9926-1-2\"  class=\"panel-grid-cell\" ><div id=\"panel-9926-1-2-0\" class=\"so-panel widget widget_sow-editor panel-first-child panel-last-child\" data-index=\"5\" ><div\n\t\t\t\n\t\t\tclass=\"so-widget-sow-editor so-widget-sow-editor-base\"\n\t\t\t\n\t\t>\n<div class=\"siteorigin-widget-tinymce textwidget\">\n\t<p style=\"text-align: center;\"><strong>\u00c9dition :<\/strong><br \/>\nGale Force Nine<br \/>\n2021<\/p>\n<\/div>\n<\/div><\/div><\/div><div id=\"pgc-9926-1-3\"  class=\"panel-grid-cell\" ><div id=\"panel-9926-1-3-0\" class=\"so-panel widget widget_sow-editor panel-first-child panel-last-child\" data-index=\"6\" ><div\n\t\t\t\n\t\t\tclass=\"so-widget-sow-editor so-widget-sow-editor-base\"\n\t\t\t\n\t\t>\n<div class=\"siteorigin-widget-tinymce textwidget\">\n\t<p style=\"text-align: center;\"><strong>Version :<\/strong><br \/>\nFran\u00e7aise<\/p>\n<\/div>\n<\/div><\/div><\/div><\/div><div id=\"pg-9926-2\"  class=\"panel-grid panel-no-style\" ><div id=\"pgc-9926-2-0\"  class=\"panel-grid-cell\" ><div id=\"panel-9926-2-0-0\" class=\"so-panel widget widget_sow-editor panel-first-child panel-last-child\" data-index=\"7\" ><div\n\t\t\t\n\t\t\tclass=\"so-widget-sow-editor so-widget-sow-editor-base\"\n\t\t\t\n\t\t>\n<div class=\"siteorigin-widget-tinymce textwidget\">\n\t<hr \/>\n<p><em>La maison Atr\u00e9ides sait que les Harkonnen vont bient\u00f4t attaquer Dune, et qu'ils ont envoy\u00e9 des agents pour infiltrer ses rangs. Qui croire ? A qui se fier ?<\/em><\/p>\n<p><em>Sondez vos alli\u00e9s - seront-ils vraiment de votre c\u00f4t\u00e9 quand les Harkonnen attaqueront ? D\u00e9couvrez les ennemis dissimul\u00e9s dans l'ombre, et soyez sur vos gardes. Le temps venu, qui d\u00e9fendrez-vous, et qui trahirez-vous ?<\/em><\/p>\n<p>Dans <em>Dune : Betrayal<\/em>, un jeu de tactique et de duplicit\u00e9, vous incarnez des agents d\u00e9ploy\u00e9s sur les sables de la plan\u00e8te Dune. Votre but est de trouver vos ennemis tout en prot\u00e9geant les nobles de votre maison.<br \/>\nUtilisez tous les moyens et outils \u00e0 votre disposition pour gagner en puissance et en connaissance.<\/p>\n<p>Soyez fut\u00e9, habile, et convaincant !!<br \/>\nDissimulez votre identit\u00e9 et devinez celles des autres joueurs.<\/p>\n<p>Lorsque la bataille finale surviendra, fiez-vous \u00e0 votre instinct.<br \/>\nQui d\u00e9fendrez-vous ? Qui trahirez-vous ?<\/p>\n<p>Le destin de Dune est entre vos mains... Que l'aventure commence !<\/p>\n<\/div>\n<\/div><\/div><\/div><\/div><div id=\"pg-9926-3\"  class=\"panel-grid panel-no-style\" ><div id=\"pgc-9926-3-0\"  class=\"panel-grid-cell\" ><div id=\"panel-9926-3-0-0\" class=\"so-panel widget widget_sow-editor panel-first-child panel-last-child\" data-index=\"8\" ><div\n\t\t\t\n\t\t\tclass=\"so-widget-sow-editor so-widget-sow-editor-base\"\n\t\t\t\n\t\t>\n<div class=\"siteorigin-widget-tinymce textwidget\">\n\t<hr \/>\n<h3 style=\"text-align: center;\">En vid\u00e9o<\/h3>\n<\/div>\n<\/div><\/div><\/div><\/div><div id=\"pg-9926-4\"  class=\"panel-grid panel-no-style\" ><div id=\"pgc-9926-4-0\"  class=\"panel-grid-cell\" ><div id=\"panel-9926-4-0-0\" class=\"so-panel widget widget_sow-editor panel-first-child panel-last-child\" data-index=\"9\" ><div\n\t\t\t\n\t\t\tclass=\"so-widget-sow-editor so-widget-sow-editor-base\"\n\t\t\t\n\t\t>\n<div class=\"siteorigin-widget-tinymce textwidget\">\n\t<hr \/>\n<h3 style=\"text-align: center;\">Pour aller plus loin<\/h3>\n<\/div>\n<\/div><\/div><\/div><\/div><\/div>","protected":false},"excerpt":{"rendered":"<p>Nombre de joueurs : 4 &#8211; 8 Dur\u00e9e moyenne : 40 min Age : 14 ans et plus Auteur(s) : Don Eskridge Illustrations : Casey Davies \u00c9dition : Gale Force Nine 2021 Version : Fran\u00e7aise<\/p>\n","protected":false},"author":2,"featured_media":9757,"parent":0,"menu_order":0,"comment_status":"closed","ping_status":"closed","template":"","meta":{"footnotes":""},"class_list":["post-9926","page","type-page","status-publish","has-post-thumbnail","hentry"],"acf":[],"rttpg_featured_image_url":{"full":["https:\/\/meeplendice.net\/wp-content\/uploads\/2022\/05\/Dune_Betrayal.png",350,350,false],"landscape":["https:\/\/meeplendice.net\/wp-content\/uploads\/2022\/05\/Dune_Betrayal.png",350,350,false],"portraits":["https:\/\/meeplendice.net\/wp-content\/uploads\/2022\/05\/Dune_Betrayal.png",350,350,false],"thumbnail":["https:\/\/meeplendice.net\/wp-content\/uploads\/2022\/05\/Dune_Betrayal-150x150.png",150,150,true],"medium":["https:\/\/meeplendice.net\/wp-content\/uploads\/2022\/05\/Dune_Betrayal-300x300.png",300,300,true],"large":["https:\/\/meeplendice.net\/wp-content\/uploads\/2022\/05\/Dune_Betrayal.png",350,350,false],"ug_big":["https:\/\/meeplendice.net\/wp-content\/uploads\/2022\/05\/Dune_Betrayal.png",350,350,false],"1536x1536":["https:\/\/meeplendice.net\/wp-content\/uploads\/2022\/05\/Dune_Betrayal.png",350,350,false],"2048x2048":["https:\/\/meeplendice.net\/wp-content\/uploads\/2022\/05\/Dune_Betrayal.png",350,350,false],"ashe-slider-grid-thumbnail":["https:\/\/meeplendice.net\/wp-content\/uploads\/2022\/05\/Dune_Betrayal.png",350,350,false],"ashe-full-thumbnail":["https:\/\/meeplendice.net\/wp-content\/uploads\/2022\/05\/Dune_Betrayal.png",350,350,false],"ashe-grid-thumbnail":["https:\/\/meeplendice.net\/wp-content\/uploads\/2022\/05\/Dune_Betrayal-350x330.png",350,330,true],"ashe-list-thumbnail":["https:\/\/meeplendice.net\/wp-content\/uploads\/2022\/05\/Dune_Betrayal-300x300.png",300,300,true],"ashe-single-navigation":["https:\/\/meeplendice.net\/wp-content\/uploads\/2022\/05\/Dune_Betrayal-75x75.png",75,75,true],"mailpoet_newsletter_max":["https:\/\/meeplendice.net\/wp-content\/uploads\/2022\/05\/Dune_Betrayal.png",350,350,false],"rpwe-thumbnail":["https:\/\/meeplendice.net\/wp-content\/uploads\/2022\/05\/Dune_Betrayal-45x45.png",45,45,true],"sow-carousel-default":["https:\/\/meeplendice.net\/wp-content\/uploads\/2022\/05\/Dune_Betrayal-272x182.png",272,182,true],"rt_custom":["https:\/\/meeplendice.net\/wp-content\/uploads\/2022\/05\/Dune_Betrayal.png",350,350,false]},"rttpg_author":{"display_name":"Karnby","author_link":"https:\/\/meeplendice.net\/?author=2"},"rttpg_comment":0,"rttpg_category":null,"rttpg_excerpt":"Nombre de joueurs : 4 - 8 Dur\u00e9e moyenne : 40 min Age : 14 ans et plus Auteur(s) : Don Eskridge Illustrations : Casey Davies \u00c9dition : Gale Force Nine 2021 Version : Fran\u00e7aise","_links":{"self":[{"href":"https:\/\/meeplendice.net\/index.php?rest_route=\/wp\/v2\/pages\/9926","targetHints":{"allow":["GET"]}}],"collection":[{"href":"https:\/\/meeplendice.net\/index.php?rest_route=\/wp\/v2\/pages"}],"about":[{"href":"https:\/\/meeplendice.net\/index.php?rest_route=\/wp\/v2\/types\/page"}],"author":[{"embeddable":true,"href":"https:\/\/meeplendice.net\/index.php?rest_route=\/wp\/v2\/users\/2"}],"replies":[{"embeddable":true,"href":"https:\/\/meeplendice.net\/index.php?rest_route=%2Fwp%2Fv2%2Fcomments&post=9926"}],"version-history":[{"count":7,"href":"https:\/\/meeplendice.net\/index.php?rest_route=\/wp\/v2\/pages\/9926\/revisions"}],"predecessor-version":[{"id":9945,"href":"https:\/\/meeplendice.net\/index.php?rest_route=\/wp\/v2\/pages\/9926\/revisions\/9945"}],"wp:featuredmedia":[{"embeddable":true,"href":"https:\/\/meeplendice.net\/index.php?rest_route=\/wp\/v2\/media\/9757"}],"wp:attachment":[{"href":"https:\/\/meeplendice.net\/index.php?rest_route=%2Fwp%2Fv2%2Fmedia&parent=9926"}],"curies":[{"name":"wp","href":"https:\/\/api.w.org\/{rel}","templated":true}]}}