{"id":9956,"date":"2022-06-03T09:43:56","date_gmt":"2022-06-03T08:43:56","guid":{"rendered":"https:\/\/meeplendice.net\/?page_id=9956"},"modified":"2022-07-18T10:26:26","modified_gmt":"2022-07-18T09:26:26","slug":"hollywood-racers","status":"publish","type":"page","link":"https:\/\/meeplendice.net\/?page_id=9956","title":{"rendered":"Hollywood Racers"},"content":{"rendered":"<div id=\"pl-9956\"  class=\"panel-layout\" ><div id=\"pg-9956-0\"  class=\"panel-grid panel-no-style\" ><div id=\"pgc-9956-0-0\"  class=\"panel-grid-cell\" ><div id=\"panel-9956-0-0-0\" class=\"so-panel widget widget_sow-editor panel-first-child panel-last-child\" data-index=\"0\" ><div\n\t\t\t\n\t\t\tclass=\"so-widget-sow-editor so-widget-sow-editor-base\"\n\t\t\t\n\t\t>\n<div class=\"siteorigin-widget-tinymce textwidget\">\n\t<p style=\"text-align: center;\"><strong>Nombre de joueurs :<\/strong><br \/>\n2 - 5<\/p>\n<\/div>\n<\/div><\/div><\/div><div id=\"pgc-9956-0-1\"  class=\"panel-grid-cell\" ><div id=\"panel-9956-0-1-0\" class=\"so-panel widget widget_sow-editor panel-first-child panel-last-child\" data-index=\"1\" ><div\n\t\t\t\n\t\t\tclass=\"so-widget-sow-editor so-widget-sow-editor-base\"\n\t\t\t\n\t\t>\n<div class=\"siteorigin-widget-tinymce textwidget\">\n\t<p style=\"text-align: center;\"><strong>Dur\u00e9e moyenne :<\/strong><br \/>\n60 min<\/p>\n<\/div>\n<\/div><\/div><\/div><div id=\"pgc-9956-0-2\"  class=\"panel-grid-cell\" ><div id=\"panel-9956-0-2-0\" class=\"so-panel widget widget_sow-editor panel-first-child panel-last-child\" data-index=\"2\" ><div\n\t\t\t\n\t\t\tclass=\"so-widget-sow-editor so-widget-sow-editor-base\"\n\t\t\t\n\t\t>\n<div class=\"siteorigin-widget-tinymce textwidget\">\n\t<p style=\"text-align: center;\"><strong>Age :<\/strong><br \/>\n8 ans et plus<\/p>\n<\/div>\n<\/div><\/div><\/div><\/div><div id=\"pg-9956-1\"  class=\"panel-grid panel-no-style\" ><div id=\"pgc-9956-1-0\"  class=\"panel-grid-cell\" ><div id=\"panel-9956-1-0-0\" class=\"so-panel widget widget_sow-editor panel-first-child panel-last-child\" data-index=\"3\" ><div\n\t\t\t\n\t\t\tclass=\"so-widget-sow-editor so-widget-sow-editor-base\"\n\t\t\t\n\t\t>\n<div class=\"siteorigin-widget-tinymce textwidget\">\n\t<p style=\"text-align: center;\"><strong>Auteur(s) :<br \/>\n<\/strong><span class=\"data-siloing\" title=\"D\u00e9couvrez tous ces jeux\" data-siloing=\"https:\/\/www.philibertnet.com\/fr\/recherche?feature=31&amp;feature_value=Phil Vizcarro\">Phil Vizcarro<\/span><\/p>\n<\/div>\n<\/div><\/div><\/div><div id=\"pgc-9956-1-1\"  class=\"panel-grid-cell\" ><div id=\"panel-9956-1-1-0\" class=\"so-panel widget widget_sow-editor panel-first-child panel-last-child\" data-index=\"4\" ><div\n\t\t\t\n\t\t\tclass=\"so-widget-sow-editor so-widget-sow-editor-base\"\n\t\t\t\n\t\t>\n<div class=\"siteorigin-widget-tinymce textwidget\">\n\t<p style=\"text-align: center;\"><strong>Illustrations :<\/strong><br \/>\n<span class=\"data-siloing\" title=\"D\u00e9couvrez tous ces jeux\" data-siloing=\"https:\/\/www.philibertnet.com\/fr\/recherche?feature=41&amp;feature_value=Antonio Vizcaino\">Antonio Vizcaino<br \/>\n<\/span><span class=\"data-siloing\" title=\"Voir tous les jeux\" data-siloing=\"https:\/\/www.philibertnet.com\/fr\/recherche?feature=41&amp;feature_value=Franck Barr\u00e9,\">Franck Barr<\/span><\/p>\n<\/div>\n<\/div><\/div><\/div><div id=\"pgc-9956-1-2\"  class=\"panel-grid-cell\" ><div id=\"panel-9956-1-2-0\" class=\"so-panel widget widget_sow-editor panel-first-child panel-last-child\" data-index=\"5\" ><div\n\t\t\t\n\t\t\tclass=\"so-widget-sow-editor so-widget-sow-editor-base\"\n\t\t\t\n\t\t>\n<div class=\"siteorigin-widget-tinymce textwidget\">\n\t<p style=\"text-align: center;\"><strong>\u00c9dition :<br \/>\n<\/strong>Daedalus<br \/>\n2022<\/p>\n<\/div>\n<\/div><\/div><\/div><div id=\"pgc-9956-1-3\"  class=\"panel-grid-cell\" ><div id=\"panel-9956-1-3-0\" class=\"so-panel widget widget_sow-editor panel-first-child panel-last-child\" data-index=\"6\" ><div\n\t\t\t\n\t\t\tclass=\"so-widget-sow-editor so-widget-sow-editor-base\"\n\t\t\t\n\t\t>\n<div class=\"siteorigin-widget-tinymce textwidget\">\n\t<p style=\"text-align: center;\"><strong>Version :<\/strong><br \/>\nFran\u00e7aise<\/p>\n<\/div>\n<\/div><\/div><\/div><\/div><div id=\"pg-9956-2\"  class=\"panel-grid panel-no-style\" ><div id=\"pgc-9956-2-0\"  class=\"panel-grid-cell\" ><div id=\"panel-9956-2-0-0\" class=\"so-panel widget widget_sow-editor panel-first-child panel-last-child\" data-index=\"7\" ><div\n\t\t\t\n\t\t\tclass=\"so-widget-sow-editor so-widget-sow-editor-base\"\n\t\t\t\n\t\t>\n<div class=\"siteorigin-widget-tinymce textwidget\">\n\t<hr \/>\n<p><em>A la suite d'une pand\u00e9mie mondiale, les gouvernements du monde entier ont d\u00e9cid\u00e9 de supprimer toute forme d'art et de divertissement, jug\u00e9s nocifs et dangereux pour le peuple.<br \/>\n<\/em><em><br \/>\nLe cin\u00e9ma dor\u00e9navant interdit, Hollywood n'est plus qu'un no-man's land.<\/em><\/p>\n<p>Mais c'est sans compter sur l'esprit de r\u00e9volte d'un groupe de fous du volant, qui se retrouvent clandestinement dans un \u00e9norme studio de cin\u00e9ma, o\u00f9 ils se livrent \u00e0 des courses compl\u00e8tement dingues, parcourant plateau de film apr\u00e8s plateau de film, en qu\u00eate de gloire, d'objets utiles... et d'Effixium (surtout d'Effixium).\n<\/p>\n<p><em>Qui de ces \"Hollywood Racers\" remportera la course ultime ?<\/em><\/p>\n<section id=\"tab-description\" class=\"page-product-box r-tabs-panel r-tabs-state-active\">\n<div class=\"rte\">\n<div>\n<p>Choisissez votre v\u00e9hicule embl\u00e9matique de la pop culture des ann\u00e9es 80 et gagnez la course !<br \/>\nJouez des pilotes parodiques de personnages issus de la pop culture des ann\u00e9es 80, utilisez l\u2019Effixium pour activer leurs pouvoir sp\u00e9ciaux et menez votre \u00e9curie \u00e0 la victoire et faisant franchir la ligne d\u2019arriv\u00e9 \u00e0 vos 2 pilotes avant vos adversaires.<\/p>\n<\/div>\n<\/div>\n<\/section>\n<\/div>\n<\/div><\/div><\/div><\/div><div id=\"pg-9956-3\"  class=\"panel-grid panel-no-style\" ><div id=\"pgc-9956-3-0\"  class=\"panel-grid-cell\" ><div id=\"panel-9956-3-0-0\" class=\"so-panel widget widget_sow-editor panel-first-child panel-last-child\" data-index=\"8\" ><div\n\t\t\t\n\t\t\tclass=\"so-widget-sow-editor so-widget-sow-editor-base\"\n\t\t\t\n\t\t>\n<div class=\"siteorigin-widget-tinymce textwidget\">\n\t<hr \/>\n<h3 style=\"text-align: center;\">En vid\u00e9o<\/h3>\n<\/div>\n<\/div><\/div><\/div><\/div><div id=\"pg-9956-4\"  class=\"panel-grid panel-no-style\" ><div id=\"pgc-9956-4-0\"  class=\"panel-grid-cell\" ><div id=\"panel-9956-4-0-0\" class=\"so-panel widget widget_sow-editor panel-first-child panel-last-child\" data-index=\"9\" ><div\n\t\t\t\n\t\t\tclass=\"so-widget-sow-editor so-widget-sow-editor-base\"\n\t\t\t\n\t\t>\n<div class=\"siteorigin-widget-tinymce textwidget\">\n\t<hr \/>\n<h3 style=\"text-align: center;\">Extension(s)<\/h3>\n<style type='text\/css' media='all'>#rt-tpg-container-1708608703 .read-more a{border-radius:px;}#rt-tpg-container-1708608703 .rt-img-holder img.rt-img-responsive,#rt-tpg-container-1708608703 .rt-img-holder,\n\t\t\t\t\t#rt-tpg-container-1708608703 .rt-post-overlay .post-img,\n\t\t\t\t\t#rt-tpg-container-1708608703 .post-sm .post-img,\n\t\t\t\t\t#rt-tpg-container-1708608703 .rt-post-grid .post-img,\n\t\t\t\t\t#rt-tpg-container-1708608703 .post-img img {border-radius:px;}#rt-tpg-container-1708608703 .layout9 .rt-holder h2.entry-title,\n\t\t\t\t\t#rt-tpg-container-1708608703 .layout9 .rt-holder h3.entry-title,\n\t\t\t\t\t#rt-tpg-container-1708608703 .layout9 .rt-holder h4.entry-title,\n\t\t\t\t\t#rt-tpg-container-1708608703 .layout9 .rt-holder h2.entry-title a,\n\t\t\t\t\t#rt-tpg-container-1708608703 .layout9 .rt-holder h3.entry-title a,\n\t\t\t\t\t#rt-tpg-container-1708608703 .layout9 .rt-holder h4.entry-title a,\n\t\t\t\t\t#rt-tpg-container-1708608703 .rt-holder .rt-woo-info h2 a,\n\t\t\t\t\t#rt-tpg-container-1708608703 .rt-holder .rt-woo-info h3 a,\n\t\t\t\t\t#rt-tpg-container-1708608703 .rt-holder .rt-woo-info h4 a,\n\t\t\t\t\t#rt-tpg-container-1708608703 .post-content .post-title,\n\t\t\t\t\t#rt-tpg-container-1708608703 .rt-post-grid .post-title,\n\t\t\t\t\t#rt-tpg-container-1708608703 .rt-post-grid .post-title a,\n\t\t\t\t\t#rt-tpg-container-1708608703 .post-content .post-title a,\n\t\t\t\t\t#rt-tpg-container-1708608703 .rt-holder .rt-woo-info h2,\n\t\t\t\t\t#rt-tpg-container-1708608703 .rt-holder .rt-woo-info h3,\n\t\t\t\t\t#rt-tpg-container-1708608703 .rt-holder .rt-woo-info h4{font-size:16px;line-height:26px;font-weight:normal;text-align:center;}#rt-tpg-container-1708608703 .post-grid-lg-style-1 .post-title,\n\t\t\t\t\t\t#rt-tpg-container-1708608703 .post-grid-lg-style-1 .post-title a,\n\t\t\t\t\t\t#rt-tpg-container-1708608703 .big-layout .post-title,\n\t\t\t\t\t\t#rt-tpg-container-1708608703 .big-layout .post-title a,\n\t\t\t\t\t\t#rt-tpg-container-1708608703 .post-grid-lg-style-1 .post-title,\n\t\t\t\t\t\t#rt-tpg-container-1708608703 .post-grid-lg-style-1 .post-title a {font-size:24px;line-height:34px;}<\/style><div class='rt-container-fluid rt-tpg-container tpg-shortcode-main-wrapper ' id='rt-tpg-container-1708608703'   data-layout='layout9' data-grid-style='masonry' data-desktop-col='3'  data-tab-col='2'  data-mobile-col='1' data-sc-id='9962'><div data-title='Loading ...' class='rt-row rt-content-loader   layout9 tpg-masonry '><div class=\"rt-col-md-4 rt-col-sm-6 rt-col-xs-12 masonry-grid-item rt-grid-item img_zoom_in\" data-id=\"9959\"><div class=\"rt-holder\"><div class='overlay'><a data-id='9959' class=' tpg-single-popup' href='https:\/\/meeplendice.net\/?page_id=9959'><img loading=\"lazy\" decoding=\"async\" width=\"350\" height=\"350\" src=\"https:\/\/meeplendice.net\/wp-content\/uploads\/2022\/05\/HR_RotLA.png\" class=\"rt-img-responsive \" alt=\"\" \/><\/a><\/div><div class='post-info'><h3 class=\"entry-title\"><a data-id=\"9959\" class=\" tpg-single-popup\" href=\"https:\/\/meeplendice.net\/?page_id=9959\">Racers of The Lost Arena<\/a><\/h3><div class='post-meta-user '><\/div><\/div><\/div><\/div><\/div><div class='rt-pagination-wrap' data-total-pages='1' data-posts-per-page='3' data-type='pagination_ajax'  ><div class='rt-page-numbers'><\/div><\/div><\/div>\n<\/div>\n<\/div><\/div><\/div><\/div><div id=\"pg-9956-5\"  class=\"panel-grid panel-no-style\" ><div id=\"pgc-9956-5-0\"  class=\"panel-grid-cell\" ><div id=\"panel-9956-5-0-0\" class=\"so-panel widget widget_sow-editor panel-first-child panel-last-child\" data-index=\"10\" ><div\n\t\t\t\n\t\t\tclass=\"so-widget-sow-editor so-widget-sow-editor-base\"\n\t\t\t\n\t\t>\n<div class=\"siteorigin-widget-tinymce textwidget\">\n\t<hr \/>\n<h3 style=\"text-align: center;\">Pour aller plus loin<\/h3>\n<\/div>\n<\/div><\/div><\/div><\/div><\/div>","protected":false},"excerpt":{"rendered":"<p>Nombre de joueurs : 2 &#8211; 5 Dur\u00e9e moyenne : 60 min Age : 8 ans et plus Auteur(s) : Phil Vizcarro Illustrations : Antonio Vizcaino Franck Barr \u00c9dition : Daedalus 2022 Version : Fran\u00e7aise<\/p>\n","protected":false},"author":2,"featured_media":9748,"parent":0,"menu_order":0,"comment_status":"closed","ping_status":"closed","template":"","meta":{"footnotes":""},"class_list":["post-9956","page","type-page","status-publish","has-post-thumbnail","hentry"],"acf":[],"rttpg_featured_image_url":{"full":["https:\/\/meeplendice.net\/wp-content\/uploads\/2022\/05\/Hollywood_Racers.png",350,350,false],"landscape":["https:\/\/meeplendice.net\/wp-content\/uploads\/2022\/05\/Hollywood_Racers.png",350,350,false],"portraits":["https:\/\/meeplendice.net\/wp-content\/uploads\/2022\/05\/Hollywood_Racers.png",350,350,false],"thumbnail":["https:\/\/meeplendice.net\/wp-content\/uploads\/2022\/05\/Hollywood_Racers-150x150.png",150,150,true],"medium":["https:\/\/meeplendice.net\/wp-content\/uploads\/2022\/05\/Hollywood_Racers-300x300.png",300,300,true],"large":["https:\/\/meeplendice.net\/wp-content\/uploads\/2022\/05\/Hollywood_Racers.png",350,350,false],"ug_big":["https:\/\/meeplendice.net\/wp-content\/uploads\/2022\/05\/Hollywood_Racers.png",350,350,false],"1536x1536":["https:\/\/meeplendice.net\/wp-content\/uploads\/2022\/05\/Hollywood_Racers.png",350,350,false],"2048x2048":["https:\/\/meeplendice.net\/wp-content\/uploads\/2022\/05\/Hollywood_Racers.png",350,350,false],"ashe-slider-grid-thumbnail":["https:\/\/meeplendice.net\/wp-content\/uploads\/2022\/05\/Hollywood_Racers.png",350,350,false],"ashe-full-thumbnail":["https:\/\/meeplendice.net\/wp-content\/uploads\/2022\/05\/Hollywood_Racers.png",350,350,false],"ashe-grid-thumbnail":["https:\/\/meeplendice.net\/wp-content\/uploads\/2022\/05\/Hollywood_Racers-350x330.png",350,330,true],"ashe-list-thumbnail":["https:\/\/meeplendice.net\/wp-content\/uploads\/2022\/05\/Hollywood_Racers-300x300.png",300,300,true],"ashe-single-navigation":["https:\/\/meeplendice.net\/wp-content\/uploads\/2022\/05\/Hollywood_Racers-75x75.png",75,75,true],"mailpoet_newsletter_max":["https:\/\/meeplendice.net\/wp-content\/uploads\/2022\/05\/Hollywood_Racers.png",350,350,false],"rpwe-thumbnail":["https:\/\/meeplendice.net\/wp-content\/uploads\/2022\/05\/Hollywood_Racers-45x45.png",45,45,true],"sow-carousel-default":["https:\/\/meeplendice.net\/wp-content\/uploads\/2022\/05\/Hollywood_Racers-272x182.png",272,182,true],"rt_custom":["https:\/\/meeplendice.net\/wp-content\/uploads\/2022\/05\/Hollywood_Racers.png",350,350,false]},"rttpg_author":{"display_name":"Karnby","author_link":"https:\/\/meeplendice.net\/?author=2"},"rttpg_comment":0,"rttpg_category":null,"rttpg_excerpt":"Nombre de joueurs : 2 - 5 Dur\u00e9e moyenne : 60 min Age : 8 ans et plus Auteur(s) : Phil Vizcarro Illustrations : Antonio Vizcaino Franck Barr \u00c9dition : Daedalus 2022 Version : Fran\u00e7aise","_links":{"self":[{"href":"https:\/\/meeplendice.net\/index.php?rest_route=\/wp\/v2\/pages\/9956","targetHints":{"allow":["GET"]}}],"collection":[{"href":"https:\/\/meeplendice.net\/index.php?rest_route=\/wp\/v2\/pages"}],"about":[{"href":"https:\/\/meeplendice.net\/index.php?rest_route=\/wp\/v2\/types\/page"}],"author":[{"embeddable":true,"href":"https:\/\/meeplendice.net\/index.php?rest_route=\/wp\/v2\/users\/2"}],"replies":[{"embeddable":true,"href":"https:\/\/meeplendice.net\/index.php?rest_route=%2Fwp%2Fv2%2Fcomments&post=9956"}],"version-history":[{"count":5,"href":"https:\/\/meeplendice.net\/index.php?rest_route=\/wp\/v2\/pages\/9956\/revisions"}],"predecessor-version":[{"id":10100,"href":"https:\/\/meeplendice.net\/index.php?rest_route=\/wp\/v2\/pages\/9956\/revisions\/10100"}],"wp:featuredmedia":[{"embeddable":true,"href":"https:\/\/meeplendice.net\/index.php?rest_route=\/wp\/v2\/media\/9748"}],"wp:attachment":[{"href":"https:\/\/meeplendice.net\/index.php?rest_route=%2Fwp%2Fv2%2Fmedia&parent=9956"}],"curies":[{"name":"wp","href":"https:\/\/api.w.org\/{rel}","templated":true}]}}