{"id":9966,"date":"2022-06-03T10:12:09","date_gmt":"2022-06-03T09:12:09","guid":{"rendered":"https:\/\/meeplendice.net\/?page_id=9966"},"modified":"2022-07-03T17:31:56","modified_gmt":"2022-07-03T16:31:56","slug":"le-roi-des-12","status":"publish","type":"page","link":"https:\/\/meeplendice.net\/?page_id=9966","title":{"rendered":"Le Roi des 12"},"content":{"rendered":"<div id=\"pl-9966\"  class=\"panel-layout\" ><div id=\"pg-9966-0\"  class=\"panel-grid panel-no-style\" ><div id=\"pgc-9966-0-0\"  class=\"panel-grid-cell\" ><div id=\"panel-9966-0-0-0\" class=\"so-panel widget widget_sow-editor panel-first-child panel-last-child\" data-index=\"0\" ><div\n\t\t\t\n\t\t\tclass=\"so-widget-sow-editor so-widget-sow-editor-base\"\n\t\t\t\n\t\t>\n<div class=\"siteorigin-widget-tinymce textwidget\">\n\t<p style=\"text-align: center;\"><strong>Nombre de joueurs :<\/strong><br \/>\n2 - 4<\/p>\n<\/div>\n<\/div><\/div><\/div><div id=\"pgc-9966-0-1\"  class=\"panel-grid-cell\" ><div id=\"panel-9966-0-1-0\" class=\"so-panel widget widget_sow-editor panel-first-child panel-last-child\" data-index=\"1\" ><div\n\t\t\t\n\t\t\tclass=\"so-widget-sow-editor so-widget-sow-editor-base\"\n\t\t\t\n\t\t>\n<div class=\"siteorigin-widget-tinymce textwidget\">\n\t<p style=\"text-align: center;\"><strong>Dur\u00e9e moyenne :<\/strong><br \/>\n15 min<\/p>\n<\/div>\n<\/div><\/div><\/div><div id=\"pgc-9966-0-2\"  class=\"panel-grid-cell\" ><div id=\"panel-9966-0-2-0\" class=\"so-panel widget widget_sow-editor panel-first-child panel-last-child\" data-index=\"2\" ><div\n\t\t\t\n\t\t\tclass=\"so-widget-sow-editor so-widget-sow-editor-base\"\n\t\t\t\n\t\t>\n<div class=\"siteorigin-widget-tinymce textwidget\">\n\t<p style=\"text-align: center;\"><strong>Age :<\/strong><br \/>\n10 ans et plus<\/p>\n<\/div>\n<\/div><\/div><\/div><\/div><div id=\"pg-9966-1\"  class=\"panel-grid panel-no-style\" ><div id=\"pgc-9966-1-0\"  class=\"panel-grid-cell\" ><div id=\"panel-9966-1-0-0\" class=\"so-panel widget widget_sow-editor panel-first-child panel-last-child\" data-index=\"3\" ><div\n\t\t\t\n\t\t\tclass=\"so-widget-sow-editor so-widget-sow-editor-base\"\n\t\t\t\n\t\t>\n<div class=\"siteorigin-widget-tinymce textwidget\">\n\t<p style=\"text-align: center;\"><strong>Auteur(s) :<br \/>\n<\/strong>Rita Modl<\/p>\n<\/div>\n<\/div><\/div><\/div><div id=\"pgc-9966-1-1\"  class=\"panel-grid-cell\" ><div id=\"panel-9966-1-1-0\" class=\"so-panel widget widget_sow-editor panel-first-child panel-last-child\" data-index=\"4\" ><div\n\t\t\t\n\t\t\tclass=\"so-widget-sow-editor so-widget-sow-editor-base\"\n\t\t\t\n\t\t>\n<div class=\"siteorigin-widget-tinymce textwidget\">\n\t<p style=\"text-align: center;\"><strong>Illustrations :<br \/>\n<\/strong>Robin Lagofun<\/p>\n<\/div>\n<\/div><\/div><\/div><div id=\"pgc-9966-1-2\"  class=\"panel-grid-cell\" ><div id=\"panel-9966-1-2-0\" class=\"so-panel widget widget_sow-editor panel-first-child panel-last-child\" data-index=\"5\" ><div\n\t\t\t\n\t\t\tclass=\"so-widget-sow-editor so-widget-sow-editor-base\"\n\t\t\t\n\t\t>\n<div class=\"siteorigin-widget-tinymce textwidget\">\n\t<p style=\"text-align: center;\"><strong>\u00c9dition :<\/strong><br \/>\n<span class=\"data-siloing\" data-siloing=\"\n\n                                                            https:\/\/www.philibertnet.com\/fr\/1514_lucky-duck-games\n\n                            \">Lucky Duck Games <\/span><br \/>\n2020<\/p>\n<\/div>\n<\/div><\/div><\/div><div id=\"pgc-9966-1-3\"  class=\"panel-grid-cell\" ><div id=\"panel-9966-1-3-0\" class=\"so-panel widget widget_sow-editor panel-first-child panel-last-child\" data-index=\"6\" ><div\n\t\t\t\n\t\t\tclass=\"so-widget-sow-editor so-widget-sow-editor-base\"\n\t\t\t\n\t\t>\n<div class=\"siteorigin-widget-tinymce textwidget\">\n\t<p style=\"text-align: center;\"><strong>Version :<\/strong><br \/>\nFran\u00e7aise<\/p>\n<\/div>\n<\/div><\/div><\/div><\/div><div id=\"pg-9966-2\"  class=\"panel-grid panel-no-style\" ><div id=\"pgc-9966-2-0\"  class=\"panel-grid-cell\" ><div id=\"panel-9966-2-0-0\" class=\"so-panel widget widget_sow-editor panel-first-child panel-last-child\" data-index=\"7\" ><div\n\t\t\t\n\t\t\tclass=\"so-widget-sow-editor so-widget-sow-editor-base\"\n\t\t\t\n\t\t>\n<div class=\"siteorigin-widget-tinymce textwidget\">\n\t<hr \/>\n<p><em>Les Douze Royaumes ont besoin de vous ! <\/em><\/p>\n<p><em>Affrontez les autres pr\u00e9tendants au tr\u00f4ne gr\u00e2ce \u00e0 vos pierres \u00e0 douze faces ! La manipulation de ces pierres est un v\u00e9ritable art qu'il est impossible d'accomplir seul. Vous aurez besoin de soutien de nombreux \u00eatres originaires des Douze Royaumes, mais vos adversaires ne sont pas en reste lorsqu'il s'agit de solliciter leur aide.<br \/>\nSeul celui qui saura le plus habillement profiter de leurs pouvoirs, mais aussi pr\u00e9dire et contrecarrer les plans de ses adversaires, pourra s'emparer du tr\u00f4ne !.<\/em><\/p>\n<p>Dans <em>Le Roi des 12<\/em>, vous devrez faire preuve d'astuces, garder un visage impassible et saisir votre chance pour remporter la partie.<\/p>\n<p>Et n'oubliez pas : il n''y a qu'une seule sur le tr\u00f4ne.<\/p>\n<\/div>\n<\/div><\/div><\/div><\/div><div id=\"pg-9966-3\"  class=\"panel-grid panel-no-style\" ><div id=\"pgc-9966-3-0\"  class=\"panel-grid-cell\" ><div id=\"panel-9966-3-0-0\" class=\"so-panel widget widget_sow-editor panel-first-child panel-last-child\" data-index=\"8\" ><div\n\t\t\t\n\t\t\tclass=\"so-widget-sow-editor so-widget-sow-editor-base\"\n\t\t\t\n\t\t>\n<div class=\"siteorigin-widget-tinymce textwidget\">\n\t<hr \/>\n<h3 style=\"text-align: center;\">En vid\u00e9o<\/h3>\n<p><a href=\"https:\/\/www.youtube.com\/watch?v=JbUEU3ujFew&amp;ab_channel=UnMondedejeux\" target=\"_blank\" rel=\"noopener\"><img loading=\"lazy\" decoding=\"async\" class=\"alignnone size-full wp-image-9090\" src=\"https:\/\/meeplendice.net\/wp-content\/uploads\/2022\/01\/Link_CJ_v2.png\" alt=\"\" width=\"200\" height=\"170\" \/><\/a><\/p>\n<\/div>\n<\/div><\/div><\/div><\/div><div id=\"pg-9966-4\"  class=\"panel-grid panel-no-style\" ><div id=\"pgc-9966-4-0\"  class=\"panel-grid-cell\" ><div id=\"panel-9966-4-0-0\" class=\"so-panel widget widget_sow-editor panel-first-child panel-last-child\" data-index=\"9\" ><div\n\t\t\t\n\t\t\tclass=\"so-widget-sow-editor so-widget-sow-editor-base\"\n\t\t\t\n\t\t>\n<div class=\"siteorigin-widget-tinymce textwidget\">\n\t<hr \/>\n<h3 style=\"text-align: center;\">Extension(s)<\/h3>\n<style type='text\/css' media='all'>#rt-tpg-container-494009905 .read-more a{border-radius:px;}#rt-tpg-container-494009905 .rt-img-holder img.rt-img-responsive,#rt-tpg-container-494009905 .rt-img-holder,\n\t\t\t\t\t#rt-tpg-container-494009905 .rt-post-overlay .post-img,\n\t\t\t\t\t#rt-tpg-container-494009905 .post-sm .post-img,\n\t\t\t\t\t#rt-tpg-container-494009905 .rt-post-grid .post-img,\n\t\t\t\t\t#rt-tpg-container-494009905 .post-img img {border-radius:50px;}#rt-tpg-container-494009905 .layout9 .rt-holder h2.entry-title,\n\t\t\t\t\t#rt-tpg-container-494009905 .layout9 .rt-holder h3.entry-title,\n\t\t\t\t\t#rt-tpg-container-494009905 .layout9 .rt-holder h4.entry-title,\n\t\t\t\t\t#rt-tpg-container-494009905 .layout9 .rt-holder h2.entry-title a,\n\t\t\t\t\t#rt-tpg-container-494009905 .layout9 .rt-holder h3.entry-title a,\n\t\t\t\t\t#rt-tpg-container-494009905 .layout9 .rt-holder h4.entry-title a,\n\t\t\t\t\t#rt-tpg-container-494009905 .rt-holder .rt-woo-info h2 a,\n\t\t\t\t\t#rt-tpg-container-494009905 .rt-holder .rt-woo-info h3 a,\n\t\t\t\t\t#rt-tpg-container-494009905 .rt-holder .rt-woo-info h4 a,\n\t\t\t\t\t#rt-tpg-container-494009905 .post-content .post-title,\n\t\t\t\t\t#rt-tpg-container-494009905 .rt-post-grid .post-title,\n\t\t\t\t\t#rt-tpg-container-494009905 .rt-post-grid .post-title a,\n\t\t\t\t\t#rt-tpg-container-494009905 .post-content .post-title a,\n\t\t\t\t\t#rt-tpg-container-494009905 .rt-holder .rt-woo-info h2,\n\t\t\t\t\t#rt-tpg-container-494009905 .rt-holder .rt-woo-info h3,\n\t\t\t\t\t#rt-tpg-container-494009905 .rt-holder .rt-woo-info h4{font-weight:normal;text-align:center;}<\/style><div class='rt-container-fluid rt-tpg-container tpg-shortcode-main-wrapper ' id='rt-tpg-container-494009905'   data-layout='layout9' data-grid-style='masonry' data-desktop-col='3'  data-tab-col='2'  data-mobile-col='1' data-sc-id='9965'><div data-title='Loading ...' class='rt-row rt-content-loader   layout9 tpg-masonry '><div class=\"rt-col-md-4 rt-col-sm-6 rt-col-xs-12 masonry-grid-item rt-grid-item img_zoom_in\" data-id=\"9971\"><div class=\"rt-holder\"><div class='overlay'><a data-id='9971' class=' tpg-single-popup' href='https:\/\/meeplendice.net\/?page_id=9971'><img loading=\"lazy\" decoding=\"async\" width=\"350\" height=\"350\" src=\"https:\/\/meeplendice.net\/wp-content\/uploads\/2022\/05\/LR12_Miniextension.png\" class=\"rt-img-responsive \" alt=\"\" \/><\/a><\/div><div class='post-info'><h3 class=\"entry-title\"><a data-id=\"9971\" class=\" tpg-single-popup\" href=\"https:\/\/meeplendice.net\/?page_id=9971\">Mini extension personnages<\/a><\/h3><div class='post-meta-user '><\/div><\/div><\/div><\/div><\/div><div class='rt-pagination-wrap' data-total-pages='1' data-posts-per-page='3' data-type='pagination_ajax'  ><div class='rt-page-numbers'><\/div><\/div><\/div>\n<\/div>\n<\/div><\/div><\/div><\/div><div id=\"pg-9966-5\"  class=\"panel-grid panel-no-style\" ><div id=\"pgc-9966-5-0\"  class=\"panel-grid-cell\" ><div id=\"panel-9966-5-0-0\" class=\"so-panel widget widget_sow-editor panel-first-child panel-last-child\" data-index=\"10\" ><div\n\t\t\t\n\t\t\tclass=\"so-widget-sow-editor so-widget-sow-editor-base\"\n\t\t\t\n\t\t>\n<div class=\"siteorigin-widget-tinymce textwidget\">\n\t<hr \/>\n<h3 style=\"text-align: center;\">Pour aller plus loin<\/h3>\n<\/div>\n<\/div><\/div><\/div><\/div><\/div>","protected":false},"excerpt":{"rendered":"<p>Nombre de joueurs : 2 &#8211; 4 Dur\u00e9e moyenne : 15 min Age : 10 ans et plus Auteur(s) : Rita Modl Illustrations : Robin Lagofun \u00c9dition : Lucky Duck Games 2020 Version : Fran\u00e7aise<\/p>\n","protected":false},"author":2,"featured_media":9756,"parent":0,"menu_order":0,"comment_status":"closed","ping_status":"closed","template":"","meta":{"footnotes":""},"class_list":["post-9966","page","type-page","status-publish","has-post-thumbnail","hentry"],"acf":[],"rttpg_featured_image_url":{"full":["https:\/\/meeplendice.net\/wp-content\/uploads\/2022\/05\/Roides12.png",350,350,false],"landscape":["https:\/\/meeplendice.net\/wp-content\/uploads\/2022\/05\/Roides12.png",350,350,false],"portraits":["https:\/\/meeplendice.net\/wp-content\/uploads\/2022\/05\/Roides12.png",350,350,false],"thumbnail":["https:\/\/meeplendice.net\/wp-content\/uploads\/2022\/05\/Roides12-150x150.png",150,150,true],"medium":["https:\/\/meeplendice.net\/wp-content\/uploads\/2022\/05\/Roides12-300x300.png",300,300,true],"large":["https:\/\/meeplendice.net\/wp-content\/uploads\/2022\/05\/Roides12.png",350,350,false],"ug_big":["https:\/\/meeplendice.net\/wp-content\/uploads\/2022\/05\/Roides12.png",350,350,false],"1536x1536":["https:\/\/meeplendice.net\/wp-content\/uploads\/2022\/05\/Roides12.png",350,350,false],"2048x2048":["https:\/\/meeplendice.net\/wp-content\/uploads\/2022\/05\/Roides12.png",350,350,false],"ashe-slider-grid-thumbnail":["https:\/\/meeplendice.net\/wp-content\/uploads\/2022\/05\/Roides12.png",350,350,false],"ashe-full-thumbnail":["https:\/\/meeplendice.net\/wp-content\/uploads\/2022\/05\/Roides12.png",350,350,false],"ashe-grid-thumbnail":["https:\/\/meeplendice.net\/wp-content\/uploads\/2022\/05\/Roides12-350x330.png",350,330,true],"ashe-list-thumbnail":["https:\/\/meeplendice.net\/wp-content\/uploads\/2022\/05\/Roides12-300x300.png",300,300,true],"ashe-single-navigation":["https:\/\/meeplendice.net\/wp-content\/uploads\/2022\/05\/Roides12-75x75.png",75,75,true],"mailpoet_newsletter_max":["https:\/\/meeplendice.net\/wp-content\/uploads\/2022\/05\/Roides12.png",350,350,false],"rpwe-thumbnail":["https:\/\/meeplendice.net\/wp-content\/uploads\/2022\/05\/Roides12-45x45.png",45,45,true],"sow-carousel-default":["https:\/\/meeplendice.net\/wp-content\/uploads\/2022\/05\/Roides12-272x182.png",272,182,true],"rt_custom":["https:\/\/meeplendice.net\/wp-content\/uploads\/2022\/05\/Roides12.png",350,350,false]},"rttpg_author":{"display_name":"Karnby","author_link":"https:\/\/meeplendice.net\/?author=2"},"rttpg_comment":0,"rttpg_category":null,"rttpg_excerpt":"Nombre de joueurs : 2 - 4 Dur\u00e9e moyenne : 15 min Age : 10 ans et plus Auteur(s) : Rita Modl Illustrations : Robin Lagofun \u00c9dition : Lucky Duck Games 2020 Version : Fran\u00e7aise","_links":{"self":[{"href":"https:\/\/meeplendice.net\/index.php?rest_route=\/wp\/v2\/pages\/9966","targetHints":{"allow":["GET"]}}],"collection":[{"href":"https:\/\/meeplendice.net\/index.php?rest_route=\/wp\/v2\/pages"}],"about":[{"href":"https:\/\/meeplendice.net\/index.php?rest_route=\/wp\/v2\/types\/page"}],"author":[{"embeddable":true,"href":"https:\/\/meeplendice.net\/index.php?rest_route=\/wp\/v2\/users\/2"}],"replies":[{"embeddable":true,"href":"https:\/\/meeplendice.net\/index.php?rest_route=%2Fwp%2Fv2%2Fcomments&post=9966"}],"version-history":[{"count":7,"href":"https:\/\/meeplendice.net\/index.php?rest_route=\/wp\/v2\/pages\/9966\/revisions"}],"predecessor-version":[{"id":9969,"href":"https:\/\/meeplendice.net\/index.php?rest_route=\/wp\/v2\/pages\/9966\/revisions\/9969"}],"wp:featuredmedia":[{"embeddable":true,"href":"https:\/\/meeplendice.net\/index.php?rest_route=\/wp\/v2\/media\/9756"}],"wp:attachment":[{"href":"https:\/\/meeplendice.net\/index.php?rest_route=%2Fwp%2Fv2%2Fmedia&parent=9966"}],"curies":[{"name":"wp","href":"https:\/\/api.w.org\/{rel}","templated":true}]}}